-- Table structure for table `movementmanagedeleted`
--

CREATE TABLE `movementmanagedeleted` (
  `id` int(11) NOT NULL AUTO_INCREMENT,
  `operationname` varchar(256) CHARACTER SET utf8mb4 COLLATE utf8mb4_unicode_ci NOT NULL,
  `movementmanagedate` datetime NOT NULL,
  `userid` int(11) NOT NULL,
  `currentDo` varchar(256) CHARACTER SET utf8mb4 COLLATE utf8mb4_unicode_ci NOT NULL,
  `ip` varchar(35) NOT NULL,
  `mac` varchar(35) NOT NULL,
  `deviceType` varchar(10) NOT NULL,
  PRIMARY KEY (`id`)
) ENGINE=InnoDB DEFAULT CHARSET=utf8mb3 COLLATE=utf8mb3_general_ci;

--
-- Dumping data for table `movementmanagedeleted`
--


--
-- Table structure for table `newdbbackup`
--

CREATE TABLE `newdbbackup` (
  `backupid` int(11) NOT NULL AUTO_INCREMENT,
  `backupname` varchar(255) NOT NULL,
  `backupdate` datetime NOT NULL,
  PRIMARY KEY (`backupid`)
) ENGINE=InnoDB DEFAULT CHARSET=utf8mb3 COLLATE=utf8mb3_general_ci;

--
-- Dumping data for table `newdbbackup`
--


--
-- Table structure for table `newdbname`
--

CREATE TABLE `newdbname` (
  `newdbnameid` int(11) NOT NULL AUTO_INCREMENT,
  `dbname` varchar(255) NOT NULL,
  PRIMARY KEY (`newdbnameid`)
) ENGINE=InnoDB DEFAULT CHARSET=utf8mb3 COLLATE=utf8mb3_general_ci;

--
-- Dumping data for table `newdbname`
--


--
-- Table structure for table `notics`
--

CREATE TABLE `notics` (
  `noticesid` int(11) NOT NULL AUTO_INCREMENT,
  `productno` int(11) NOT NULL DEFAULT 0,
  `productnotsellno` int(11) NOT NULL DEFAULT 0,
  `kempilano` int(11) NOT NULL DEFAULT 0,
  `clientcheckno` int(11) NOT NULL DEFAULT 0,
  `suppliercheckno` int(11) NOT NULL DEFAULT 0,
  PRIMARY KEY (`noticesid`)
) ENGINE=InnoDB AUTO_INCREMENT=2 DEFAULT CHARSET=utf8mb3 COLLATE=utf8mb3_general_ci;

--
-- Dumping data for table `notics`
--

INSERT INTO `notics` VALUES
(1,1,192,0,0,0);

--
-- Table structure for table `offerpricebill`
--

CREATE TABLE `offerpricebill` (
  `id` int(11) NOT NULL AUTO_INCREMENT,
  `offerpricebillid` int(11) NOT NULL,
  `productid` int(11) NOT NULL,
  `productname` varchar(255) CHARACTER SET utf8mb4 COLLATE utf8mb4_unicode_ci DEFAULT NULL,
  `sellprice` decimal(10,2) NOT NULL,
  `prodescrption` text CHARACTER SET utf8mb4 COLLATE utf8mb4_unicode_ci NOT NULL,
  `pronumber` int(11) NOT NULL,
  `totalprice` decimal(10,2) NOT NULL,
  PRIMARY KEY (`id`)
) ENGINE=InnoDB DEFAULT CHARSET=latin1 COLLATE=latin1_swedish_ci;

--
-- Dumping data for table `offerpricebill`
--


--
-- Table structure for table `offerpricebillprop`
--

CREATE TABLE `offerpricebillprop` (
  `id` int(11) NOT NULL AUTO_INCREMENT,
  `clientid` int(11) NOT NULL,
  `clientname` varchar(255) CHARACTER SET utf8mb4 COLLATE utf8mb4_unicode_ci DEFAULT NULL,
  `totalprice` double NOT NULL,
  `realtotalprice` double NOT NULL,
  `sysdate` date NOT NULL,
  `serialno` varchar(255) NOT NULL,
  PRIMARY KEY (`id`)
) ENGINE=InnoDB DEFAULT CHARSET=latin1 COLLATE=latin1_swedish_ci;

--
-- Dumping data for table `offerpricebillprop`
--


--
-- Table structure for table `offerpricecondition`
--

CREATE TABLE `offerpricecondition` (
  `id` int(11) NOT NULL AUTO_INCREMENT,
  `introduction` text CHARACTER SET utf8mb4 COLLATE utf8mb4_unicode_ci DEFAULT NULL,
  `detail` text CHARACTER SET utf8mb4 COLLATE utf8mb4_unicode_ci NOT NULL,
  PRIMARY KEY (`id`)
) ENGINE=InnoDB DEFAULT CHARSET=latin1 COLLATE=latin1_swedish_ci;

--
-- Dumping data for table `offerpricecondition`
--


--
-- Table structure for table `onlinestoresetting`
--

CREATE TABLE `onlinestoresetting` (
  `id` int(11) NOT NULL AUTO_INCREMENT,
  `url` varchar(255) NOT NULL,
  `availableStores` varchar(255) NOT NULL,
  `onlinestoreid` int(11) NOT NULL DEFAULT 2,
  `onlineclientareaid` int(11) NOT NULL DEFAULT 0,
  `updatetype` tinyint(4) NOT NULL DEFAULT 0,
  `catprohour` decimal(10,2) NOT NULL DEFAULT 0.00,
  `catprominute` decimal(10,2) NOT NULL DEFAULT 0.00,
  `proquantityhour` decimal(10,2) NOT NULL DEFAULT 0.00,
  `proquantityminute` decimal(10,2) NOT NULL DEFAULT 0.00,
  `clientshour` decimal(10,2) NOT NULL DEFAULT 0.00,
  `clientsminute` decimal(10,2) NOT NULL DEFAULT 0.00,
  `ordershour` decimal(10,2) NOT NULL,
  `ordersminute` decimal(10,2) NOT NULL,
  `clientdebtchangeStartId` int(11) NOT NULL,
  PRIMARY KEY (`id`)
) ENGINE=InnoDB AUTO_INCREMENT=2 DEFAULT CHARSET=latin1 COLLATE=latin1_swedish_ci;

--
-- Dumping data for table `onlinestoresetting`
--

INSERT INTO `onlinestoresetting` VALUES
(1,'','',2,0,0,0.00,0.00,0.00,0.00,0.00,0.00,0.00,0.00,-1);

--
-- Table structure for table `onlinetempcategory`
--

CREATE TABLE `onlinetempcategory` (
  `id` int(11) NOT NULL AUTO_INCREMENT,
  `catid` int(11) NOT NULL,
  `edited` tinyint(4) NOT NULL COMMENT '0 not edited "this value is therre online", 1 edited , 2 del',
  `sysdate` datetime NOT NULL,
  `userid` int(11) NOT NULL,
  PRIMARY KEY (`id`),
  UNIQUE KEY `catid` (`catid`)
) ENGINE=InnoDB AUTO_INCREMENT=4 DEFAULT CHARSET=latin1 COLLATE=latin1_swedish_ci;

--
-- Dumping data for table `onlinetempcategory`
--

INSERT INTO `onlinetempcategory` VALUES
(1,1,1,'2025-02-19 23:46:04',1),
(2,2,1,'2025-02-19 23:46:04',1),
(3,3,1,'2025-02-19 23:46:06',1);

--
-- Table structure for table `onlinetemporder`
--

CREATE TABLE `onlinetemporder` (
  `id` int(11) NOT NULL AUTO_INCREMENT,
  `onlineorderid` int(11) NOT NULL,
  `customerid` int(11) NOT NULL,
  `ordertotal` double NOT NULL,
  `shippingcost` varchar(191) NOT NULL,
  `fulltotal` varchar(191) NOT NULL,
  `paytype` varchar(191) NOT NULL,
  `createdatetime` datetime NOT NULL,
  `orderstatus` tinyint(4) NOT NULL,
  `tax_value` varchar(191) NOT NULL,
  `userid` int(11) NOT NULL COMMENT 'userid online',
  PRIMARY KEY (`id`)
) ENGINE=InnoDB DEFAULT CHARSET=latin1 COLLATE=latin1_swedish_ci;

--
-- Dumping data for table `onlinetemporder`
--


--
-- Table structure for table `onlinetemporderclient`
--

CREATE TABLE `onlinetemporderclient` (
  `id` int(11) NOT NULL AUTO_INCREMENT,
  `erpid` int(11) NOT NULL,
  `customer_id` int(11) NOT NULL,
  `orderid` int(11) NOT NULL,
  `clientname` varchar(256) NOT NULL,
  `clientcode` varchar(255) NOT NULL,
  `clientmobile` varchar(20) NOT NULL,
  `clientdebt` decimal(10,2) NOT NULL,
  `clientaddress` varchar(256) NOT NULL,
  `clientareaid` int(11) NOT NULL,
  PRIMARY KEY (`id`)
) ENGINE=InnoDB DEFAULT CHARSET=utf8mb4 COLLATE=utf8mb4_unicode_ci;

--
-- Dumping data for table `onlinetemporderclient`
--


--
-- Table structure for table `onlinetemporderproduct`
--

CREATE TABLE `onlinetemporderproduct` (
  `id` int(11) NOT NULL AUTO_INCREMENT,
  `orderid` int(11) NOT NULL,
  `productid` int(11) NOT NULL,
  `sizeid` varchar(255) NOT NULL,
  `price` double NOT NULL,
  `quantity` varchar(191) NOT NULL,
  `shippingcost` double NOT NULL,
  `total` double NOT NULL,
  `orderstatus` int(11) NOT NULL,
  `shippingtype` varchar(191) NOT NULL,
  `discountprice` double NOT NULL,
  PRIMARY KEY (`id`)
) ENGINE=InnoDB DEFAULT CHARSET=utf8mb4 COLLATE=utf8mb4_unicode_ci;

--
-- Dumping data for table `onlinetemporderproduct`
--


--
-- Table structure for table `onlinetempproduct`
--

CREATE TABLE `onlinetempproduct` (
  `id` int(11) NOT NULL AUTO_INCREMENT,
  `productid` int(11) NOT NULL,
  `edited` tinyint(4) NOT NULL COMMENT '0 not edited "this value is therre online", 1 edited , 2 del',
  `sysdate` datetime NOT NULL,
  `userid` int(11) NOT NULL,
  PRIMARY KEY (`id`),
  UNIQUE KEY `productid` (`productid`)
) ENGINE=InnoDB AUTO_INCREMENT=370 DEFAULT CHARSET=latin1 COLLATE=latin1_swedish_ci;

--
-- Dumping data for table `onlinetempproduct`
--

INSERT INTO `onlinetempproduct` VALUES
(1,1,1,'2025-02-20 09:31:14',1),
(2,2,1,'2025-02-19 23:46:04',1),
(3,3,1,'2025-02-19 23:46:04',1),
(4,4,1,'2025-02-19 23:46:04',1),
(5,5,1,'2025-02-20 09:30:21',1),
(6,6,1,'2025-02-19 23:46:04',1),
(7,7,1,'2025-02-19 23:46:04',1),
(8,8,1,'2025-02-19 23:46:04',1),
(9,9,1,'2025-02-20 09:29:45',1),
(10,10,1,'2025-04-24 06:49:40',1),
(11,11,1,'2025-02-19 23:46:04',1),
(12,12,1,'2026-04-11 13:56:29',1),
(13,13,1,'2025-02-19 23:46:04',1),
(14,14,1,'2025-02-19 23:46:04',1),
(15,15,1,'2025-02-19 23:46:04',1),
(16,16,1,'2025-02-24 06:46:15',1),
(17,17,1,'2025-02-19 23:46:04',1),
(18,18,1,'2025-03-11 05:40:12',1),
(19,19,1,'2025-02-19 23:46:04',1),
(20,20,1,'2025-04-09 07:50:27',1),
(21,21,1,'2025-04-20 14:55:56',1),
(22,22,1,'2025-02-19 23:46:04',1),
(23,23,1,'2025-02-19 23:46:04',1),
(24,24,1,'2025-02-19 23:46:04',1),
(25,25,1,'2025-02-19 23:46:04',1),
(26,26,1,'2025-02-19 23:46:04',1),
(27,27,1,'2025-02-19 23:46:04',1),
(28,28,1,'2026-01-13 15:47:11',1),
(29,29,1,'2025-02-19 23:46:04',1),
(30,30,1,'2025-02-19 23:46:04',1),
(31,31,1,'2025-02-19 23:46:04',1),
(32,32,1,'2025-02-19 23:46:04',1),
(33,33,1,'2025-02-19 23:46:04',1),
(34,34,1,'2025-02-19 23:46:04',1),
(35,35,1,'2025-02-19 23:46:04',1),
(36,36,1,'2025-02-19 23:46:04',1),
(37,37,1,'2026-04-11 07:38:39',1),
(38,38,1,'2025-02-19 23:46:04',1),
(39,39,1,'2025-02-19 23:46:05',1),
(40,40,1,'2025-02-19 23:46:05',1),
(41,41,1,'2025-02-19 23:46:05',1),
(42,42,1,'2025-02-19 23:46:05',1),
(43,43,1,'2025-02-19 23:46:05',1),
(44,44,1,'2025-12-20 09:40:06',1),
(45,45,1,'2025-02-19 23:46:05',1),
(46,46,1,'2025-02-19 23:46:05',1),
(47,47,1,'2025-02-19 23:46:05',1),
(48,48,1,'2025-02-19 23:46:05',1),
(49,49,1,'2025-05-18 14:00:16',1),
(50,50,1,'2025-02-19 23:46:05',1),
(51,51,1,'2025-02-19 23:46:05',1),
(52,52,1,'2025-02-19 23:46:05',1),
(53,53,1,'2025-02-19 23:46:05',1),
(54,54,1,'2025-02-19 23:46:05',1),
(55,55,1,'2025-02-19 23:46:05',1),
(56,56,1,'2025-02-24 06:37:57',1),
(57,57,1,'2025-02-19 23:46:05',1),
(58,58,1,'2025-02-19 23:46:05',1),
(59,59,1,'2025-02-19 23:46:05',1),
(60,60,1,'2025-02-19 23:46:05',1),
(61,61,1,'2025-02-19 23:46:05',1),
(62,62,1,'2025-02-19 23:46:05',1),
(63,63,1,'2025-02-19 23:46:05',1),
(64,64,1,'2025-02-19 23:46:05',1),
(65,65,1,'2025-02-19 23:46:05',1),
(66,66,1,'2025-02-19 23:46:05',1),
(67,67,1,'2025-02-19 23:46:05',1),
(68,68,1,'2025-02-19 23:46:05',1),
(69,69,1,'2025-02-19 23:46:05',1),
(70,70,1,'2025-02-24 06:48:37',1),
(71,71,1,'2025-02-19 23:46:05',1),
(72,72,1,'2025-02-19 23:46:05',1),
(73,73,1,'2025-02-19 23:46:05',1),
(74,74,1,'2025-02-19 23:46:05',1),
(75,75,1,'2025-02-19 23:46:05',1),
(76,76,1,'2025-02-19 23:46:05',1),
(77,77,1,'2025-02-19 23:46:05',1),
(78,78,1,'2025-02-19 23:46:05',1),
(79,79,1,'2025-02-19 23:46:05',1),
(80,80,1,'2025-02-19 23:46:05',1),
(81,81,1,'2025-02-19 23:46:05',1),
(82,82,1,'2025-02-19 23:46:05',1),
(83,83,1,'2025-02-19 23:46:05',1),
(84,84,1,'2025-02-19 23:46:05',1),
(85,85,1,'2025-02-19 23:46:05',1),
(86,86,1,'2025-02-19 23:46:05',1),
(87,87,1,'2025-02-19 23:46:05',1),
(88,88,1,'2025-02-19 23:46:05',1),
(89,89,1,'2025-04-24 07:45:05',1),
(90,90,1,'2025-02-19 23:46:05',1),
(91,91,1,'2026-04-11 07:40:18',1),
(92,92,1,'2025-02-19 23:46:06',1),
(93,93,1,'2025-02-19 23:46:06',1),
(94,94,1,'2025-02-19 23:46:06',1),
(95,95,1,'2026-01-13 15:49:09',1),
(96,96,1,'2025-10-08 11:22:41',1),
(97,97,1,'2025-02-19 23:46:06',1),
(98,98,1,'2025-02-19 23:46:06',1),
(99,99,1,'2025-02-19 23:46:06',1),
(100,100,1,'2025-02-19 23:46:06',1),
(101,101,1,'2025-02-19 23:46:06',1),
(102,102,1,'2025-02-19 23:46:06',1),
(103,103,1,'2025-02-19 23:46:06',1),
(104,104,1,'2025-02-19 23:46:06',1),
(105,105,1,'2025-02-19 23:46:06',1),
(106,106,1,'2025-02-19 23:46:06',1),
(107,107,1,'2025-02-19 23:46:06',1),
(108,108,1,'2025-02-19 23:46:06',1),
(109,109,1,'2025-02-19 23:46:06',1),
(110,110,1,'2025-02-19 23:46:06',1),
(111,111,1,'2025-02-19 23:46:06',1),
(112,112,1,'2025-02-19 23:46:06',1),
(113,113,1,'2025-02-19 23:46:06',1),
(114,114,1,'2025-02-19 23:46:06',1),
(115,115,1,'2025-02-19 23:46:06',1),
(116,116,1,'2025-02-19 23:46:06',1),
(117,117,1,'2025-02-19 23:46:06',1),
(118,118,1,'2025-02-19 23:46:06',1),
(119,119,1,'2025-02-19 23:46:06',1),
(120,120,1,'2025-02-19 23:46:06',1),
(121,121,1,'2025-02-19 23:46:06',1),
(122,122,1,'2025-02-19 23:46:06',1),
(123,123,1,'2025-02-19 23:46:06',1),
(124,124,1,'2025-02-19 23:46:06',1),
(125,125,1,'2025-02-19 23:46:06',1),
(126,126,1,'2025-02-19 23:46:06',1),
(127,127,1,'2025-02-19 23:46:06',1),
(128,128,1,'2025-02-19 23:46:06',1),
(129,129,1,'2025-02-19 23:46:06',1),
(130,130,1,'2025-02-19 23:46:06',1),
(131,131,1,'2025-03-03 06:09:38',1),
(132,132,1,'2025-03-03 06:12:09',1),
(133,133,1,'2026-04-12 07:30:42',1),
(134,134,1,'2025-03-03 06:13:55',1),
(135,135,1,'2025-03-03 06:16:11',1),
(136,136,1,'2025-03-03 06:16:56',1),
(137,137,1,'2025-03-03 06:17:32',1),
(138,138,1,'2025-03-03 06:18:03',1),
(139,139,1,'2025-03-03 06:18:33',1),
(140,140,1,'2025-03-03 06:19:12',1),
(141,141,1,'2025-03-03 06:19:49',1),
(142,142,1,'2025-03-03 06:20:39',1),
(143,143,1,'2025-03-03 06:21:16',1),
(144,144,1,'2025-03-03 06:21:46',1),
(145,145,1,'2025-03-03 06:22:20',1),
(146,146,1,'2025-03-03 06:22:57',1),
(147,147,1,'2025-03-03 06:23:26',1),
(148,148,1,'2025-04-07 07:08:30',1),
(149,149,1,'2025-02-19 23:46:07',1),
(150,150,1,'2025-02-19 23:46:07',1),
(151,151,1,'2025-02-19 23:46:07',1),
(152,152,1,'2025-02-19 23:46:07',1),
(153,153,1,'2025-02-19 23:46:07',1),
(154,154,1,'2025-02-19 23:46:07',1),
(158,155,1,'2025-02-23 07:30:46',1),
(159,156,1,'2025-02-23 07:30:17',1),
(160,157,1,'2025-02-23 07:29:41',1),
(161,158,1,'2025-02-23 07:29:06',1),
(162,159,1,'2025-02-23 07:28:31',1),
(163,160,1,'2025-02-23 07:26:35',1),
(164,161,1,'2025-02-23 07:27:56',1),
(172,162,1,'2025-02-23 08:04:32',1),
(173,163,1,'2025-02-23 14:16:36',1),
(174,164,1,'2025-02-23 15:00:48',1),
(176,165,1,'2025-02-24 06:41:11',1),
(177,166,1,'2025-02-24 06:41:11',1),
(178,167,1,'2025-02-24 06:41:12',1),
(179,168,1,'2025-10-29 09:55:58',1),
(181,169,1,'2025-03-03 06:24:21',1),
(182,170,1,'2025-03-03 06:24:53',1),
(183,171,1,'2025-03-03 06:25:38',1),
(184,172,2,'2025-02-25 11:08:56',1),
(186,173,1,'2025-02-24 06:47:36',1),
(187,174,1,'2025-02-24 06:47:36',1),
(189,175,1,'2025-02-24 06:57:01',1),
(190,176,1,'2025-02-24 06:57:02',1),
(191,177,1,'2025-02-24 06:57:02',1),
(192,178,1,'2025-02-24 06:57:02',1),
(193,179,1,'2025-02-24 06:57:03',1),
(194,180,1,'2025-02-24 06:57:03',1),
(195,181,1,'2025-02-24 06:57:04',1),
(196,182,1,'2025-02-24 06:57:04',1),
(197,183,1,'2025-02-24 06:57:04',1),
(198,184,1,'2025-02-24 06:57:05',1),
(199,185,1,'2025-02-24 06:57:05',1),
(200,186,1,'2025-02-24 06:57:05',1),
(201,187,1,'2025-02-24 06:57:06',1),
(202,188,1,'2025-02-24 06:57:06',1),
(203,189,1,'2025-02-24 06:57:06',1),
(204,190,1,'2025-02-24 06:57:06',1),
(205,191,1,'2025-02-24 06:57:07',1),
(206,192,1,'2025-02-24 06:57:07',1),
(207,193,1,'2025-02-25 07:15:03',1),
(208,194,1,'2025-02-25 07:15:04',1),
(209,195,1,'2025-02-25 07:15:04',1),
(210,196,1,'2025-02-25 07:15:05',1),
(211,197,1,'2025-02-25 07:15:05',1),
(212,198,1,'2025-02-25 07:15:05',1),
(213,199,1,'2025-02-25 07:15:06',1),
(214,200,1,'2025-02-25 07:15:06',1),
(215,201,1,'2025-02-25 07:15:06',1),
(216,202,1,'2025-02-25 07:15:07',1),
(217,203,1,'2025-02-25 07:15:07',1),
(218,204,1,'2025-02-25 07:15:08',1),
(219,205,1,'2025-02-25 07:15:08',1),
(220,206,1,'2025-02-25 07:15:08',1),
(221,207,1,'2025-02-25 07:15:09',1),
(223,208,2,'2025-02-25 11:12:08',1),
(224,209,2,'2025-02-25 11:12:45',1),
(225,210,2,'2025-02-25 11:13:11',1),
(226,211,2,'2025-02-25 11:13:30',1),
(233,212,1,'2025-04-05 08:36:31',1),
(234,213,1,'2025-04-05 08:37:25',1),
(235,214,1,'2025-04-05 08:38:11',1),
(236,215,1,'2025-04-05 08:39:03',1),
(237,216,1,'2025-04-05 08:39:51',1),
(238,217,1,'2025-04-05 08:40:30',1),
(239,218,1,'2025-04-05 08:41:13',1),
(262,219,1,'2025-03-03 06:31:11',1),
(263,220,1,'2025-03-03 07:00:01',1),
(264,221,1,'2025-03-05 09:24:17',1),
(265,222,1,'2025-03-05 09:25:12',1),
(267,223,1,'2025-03-11 05:40:59',1),
(268,224,1,'2025-03-11 10:31:27',1),
(269,225,1,'2025-03-11 10:35:11',1),
(270,226,1,'2025-03-13 08:44:11',1),
(271,227,1,'2025-03-13 08:53:33',1),
(280,228,1,'2025-04-07 07:08:52',1),
(281,229,1,'2025-04-09 07:12:03',1),
(282,230,1,'2025-04-09 07:12:03',1),
(284,231,1,'2025-04-09 07:50:49',1),
(285,232,1,'2025-04-17 07:12:38',1),
(286,233,1,'2025-04-17 07:24:36',1),
(287,234,1,'2025-04-17 07:24:38',1),
(289,235,1,'2025-04-20 14:56:17',1),
(291,236,1,'2025-04-24 06:50:12',1),
(293,237,1,'2025-04-24 07:45:28',1),
(294,238,1,'2025-04-24 08:10:56',1),
(295,239,1,'2025-04-24 08:18:28',1),
(298,240,1,'2025-04-24 08:20:19',1),
(299,241,1,'2025-04-28 16:12:26',1),
(300,242,1,'2025-05-10 15:47:16',1),
(302,243,1,'2025-05-18 14:01:34',1),
(303,244,1,'2025-05-18 14:03:26',1),
(304,245,1,'2025-05-18 14:19:56',1),
(305,246,1,'2025-05-18 14:19:56',1),
(306,247,1,'2025-05-18 14:19:57',1),
(307,248,1,'2025-05-18 14:19:57',1),
(308,249,1,'2025-05-18 14:19:58',1),
(309,250,1,'2025-05-18 14:45:12',1),
(310,251,1,'2025-06-16 09:03:20',1),
(311,252,1,'2025-08-14 10:10:39',1),
(315,253,1,'2025-10-08 11:23:25',1),
(316,254,1,'2025-10-16 10:04:43',1),
(317,255,1,'2025-10-22 14:56:09',1),
(319,256,1,'2025-10-29 09:56:29',1),
(321,257,1,'2025-12-20 09:40:28',1),
(327,258,1,'2026-04-11 07:36:12',1),
(328,259,1,'2026-04-11 07:36:12',1),
(332,260,1,'2026-04-11 07:39:19',1),
(335,261,1,'2026-04-11 07:41:03',1),
(338,262,1,'2026-04-11 13:41:46',1),
(339,263,1,'2026-04-11 13:41:46',1),
(340,264,1,'2026-04-11 13:41:46',1),
(341,265,1,'2026-04-11 13:41:46',1),
(342,266,1,'2026-04-11 13:41:46',1),
(343,267,1,'2026-04-11 13:41:46',1),
(344,268,1,'2026-04-11 13:41:46',1),
(345,269,1,'2026-04-11 13:41:46',1),
(346,270,1,'2026-04-11 13:41:46',1),
(347,271,1,'2026-04-11 13:41:46',1),
(348,272,1,'2026-04-11 13:41:46',1),
(349,273,1,'2026-04-11 13:41:46',1),
(350,274,1,'2026-04-11 13:41:46',1),
(351,275,1,'2026-04-11 13:41:47',1),
(352,276,1,'2026-04-11 13:41:47',1),
(353,277,1,'2026-04-11 13:41:47',1),
(354,278,1,'2026-04-11 13:41:47',1),
(355,279,1,'2026-04-11 13:41:47',1),
(358,280,1,'2026-04-11 13:57:07',1),
(361,281,1,'2026-04-12 08:33:12',1),
(362,282,1,'2026-04-12 14:09:09',1),
(363,283,1,'2026-04-12 14:09:09',1),
(364,284,1,'2026-04-12 14:09:09',1),
(365,285,1,'2026-04-12 14:09:09',1),
(366,286,1,'2026-04-12 14:09:09',1),
(367,287,1,'2026-04-12 14:16:37',1),
(368,288,1,'2026-04-12 14:16:37',1),
(369,289,1,'2026-04-13 07:03:31',1);

--
-- Table structure for table `onlinetempstoredetail`
--

CREATE TABLE `onlinetempstoredetail` (
  `id` int(11) NOT NULL AUTO_INCREMENT,
  `storeid` int(11) NOT NULL,
  `productid` int(11) NOT NULL,
  `sizeid` int(11) NOT NULL,
  `colorid` int(11) NOT NULL,
  `quantity` decimal(10,2) NOT NULL,
  `edited` tinyint(4) NOT NULL COMMENT '0 not edited "this value is therre online", 1 edited , 2 del',
  `sysdate` datetime NOT NULL,
  `userid` int(11) NOT NULL,
  PRIMARY KEY (`id`),
  UNIQUE KEY `uniquecombination` (`storeid`,`productid`,`sizeid`,`colorid`)
) ENGINE=InnoDB DEFAULT CHARSET=latin1 COLLATE=latin1_swedish_ci;

--
-- Dumping data for table `onlinetempstoredetail`
--


--
-- Table structure for table `onlinetempstorereport`
--

CREATE TABLE `onlinetempstorereport` (
  `storereportid` int(11) NOT NULL AUTO_INCREMENT,
  `productid` int(11) NOT NULL,
  `storeid` int(11) NOT NULL,
  `productquantity` decimal(10,2) NOT NULL,
  `storereporttype` int(11) NOT NULL COMMENT '0 => plus- 1 => minus',
  `storereportmodelid` int(11) NOT NULL,
  `processname` varchar(256) NOT NULL,
  `tablename` varchar(256) NOT NULL,
  `productbefore` decimal(10,2) NOT NULL,
  `productafter` decimal(10,2) NOT NULL,
  `userid` int(11) NOT NULL,
  `storereportdate` date NOT NULL,
  PRIMARY KEY (`storereportid`),
  KEY `productid` (`productid`,`storeid`),
  KEY `storeid` (`storeid`)
) ENGINE=InnoDB DEFAULT CHARSET=utf8mb3 COLLATE=utf8mb3_general_ci;

--
-- Dumping data for table `onlinetempstorereport`
--


--
-- Table structure for table `otherrequest`
--

CREATE TABLE `otherrequest` (
  `id` int(11) NOT NULL AUTO_INCREMENT,
  `requestTo` int(11) NOT NULL COMMENT '0 branch - 1 user group - 2 user',
  `requestToId` int(11) NOT NULL,
  `requestTitle` varchar(255) CHARACTER SET utf8mb4 COLLATE utf8mb4_unicode_ci NOT NULL,
  `comment` text CHARACTER SET utf8mb4 COLLATE utf8mb4_unicode_ci NOT NULL,
  `requestDate` date NOT NULL,
  `userId` int(11) NOT NULL,
  `branchId` int(11) NOT NULL COMMENT 'branch who made the request',
  `seen` int(11) NOT NULL DEFAULT 0,
  `deleted` int(11) NOT NULL,
  PRIMARY KEY (`id`)
) ENGINE=InnoDB DEFAULT CHARSET=latin1 COLLATE=latin1_swedish_ci;

--
-- Dumping data for table `otherrequest`
--


--
-- Table structure for table `otherstoremovement`
--

CREATE TABLE `otherstoremovement` (
  `id` int(11) NOT NULL AUTO_INCREMENT,
  `oprationnumber` varchar(255) NOT NULL,
  `deloperation` int(11) NOT NULL,
  `del` int(11) NOT NULL,
  `userid` int(11) NOT NULL,
  `comment` text NOT NULL,
  `oprationdata` date NOT NULL,
  PRIMARY KEY (`id`)
) ENGINE=InnoDB DEFAULT CHARSET=utf8mb3 COLLATE=utf8mb3_general_ci;

--
-- Dumping data for table `otherstoremovement`
--


--
-- Table structure for table `partner`
--

CREATE TABLE `partner` (
  `partnerid` int(11) NOT NULL AUTO_INCREMENT,
  `partnername` varchar(256) NOT NULL,
  `partnerdate` date NOT NULL,
  `partnerpercentage` decimal(10,2) NOT NULL,
  `partnermoney` decimal(10,2) NOT NULL,
  `conditions` int(11) NOT NULL DEFAULT 0,
  `comment` text NOT NULL,
  `userid` int(11) NOT NULL,
  `dailyentryid` int(11) NOT NULL,
  `treeId` int(11) NOT NULL DEFAULT 0,
  PRIMARY KEY (`partnerid`)
) ENGINE=InnoDB DEFAULT CHARSET=utf8mb3 COLLATE=utf8mb3_general_ci;

--
-- Dumping data for table `partner`
--


--
-- Table structure for table `partnertransferbetween`
--

CREATE TABLE `partnertransferbetween` (
  `partnertransferbetweenid` int(11) NOT NULL AUTO_INCREMENT,
  `partneridfrom` int(11) NOT NULL,
  `partneridto` int(11) NOT NULL,
  `partnervalue` decimal(10,2) NOT NULL,
  `comment` text NOT NULL,
  `partnerdate` date NOT NULL,
  `userid` int(11) NOT NULL,
  `conditions` int(11) NOT NULL DEFAULT 0,
  `partnerfrombefore` decimal(10,2) NOT NULL DEFAULT 0.00,
  `partnerfromafter` decimal(10,2) NOT NULL DEFAULT 0.00,
  `partnertobefore` decimal(10,2) NOT NULL DEFAULT 0.00,
  `partnertoafter` decimal(10,2) NOT NULL DEFAULT 0.00,
  `dailyentryid` int(11) NOT NULL,
  PRIMARY KEY (`partnertransferbetweenid`)
) ENGINE=InnoDB DEFAULT CHARSET=utf8mb3 COLLATE=utf8mb3_general_ci;

--
-- Dumping data for table `partnertransferbetween`
--


--
-- Table structure for table `partnerwithdrawal`
--

CREATE TABLE `partnerwithdrawal` (
  `partnerwithdrawalid` int(11) NOT NULL AUTO_INCREMENT,
  `partnerid` int(11) NOT NULL,
  `partnerwithdrawalvalue` decimal(10,2) NOT NULL,
  `comment` text NOT NULL,
  `partnerwithdrawaldate` date NOT NULL,
  `userid` int(11) NOT NULL,
  `saveid` int(11) NOT NULL,
  `conditions` int(11) NOT NULL DEFAULT 0,
  `partenrwithdrawaltype` int(11) NOT NULL COMMENT '0 ',
  `dailyentryid` int(11) NOT NULL,
  `bankid` int(11) NOT NULL,
  `bankaccountid` int(11) NOT NULL,
  `checknum` varchar(255) CHARACTER SET utf8mb4 COLLATE utf8mb4_unicode_ci NOT NULL,
  `partnerbefore` decimal(10,2) NOT NULL DEFAULT 0.00,
  `partnerafter` decimal(10,2) NOT NULL DEFAULT 0.00,
  PRIMARY KEY (`partnerwithdrawalid`),
  KEY `partnerid` (`partnerid`)
) ENGINE=InnoDB DEFAULT CHARSET=utf8mb3 COLLATE=utf8mb3_general_ci;

--
-- Dumping data for table `partnerwithdrawal`
--


--
-- Table structure for table `paymentnetworks`
--

CREATE TABLE `paymentnetworks` (
  `id` int(11) NOT NULL AUTO_INCREMENT,
  `name` varchar(255) CHARACTER SET utf8mb4 COLLATE utf8mb4_unicode_ci NOT NULL,
  `discountpercent` decimal(10,2) DEFAULT 0.00,
  `deleted` int(11) NOT NULL DEFAULT 0,
  `nameen` varchar(255) CHARACTER SET utf8mb4 COLLATE utf8mb4_unicode_ci DEFAULT NULL,
  PRIMARY KEY (`id`)
) ENGINE=InnoDB DEFAULT CHARSET=latin1 COLLATE=latin1_swedish_ci;

--
-- Dumping data for table `paymentnetworks`
--


--
-- Table structure for table `playstationcard`
--

CREATE TABLE `playstationcard` (
  `id` int(11) NOT NULL AUTO_INCREMENT,
  `name` varchar(255) NOT NULL,
  `packageVal` float NOT NULL,
  `packagePrice` float NOT NULL,
  `packageDays` int(11) NOT NULL,
  `file` varchar(255) NOT NULL,
  `del` tinyint(4) NOT NULL,
  `userid` int(11) NOT NULL,
  `sysdate` datetime NOT NULL,
  PRIMARY KEY (`id`)
) ENGINE=InnoDB DEFAULT CHARSET=utf8mb4 COLLATE=utf8mb4_unicode_ci;

--
-- Dumping data for table `playstationcard`
--


--
-- Table structure for table `playstationclientcard`
--

CREATE TABLE `playstationclientcard` (
  `id` int(11) NOT NULL AUTO_INCREMENT,
  `cardid` int(11) NOT NULL,
  `clientid` int(11) NOT NULL,
  `buyDate` datetime NOT NULL,
  `packVal` float NOT NULL,
  `packPrice` float NOT NULL,
  `packDays` int(11) NOT NULL,
  `packValConsumed` float NOT NULL,
  `cardEndDate` datetime NOT NULL,
  `cardStatus` tinyint(4) NOT NULL COMMENT '0 active,1 totaly consumed , 2 expired',
  `userid` int(11) NOT NULL,
  `del` tinyint(4) NOT NULL,
  `sysDate` datetime NOT NULL,
  PRIMARY KEY (`id`)
) ENGINE=InnoDB DEFAULT CHARSET=latin1 COLLATE=latin1_swedish_ci;

--
-- Dumping data for table `playstationclientcard`
--


--
-- Table structure for table `playstationclientcardpayhistory`
--

CREATE TABLE `playstationclientcardpayhistory` (
  `id` int(11) NOT NULL AUTO_INCREMENT,
  `clientid` int(11) NOT NULL,
  `cardid` int(11) NOT NULL,
  `cardValBefore` float NOT NULL,
  `payAmount` float NOT NULL,
  `changeType` tinyint(4) NOT NULL COMMENT '0 increase , 1decrease',
  `cardValAfter` float NOT NULL,
  `processname` varchar(255) CHARACTER SET latin1 COLLATE latin1_swedish_ci NOT NULL,
  `modelid` int(11) NOT NULL,
  `tablename` varchar(255) CHARACTER SET latin1 COLLATE latin1_swedish_ci NOT NULL,
  `comment` text CHARACTER SET latin1 COLLATE latin1_swedish_ci NOT NULL,
  `conditions` tinyint(4) NOT NULL,
  `userid` int(11) NOT NULL,
  `sysDate` datetime NOT NULL,
  PRIMARY KEY (`id`)
) ENGINE=InnoDB DEFAULT CHARSET=utf8mb4 COLLATE=utf8mb4_unicode_ci;

--
-- Dumping data for table `playstationclientcardpayhistory`
--


--
-- Table structure for table `policy`
--

CREATE TABLE `policy` (
  `policyId` int(11) NOT NULL AUTO_INCREMENT,
  `policyName` varchar(255) NOT NULL,
  `policyDate` date NOT NULL,
  `policyNum` int(11) NOT NULL,
  `policyCost` decimal(10,2) NOT NULL,
  `policyType` int(11) NOT NULL COMMENT '1 => go- 2 =>return',
  `companyId` int(11) NOT NULL,
  `SenderName` varchar(255) NOT NULL,
  `invoicenumber` varchar(255) NOT NULL,
  `tempdele` int(11) NOT NULL,
  `saveId` int(11) NOT NULL,
  `senderType` int(11) NOT NULL COMMENT '1 => client- 2 =>supplier',
  `affectSave` tinyint(4) DEFAULT 0,
  `senderId` int(11) NOT NULL DEFAULT 0,
  PRIMARY KEY (`policyId`)
) ENGINE=InnoDB DEFAULT CHARSET=utf8mb3 COLLATE=utf8mb3_general_ci;

--
-- Dumping data for table `policy`
--


--
-- Table structure for table `premium`
--

CREATE TABLE `premium` (
  `id` int(11) NOT NULL AUTO_INCREMENT,
  `date` date NOT NULL,
  `value` int(11) NOT NULL,
  `premiumclient_id` int(11) NOT NULL,
  `payed` int(11) NOT NULL DEFAULT 0,
  `conditions` int(11) NOT NULL DEFAULT 0,
  `rest` int(11) NOT NULL DEFAULT 0,
  `payment_date` timestamp NULL DEFAULT NULL,
  PRIMARY KEY (`id`)
) ENGINE=InnoDB DEFAULT CHARSET=latin1 COLLATE=latin1_swedish_ci;

--
-- Dumping data for table `premium`
--


--
-- Table structure for table `premiumautomatic`
--

CREATE TABLE `premiumautomatic` (
  `id` int(11) NOT NULL AUTO_INCREMENT,
  `Totalinstallment` decimal(10,2) NOT NULL,
  `presenter_dir` decimal(10,2) NOT NULL,
  `presenter_per` decimal(10,2) NOT NULL,
  `date` date NOT NULL,
  `remain_amount` decimal(10,2) NOT NULL,
  `installment_nos` int(11) NOT NULL,
  `installment_months` int(11) NOT NULL,
  `installment_days` int(11) NOT NULL,
  `premiumclient_id` int(11) NOT NULL,
  `client_id` int(11) NOT NULL,
  `userid` int(11) NOT NULL,
  PRIMARY KEY (`id`)
) ENGINE=InnoDB DEFAULT CHARSET=latin1 COLLATE=latin1_swedish_ci;

--
-- Dumping data for table `premiumautomatic`
--


--
-- Table structure for table `premiumclient`
--

CREATE TABLE `premiumclient` (
  `id` int(11) NOT NULL AUTO_INCREMENT,
  `client_id` int(11) NOT NULL,
  `userid` int(11) NOT NULL,
  `date` datetime NOT NULL,
  PRIMARY KEY (`id`)
) ENGINE=InnoDB DEFAULT CHARSET=latin1 COLLATE=latin1_swedish_ci;

--
-- Dumping data for table `premiumclient`
--


--
-- Table structure for table `premiuminstallments`
--

CREATE TABLE `premiuminstallments` (
  `id_installment` int(11) NOT NULL AUTO_INCREMENT,
  `date` date NOT NULL,
  `value` int(11) NOT NULL,
  `premiumauo_id` int(11) NOT NULL,
  `payed` int(11) NOT NULL DEFAULT 0,
  `conditions` int(11) NOT NULL DEFAULT 0,
  PRIMARY KEY (`id_installment`)
) ENGINE=InnoDB DEFAULT CHARSET=latin1 COLLATE=latin1_swedish_ci;

--
-- Dumping data for table `premiuminstallments`
--


--
-- Table structure for table `product`
--

CREATE TABLE `product` (
  `productId` int(11) NOT NULL AUTO_INCREMENT,
  `inMenu` tinyint(4) DEFAULT 0 COMMENT '0 show in resturant menu-1 hide it',
  `productName` varchar(256) NOT NULL DEFAULT '',
  `productDescription` text DEFAULT NULL,
  `productCatId` int(11) NOT NULL,
  `productBuyPrice` decimal(10,2) NOT NULL,
  `productSellAllPrice` decimal(10,2) NOT NULL,
  `productSellUnitPrice` decimal(10,2) NOT NULL,
  `productSellHalfPrice` decimal(10,2) NOT NULL,
  `productDate` date NOT NULL,
  `conditions` int(1) NOT NULL DEFAULT 0,
  `userId` int(11) NOT NULL,
  `limitamount` int(11) NOT NULL DEFAULT 0,
  `parcode` varchar(256) DEFAULT NULL,
  `type` int(11) NOT NULL DEFAULT 0 COMMENT '1 for Manufacturing - 0 for not Manufacturing',
  `sellingtype` int(11) DEFAULT 0 COMMENT '1 for FCFO  2 for  LCFO  3 for expirdata ',
  `expireDate` int(11) DEFAULT NULL,
  `dailyentryId` int(11) NOT NULL,
  `isService` int(11) NOT NULL DEFAULT 0 COMMENT '0 no - 1 yes',
  `isOptic` int(11) NOT NULL DEFAULT 0 COMMENT '0 not optic -1 without size and color-2 with size and color',
  `lastbuyprice` decimal(10,2) DEFAULT NULL,
  `lastbuyprice_withDiscount` decimal(10,2) DEFAULT NULL,
  `meanbuyprice` decimal(10,2) DEFAULT NULL,
  `meanbuyprice_withDiscount` decimal(10,2) DEFAULT NULL,
  `productbuypricereal` decimal(10,2) DEFAULT 0.00,
  `buypricereal_precentage` decimal(10,2) DEFAULT 0.00,
  `buytotal_precentage` decimal(10,2) DEFAULT 0.00,
  `buyhalf_precentage` decimal(10,2) DEFAULT 0.00,
  `buypart_precentage` decimal(10,2) DEFAULT 0.00,
  `logo` varchar(255) DEFAULT NULL,
  `obygyDetectionId` int(11) DEFAULT NULL,
  `hasSizeAndColor` tinyint(4) NOT NULL DEFAULT 0,
  `logo1` varchar(255) DEFAULT NULL,
  `logo2` varchar(255) DEFAULT NULL,
  `logo3` varchar(255) DEFAULT NULL,
  `logo4` varchar(255) DEFAULT NULL,
  `logo5` varchar(255) DEFAULT NULL,
  `logo6` varchar(255) DEFAULT NULL,
  `logo7` varchar(255) DEFAULT NULL,
  `overAllAveragePrice` decimal(10,2) NOT NULL DEFAULT 0.00,
  `online` text DEFAULT NULL,
  `reviewType` int(11) NOT NULL DEFAULT 0,
  `updatebyuser` int(11) NOT NULL DEFAULT 0,
  `proExcelid` int(11) NOT NULL DEFAULT 0 COMMENT 'used to link products to products from another erp like siam see in buybill',
  `proExcelParcode` varchar(12) NOT NULL COMMENT 'used to link products to products from another erp like siam see in buybill',
  `webApiId` int(11) NOT NULL DEFAULT 0,
  `runquery` varchar(256) NOT NULL DEFAULT '',
  `weightedDiscount` float NOT NULL DEFAULT 0,
  `sortby` int(11) NOT NULL DEFAULT 0,
  `obygyInvestigationId` int(11) DEFAULT NULL,
  `TypeOfBarcodeInTax` varchar(10) DEFAULT NULL,
  `barcodeInTax` varchar(150) DEFAULT NULL,
  `productNameE` varchar(256) DEFAULT NULL,
  `partNumber` int(11) NOT NULL DEFAULT 0,
  `vehicleType` int(11) NOT NULL DEFAULT 0,
  `company` int(11) NOT NULL DEFAULT 0,
  `weight` decimal(10,2) DEFAULT 0.00,
  `origin` varchar(150) DEFAULT NULL,
  `hscode` decimal(10,2) DEFAULT 0.00,
  `power` tinyint(4) DEFAULT 0,
  `ProductionDate` varchar(150) DEFAULT NULL,
  `expiry` int(11) NOT NULL DEFAULT 0,
  `procode` varchar(150) DEFAULT NULL,
  `lastbuyprice_withTax` decimal(10,2) DEFAULT NULL,
  `meanbuyprice_withTax` decimal(10,2) DEFAULT NULL,
  `treeId` int(11) NOT NULL DEFAULT 0 COMMENT 'for royal products that is services',
  `price4` int(11) DEFAULT 0,
  `price5` int(11) DEFAULT 0,
  `price6` int(11) DEFAULT 0,
  `price7` int(11) DEFAULT 0,
  `price8` int(11) DEFAULT 0,
  PRIMARY KEY (`productId`),
  KEY `productCatId` (`productCatId`),
  KEY `userId` (`userId`),
  KEY `parcode` (`parcode`(255))
) ENGINE=InnoDB AUTO_INCREMENT=290 DEFAULT CHARSET=utf8mb3 COLLATE=utf8mb3_general_ci;

--
-- Dumping data for table `product`
--

INSERT INTO `product` VALUES
(1,0,'Spigotless Standard 3.000 m','',1,0.00,0.00,0.00,0.00,'2025-02-19',0,1,0,'00001',0,0,0,0,0,0,0.00,0.00,0.00,0.00,0.00,0.00,0.00,0.00,0.00,'',0,0,'','','','','','','',0.00,'',0,0,0,'0',0,'',0,0,0,'','','',0,0,0,0.00,'',0.00,0,'',0,'',0.00,0.00,0,0,0,0,0,0),
(2,0,'Spigotless Standard 2.50 m','',1,0.00,0.00,0.00,0.00,'2025-02-19',0,1,0,'00002',0,0,0,0,0,0,0.00,0.00,0.00,0.00,0.00,0.00,0.00,0.00,0.00,'',0,0,'','','','','','','',0.00,'',0,0,0,'0',0,'',0,0,0,'','','',0,0,0,0.00,'',0.00,0,'',0,'',0.00,0.00,0,0,0,0,0,0),
(3,0,'Spigotless Standard 2.30 m','',1,0.00,0.00,0.00,0.00,'2025-02-19',0,1,0,'00003',0,0,0,0,0,0,0.00,0.00,0.00,0.00,0.00,0.00,0.00,0.00,0.00,'',0,0,'','','','','','','',0.00,'',0,0,0,'0',0,'',0,0,0,'','','',0,0,0,0.00,'',0.00,0,'',0,'',0.00,0.00,0,0,0,0,0,0),
(4,0,'Spigotless Standard 2.00 m','',1,0.00,0.00,0.00,0.00,'2025-02-19',0,1,0,'00004',0,0,0,0,0,0,0.00,0.00,0.00,0.00,0.00,0.00,0.00,0.00,0.00,'',0,0,'','','','','','','',0.00,'',0,0,0,'0',0,'',0,0,0,'','','',0,0,0,0.00,'',0.00,0,'',0,'',0.00,0.00,0,0,0,0,0,0),
(5,0,'Spigotless Standard 1.80 m','',1,0.00,0.00,0.00,0.00,'2025-02-19',0,1,0,'00005',0,0,0,0,0,0,0.00,0.00,0.00,0.00,0.00,0.00,0.00,0.00,0.00,'',0,0,'','','','','','','',0.00,'',0,0,0,'0',0,'',0,0,0,'','','',0,0,0,0.00,'',0.00,0,'',0,'',0.00,0.00,0,0,0,0,0,0),
(6,0,'Spigotless Standard 1.50 m','',1,0.00,0.00,0.00,0.00,'2025-02-19',0,1,0,'00006',0,0,0,0,0,0,0.00,0.00,0.00,0.00,0.00,0.00,0.00,0.00,0.00,'',0,0,'','','','','','','',0.00,'',0,0,0,'0',0,'',0,0,0,'','','',0,0,0,0.00,'',0.00,0,'',0,'',0.00,0.00,0,0,0,0,0,0),
(7,0,'Spigotless Standard 1.30 m','',1,0.00,0.00,0.00,0.00,'2025-02-19',0,1,0,'00007',0,0,0,0,0,0,0.00,0.00,0.00,0.00,0.00,0.00,0.00,0.00,0.00,'',0,0,'','','','','','','',0.00,'',0,0,0,'0',0,'',0,0,0,'','','',0,0,0,0.00,'',0.00,0,'',0,'',0.00,0.00,0,0,0,0,0,0),
(8,0,'Spigotless Standard 1.00 m','',1,0.00,0.00,0.00,0.00,'2025-02-19',0,1,0,'00008',0,0,0,0,0,0,0.00,0.00,0.00,0.00,0.00,0.00,0.00,0.00,0.00,'',0,0,'','','','','','','',0.00,'',0,0,0,'0',0,'',0,0,0,'','','',0,0,0,0.00,'',0.00,0,'',0,'',0.00,0.00,0,0,0,0,0,0),
(9,0,'Loose Spigot Connector-TUBE\n38.1','',1,0.00,0.00,0.00,0.00,'2025-02-19',0,1,0,'00009',0,0,0,0,0,0,0.00,0.00,0.00,0.00,0.00,0.00,0.00,0.00,0.00,'',0,0,'','','','','','','',0.00,'',0,0,0,'0',0,'',0,0,0,'','','',0,0,0,0.00,'',0.00,0,'',0,'',0.00,0.00,0,0,0,0,0,0),
(10,0,'Ledger - Transom 3.00 m','',1,0.00,0.00,0.00,0.00,'2025-02-19',0,1,0,'00010',0,0,0,0,0,0,0.00,0.00,0.00,0.00,0.00,0.00,0.00,0.00,0.00,'',0,0,'','','','','','','',0.00,'',0,0,0,'0',0,'',0,0,0,'','','',0,0,0,0.00,'',0.00,0,'',0,'',0.00,0.00,0,0,0,0,0,0),
(11,0,'Ledger - Transom 2.50 m','',1,0.00,0.00,0.00,0.00,'2025-02-19',0,1,0,'00011',0,0,0,0,0,0,0.00,0.00,0.00,0.00,0.00,0.00,0.00,0.00,0.00,'',0,0,'','','','','','','',0.00,'',0,0,0,'0',0,'',0,0,0,'','','',0,0,0,0.00,'',0.00,0,'',0,'',0.00,0.00,0,0,0,0,0,0),
(12,0,'Ledger - Transom 2.10 m','',1,0.00,0.00,0.00,0.00,'2025-02-19',0,1,0,'00012',0,0,0,0,0,0,0.00,0.00,0.00,0.00,0.00,0.00,0.00,0.00,0.00,'',0,0,'','','','','','','',0.00,'',0,0,0,'0',0,'',0,0,0,'','','',0,0,0,0.00,'',0.00,0,'',0,'',0.00,0.00,0,0,0,0,0,0),
(13,0,'Ledger - Transom 1.80 m','',1,0.00,0.00,0.00,0.00,'2025-02-19',0,1,0,'00013',0,0,0,0,0,0,0.00,0.00,0.00,0.00,0.00,0.00,0.00,0.00,0.00,'',0,0,'','','','','','','',0.00,'',0,0,0,'0',0,'',0,0,0,'','','',0,0,0,0.00,'',0.00,0,'',0,'',0.00,0.00,0,0,0,0,0,0),
(14,0,'Ledger - Transom 1.50 m','',1,0.00,0.00,0.00,0.00,'2025-02-19',0,1,0,'00014',0,0,0,0,0,0,0.00,0.00,0.00,0.00,0.00,0.00,0.00,0.00,0.00,'',0,0,'','','','','','','',0.00,'',0,0,0,'0',0,'',0,0,0,'','','',0,0,0,0.00,'',0.00,0,'',0,'',0.00,0.00,0,0,0,0,0,0),
(15,0,'Ledger - Transom 1.30 m','',1,0.00,0.00,0.00,0.00,'2025-02-19',0,1,0,'00015',0,0,0,0,0,0,0.00,0.00,0.00,0.00,0.00,0.00,0.00,0.00,0.00,'',0,0,'','','','','','','',0.00,'',0,0,0,'0',0,'',0,0,0,'','','',0,0,0,0.00,'',0.00,0,'',0,'',0.00,0.00,0,0,0,0,0,0),
(16,0,'Ledger - Transom 1.20 m','',1,0.00,0.00,0.00,0.00,'2025-02-19',0,1,0,'00016',0,0,0,0,0,0,0.00,0.00,0.00,0.00,0.00,0.00,0.00,0.00,0.00,'',0,0,'','','','','','','',0.00,'',0,0,0,'0',0,'',0,0,0,'','','',0,0,0,0.00,'',0.00,0,'',0,'',0.00,0.00,0,0,0,0,0,0),
(17,0,'Ledger - Transom 1.00 m','',1,0.00,0.00,0.00,0.00,'2025-02-19',0,1,0,'00017',0,0,0,0,0,0,0.00,0.00,0.00,0.00,0.00,0.00,0.00,0.00,0.00,'',0,0,'','','','','','','',0.00,'',0,0,0,'0',0,'',0,0,0,'','','',0,0,0,0.00,'',0.00,0,'',0,'',0.00,0.00,0,0,0,0,0,0),
(18,0,'Ledger - Transom.90m','',1,0.00,0.00,0.00,0.00,'2025-02-19',0,1,0,'00018',0,0,0,0,0,0,0.00,0.00,0.00,0.00,0.00,0.00,0.00,0.00,0.00,'',0,0,'','','','','','','',0.00,'',0,0,0,'0',0,'',0,0,0,'','','',0,0,0,0.00,'',0.00,0,'',0,'',0.00,0.00,0,0,0,0,0,0),
(19,0,'Ledger - Transom 0.60 m','',1,0.00,0.00,0.00,0.00,'2025-02-19',0,1,0,'00019',0,0,0,0,0,0,0.00,0.00,0.00,0.00,0.00,0.00,0.00,0.00,0.00,'',0,0,'','','','','','','',0.00,'',0,0,0,'0',0,'',0,0,0,'','','',0,0,0,0.00,'',0.00,0,'',0,'',0.00,0.00,0,0,0,0,0,0),
(20,0,'Intermediate Transom 1.80 m','',1,0.00,0.00,0.00,0.00,'2025-02-19',0,1,0,'00020',0,0,0,0,0,0,0.00,0.00,0.00,0.00,0.00,0.00,0.00,0.00,0.00,'',0,0,'','','','','','','',0.00,'',0,0,0,'0',0,'',0,0,0,'','','',0,0,0,0.00,'',0.00,0,'',0,'',0.00,0.00,0,0,0,0,0,0),
(21,0,'Intermediate Transom 1.60 m','',1,0.00,0.00,0.00,0.00,'2025-02-19',0,1,0,'00021',0,0,0,0,0,0,0.00,0.00,0.00,0.00,0.00,0.00,0.00,0.00,0.00,'',0,0,'','','','','','','',0.00,'',0,0,0,'0',0,'',0,0,0,'','','',0,0,0,0.00,'',0.00,0,'',0,'',0.00,0.00,0,0,0,0,0,0),
(22,0,'Intermediate Transom 1.30 m','',1,0.00,0.00,0.00,0.00,'2025-02-19',0,1,0,'00022',0,0,0,0,0,0,0.00,0.00,0.00,0.00,0.00,0.00,0.00,0.00,0.00,'',0,0,'','','','','','','',0.00,'',0,0,0,'0',0,'',0,0,0,'','','',0,0,0,0.00,'',0.00,0,'',0,'',0.00,0.00,0,0,0,0,0,0),
(23,0,'Intermediate Transom 1.20 m','',1,0.00,0.00,0.00,0.00,'2025-02-19',0,1,0,'00023',0,0,0,0,0,0,0.00,0.00,0.00,0.00,0.00,0.00,0.00,0.00,0.00,'',0,0,'','','','','','','',0.00,'',0,0,0,'0',0,'',0,0,0,'','','',0,0,0,0.00,'',0.00,0,'',0,'',0.00,0.00,0,0,0,0,0,0),
(24,0,'Cantilever A Frame 1.5 m Lift','',1,0.00,0.00,0.00,0.00,'2025-02-19',0,1,0,'00024',0,0,0,0,0,0,0.00,0.00,0.00,0.00,0.00,0.00,0.00,0.00,0.00,'',0,0,'','','','','','','',0.00,'',0,0,0,'0',0,'',0,0,0,'','','',0,0,0,0.00,'',0.00,0,'',0,'',0.00,0.00,0,0,0,0,0,0),
(25,0,'DROP FORGET C COUPLER SINGLE','',1,0.00,0.00,0.00,0.00,'2025-02-19',0,1,0,'00025',0,0,0,0,0,0,0.00,0.00,0.00,0.00,0.00,0.00,0.00,0.00,0.00,'',0,0,'','','','','','','',0.00,'',0,0,0,'0',0,'',0,0,0,'','','',0,0,0,0.00,'',0.00,0,'',0,'',0.00,0.00,0,0,0,0,0,0),
(26,0,'DROP FORGET DOUBLE COUPLER ','',1,0.00,0.00,0.00,0.00,'2025-02-19',0,1,0,'00026',0,0,0,0,0,0,0.00,0.00,0.00,0.00,0.00,0.00,0.00,0.00,0.00,'',0,0,'','','','','','','',0.00,'',0,0,0,'0',0,'',0,0,0,'','','',0,0,0,0.00,'',0.00,0,'',0,'',0.00,0.00,0,0,0,0,0,0),
(27,0,'DROP FORGET SWIVEL COUPLER ','',1,0.00,0.00,0.00,0.00,'2025-02-19',0,1,0,'00027',0,0,0,0,0,0,0.00,0.00,0.00,0.00,0.00,0.00,0.00,0.00,0.00,'',0,0,'','','','','','','',0.00,'',0,0,0,'0',0,'',0,0,0,'','','',0,0,0,0.00,'',0.00,0,'',0,'',0.00,0.00,0,0,0,0,0,0),
(28,0,'Board Retaining Clamps','',1,0.00,0.00,0.00,0.00,'2025-02-19',0,1,0,'00028',0,0,0,0,0,0,0.00,0.00,0.00,0.00,0.00,0.00,0.00,0.00,0.00,'',0,0,'','','','','','','',0.00,'',0,0,0,'0',0,'',0,0,0,'','','',0,0,0,0.00,'',0.00,0,'',0,'',0.00,0.00,0,0,0,0,0,0),
(29,0,'Ladder Clamps','',1,0.00,0.00,0.00,0.00,'2025-02-19',0,1,0,'00029',0,0,0,0,0,0,0.00,0.00,0.00,0.00,0.00,0.00,0.00,0.00,0.00,'',0,0,'','','','','','','',0.00,'',0,0,0,'0',0,'',0,0,0,'','','',0,0,0,0.00,'',0.00,0,'',0,'',0.00,0.00,0,0,0,0,0,0),
(30,0,'Toe Board Clamps','',1,0.00,0.00,0.00,0.00,'2025-02-19',0,1,0,'00030',0,0,0,0,0,0,0.00,0.00,0.00,0.00,0.00,0.00,0.00,0.00,0.00,'',0,0,'','','','','','','',0.00,'',0,0,0,'0',0,'',0,0,0,'','','',0,0,0,0.00,'',0.00,0,'',0,'',0.00,0.00,0,0,0,0,0,0),
(31,0,'Post Clamp Assembly','',1,0.00,0.00,0.00,0.00,'2025-02-19',0,1,0,'00031',0,0,0,0,0,0,0.00,0.00,0.00,0.00,0.00,0.00,0.00,0.00,0.00,'',0,0,'','','','','','','',0.00,'',0,0,0,'0',0,'',0,0,0,'','','',0,0,0,0.00,'',0.00,0,'',0,'',0.00,0.00,0,0,0,0,0,0),
(32,0,'Adj. base Jack 660mm (Plate\nElectroplated Finish )','',1,0.00,0.00,0.00,0.00,'2025-02-19',0,1,0,'00032',0,0,0,0,0,0,0.00,0.00,0.00,0.00,0.00,0.00,0.00,0.00,0.00,'',0,0,'','','','','','','',0.00,'',0,0,0,'0',0,'',0,0,0,'','','',0,0,0,0.00,'',0.00,0,'',0,'',0.00,0.00,0,0,0,0,0,0),
(33,0,'Adj. Head Plate Forkhead\n150/170 by 660mm','',1,0.00,0.00,0.00,0.00,'2025-02-19',0,1,0,'00033',0,0,0,0,0,0,0.00,0.00,0.00,0.00,0.00,0.00,0.00,0.00,0.00,'',0,0,'','','','','','','',0.00,'',0,0,0,'0',0,'',0,0,0,'','','',0,0,0,0.00,'',0.00,0,'',0,'',0.00,0.00,0,0,0,0,0,0),
(34,0,'Steel Ladder 4.0 m','',1,0.00,0.00,0.00,0.00,'2025-02-19',0,1,0,'00034',0,0,0,0,0,0,0.00,0.00,0.00,0.00,0.00,0.00,0.00,0.00,0.00,'',0,0,'','','','','','','',0.00,'',0,0,0,'0',0,'',0,0,0,'','','',0,0,0,0.00,'',0.00,0,'',0,'',0.00,0.00,0,0,0,0,0,0),
(35,0,'Steel Ladder 6.0 m','',1,0.00,0.00,0.00,0.00,'2025-02-19',0,1,0,'00035',0,0,0,0,0,0,0.00,0.00,0.00,0.00,0.00,0.00,0.00,0.00,0.00,'',0,0,'','','','','','','',0.00,'',0,0,0,'0',0,'',0,0,0,'','','',0,0,0,0.00,'',0.00,0,'',0,'',0.00,0.00,0,0,0,0,0,0),
(36,0,'Steel Ladder 3.0 m','',1,0.00,0.00,0.00,0.00,'2025-02-19',0,1,0,'00036',0,0,0,0,0,0,0.00,0.00,0.00,0.00,0.00,0.00,0.00,0.00,0.00,'',0,0,'','','','','','','',0.00,'',0,0,0,'0',0,'',0,0,0,'','','',0,0,0,0.00,'',0.00,0,'',0,'',0.00,0.00,0,0,0,0,0,0),
(37,0,'Steel Ladder 5.0 m','',1,0.00,0.00,0.00,0.00,'2025-02-19',0,1,0,'00037',0,0,0,0,0,0,0.00,0.00,0.00,0.00,0.00,0.00,0.00,0.00,0.00,'',0,0,'','','','','','','',0.00,'',0,0,0,'0',0,'',0,0,0,'','','',0,0,0,0.00,'',0.00,0,'',0,'',0.00,0.00,0,0,0,0,0,0),
(38,0,'H20 CONNECTION','',2,0.00,0.00,0.00,0.00,'2025-02-19',0,1,0,'00038',0,0,0,0,0,0,0.00,0.00,0.00,0.00,0.00,0.00,0.00,0.00,0.00,'',0,0,'','','','','','','',0.00,'',0,0,0,'0',0,'',0,0,0,'','','',0,0,0,0.00,'',0.00,0,'',0,'',0.00,0.00,0,0,0,0,0,0),
(39,0,'H20 END CONNECTION','',2,0.00,0.00,0.00,0.00,'2025-02-19',0,1,0,'00039',0,0,0,0,0,0,0.00,0.00,0.00,0.00,0.00,0.00,0.00,0.00,0.00,'',0,0,'','','','','','','',0.00,'',0,0,0,'0',0,'',0,0,0,'','','',0,0,0,0.00,'',0.00,0,'',0,'',0.00,0.00,0,0,0,0,0,0),
(40,0,'Double Base Plate','',2,0.00,0.00,0.00,0.00,'2025-02-19',0,1,0,'00040',0,0,0,0,0,0,0.00,0.00,0.00,0.00,0.00,0.00,0.00,0.00,0.00,'',0,0,'','','','','','','',0.00,'',0,0,0,'0',0,'',0,0,0,'','','',0,0,0,0.00,'',0.00,0,'',0,'',0.00,0.00,0,0,0,0,0,0),
(41,0,'Tie Rod 6M','',2,0.00,0.00,0.00,0.00,'2025-02-19',0,1,0,'00041',0,0,0,0,0,0,0.00,0.00,0.00,0.00,0.00,0.00,0.00,0.00,0.00,'',0,0,'','','','','','','',0.00,'',0,0,0,'0',0,'',0,0,0,'','','',0,0,0,0.00,'',0.00,0,'',0,'',0.00,0.00,0,0,0,0,0,0),
(42,0,'Primary Aluminum Beam  -\n5.40m','',2,0.00,0.00,0.00,0.00,'2025-02-19',0,1,0,'00042',0,0,0,0,0,0,0.00,0.00,0.00,0.00,0.00,0.00,0.00,0.00,0.00,'',0,0,'','','','','','','',0.00,'',0,0,0,'0',0,'',0,0,0,'','','',0,0,0,0.00,'',0.00,0,'',0,'',0.00,0.00,0,0,0,0,0,0),
(43,0,'Primary Aluminum Beam  -\n4.80m','',2,0.00,0.00,0.00,0.00,'2025-02-19',0,1,0,'00043',0,0,0,0,0,0,0.00,0.00,0.00,0.00,0.00,0.00,0.00,0.00,0.00,'',0,0,'','','','','','','',0.00,'',0,0,0,'0',0,'',0,0,0,'','','',0,0,0,0.00,'',0.00,0,'',0,'',0.00,0.00,0,0,0,0,0,0),
(44,0,'Primary Aluminum Beam  -4.20m\n','',2,0.00,0.00,0.00,0.00,'2025-02-19',0,1,0,'00044',0,0,0,0,0,0,0.00,0.00,0.00,0.00,0.00,0.00,0.00,0.00,0.00,'',0,0,'','','','','','','',0.00,'',0,0,0,'0',0,'',0,0,0,'','','',0,0,0,0.00,'',0.00,0,'',0,'',0.00,0.00,0,0,0,0,0,0),
(45,0,'Primary Aluminum Beam  -\n3.60m','',2,0.00,0.00,0.00,0.00,'2025-02-19',0,1,0,'00045',0,0,0,0,0,0,0.00,0.00,0.00,0.00,0.00,0.00,0.00,0.00,0.00,'',0,0,'','','','','','','',0.00,'',0,0,0,'0',0,'',0,0,0,'','','',0,0,0,0.00,'',0.00,0,'',0,'',0.00,0.00,0,0,0,0,0,0),
(46,0,'Primary Aluminum Beam  -\n3.40m','',2,0.00,0.00,0.00,0.00,'2025-02-19',0,1,0,'00046',0,0,0,0,0,0,0.00,0.00,0.00,0.00,0.00,0.00,0.00,0.00,0.00,'',0,0,'','','','','','','',0.00,'',0,0,0,'0',0,'',0,0,0,'','','',0,0,0,0.00,'',0.00,0,'',0,'',0.00,0.00,0,0,0,0,0,0),
(47,0,'Primary Aluminum Beam  -\n1.20m','',2,0.00,0.00,0.00,0.00,'2025-02-19',0,1,0,'00047',0,0,0,0,0,0,0.00,0.00,0.00,0.00,0.00,0.00,0.00,0.00,0.00,'',0,0,'','','','','','','',0.00,'',0,0,0,'0',0,'',0,0,0,'','','',0,0,0,0.00,'',0.00,0,'',0,'',0.00,0.00,0,0,0,0,0,0),
(48,0,'Primary Aluminum Beam  - 2.20\nm','',2,0.00,0.00,0.00,0.00,'2025-02-19',0,1,0,'00048',0,0,0,0,0,0,0.00,0.00,0.00,0.00,0.00,0.00,0.00,0.00,0.00,'',0,0,'','','','','','','',0.00,'',0,0,0,'0',0,'',0,0,0,'','','',0,0,0,0.00,'',0.00,0,'',0,'',0.00,0.00,0,0,0,0,0,0),
(49,0,'Secondary Aluminum Beam  -\n6.00 m','',2,0.00,0.00,0.00,0.00,'2025-02-19',0,1,0,'00049',0,0,0,0,0,0,0.00,0.00,0.00,0.00,0.00,0.00,0.00,0.00,0.00,'',0,0,'','','','','','','',0.00,'',0,0,0,'0',0,'',0,0,0,'','','',0,0,0,0.00,'',0.00,0,'',0,'',0.00,0.00,0,0,0,0,0,0),
(50,0,'Secondary Aluminum Beam  -\n5.40 m','',2,0.00,0.00,0.00,0.00,'2025-02-19',0,1,0,'00050',0,0,0,0,0,0,0.00,0.00,0.00,0.00,0.00,0.00,0.00,0.00,0.00,'',0,0,'','','','','','','',0.00,'',0,0,0,'0',0,'',0,0,0,'','','',0,0,0,0.00,'',0.00,0,'',0,'',0.00,0.00,0,0,0,0,0,0),
(51,0,'Secondary Aluminum Beam  -\n4.50m','',2,0.00,0.00,0.00,0.00,'2025-02-19',0,1,0,'00051',0,0,0,0,0,0,0.00,0.00,0.00,0.00,0.00,0.00,0.00,0.00,0.00,'',0,0,'','','','','','','',0.00,'',0,0,0,'0',0,'',0,0,0,'','','',0,0,0,0.00,'',0.00,0,'',0,'',0.00,0.00,0,0,0,0,0,0),
(52,0,'Secondary Aluminum Beam  -\n4.80 m','',2,0.00,0.00,0.00,0.00,'2025-02-19',0,1,0,'00052',0,0,0,0,0,0,0.00,0.00,0.00,0.00,0.00,0.00,0.00,0.00,0.00,'',0,0,'','','','','','','',0.00,'',0,0,0,'0',0,'',0,0,0,'','','',0,0,0,0.00,'',0.00,0,'',0,'',0.00,0.00,0,0,0,0,0,0),
(53,0,'Secondary Aluminum Beam-         4.00m      ','',2,0.00,0.00,0.00,0.00,'2025-02-19',0,1,0,'00053',0,0,0,0,0,0,0.00,0.00,0.00,0.00,0.00,0.00,0.00,0.00,0.00,'',0,0,'','','','','','','',0.00,'',0,0,0,'0',0,'',0,0,0,'','','',0,0,0,0.00,'',0.00,0,'',0,'',0.00,0.00,0,0,0,0,0,0),
(54,0,'Secondary Aluminum Beam-         3.60m      ','',2,0.00,0.00,0.00,0.00,'2025-02-19',0,1,0,'00054',0,0,0,0,0,0,0.00,0.00,0.00,0.00,0.00,0.00,0.00,0.00,0.00,'',0,0,'','','','','','','',0.00,'',0,0,0,'0',0,'',0,0,0,'','','',0,0,0,0.00,'',0.00,0,'',0,'',0.00,0.00,0,0,0,0,0,0),
(55,0,'Secondary Aluminum Beam  -\n3.00 m','',2,0.00,0.00,0.00,0.00,'2025-02-19',0,1,0,'00055',0,0,0,0,0,0,0.00,0.00,0.00,0.00,0.00,0.00,0.00,0.00,0.00,'',0,0,'','','','','','','',0.00,'',0,0,0,'0',0,'',0,0,0,'','','',0,0,0,0.00,'',0.00,0,'',0,'',0.00,0.00,0,0,0,0,0,0),
(56,0,'Secondary Aluminum Beam  -2.50 m\n','',2,0.00,0.00,0.00,0.00,'2025-02-19',0,1,0,'00056',0,0,0,0,0,0,0.00,0.00,0.00,0.00,0.00,0.00,0.00,0.00,0.00,'',0,0,'','','','','','','',0.00,'',0,0,0,'0',0,'',0,0,0,'','','',0,0,0,0.00,'',0.00,0,'',0,'',0.00,0.00,0,0,0,0,0,0),
(57,0,'Secondary Aluminum Beam  -\n2.00 m','',2,0.00,0.00,0.00,0.00,'2025-02-19',0,1,0,'00057',0,0,0,0,0,0,0.00,0.00,0.00,0.00,0.00,0.00,0.00,0.00,0.00,'',0,0,'','','','','','','',0.00,'',0,0,0,'0',0,'',0,0,0,'','','',0,0,0,0.00,'',0.00,0,'',0,'',0.00,0.00,0,0,0,0,0,0),
(58,0,'Secondary Aluminum Beam  -\n1.00 m','',2,0.00,0.00,0.00,0.00,'2025-02-19',0,1,0,'00058',0,0,0,0,0,0,0.00,0.00,0.00,0.00,0.00,0.00,0.00,0.00,0.00,'',0,0,'','','','','','','',0.00,'',0,0,0,'0',0,'',0,0,0,'','','',0,0,0,0.00,'',0.00,0,'',0,'',0.00,0.00,0,0,0,0,0,0),
(59,0,'Secondary Aluminum Beam  -\n2.20 m','',2,0.00,0.00,0.00,0.00,'2025-02-19',0,1,0,'00059',0,0,0,0,0,0,0.00,0.00,0.00,0.00,0.00,0.00,0.00,0.00,0.00,'',0,0,'','','','','','','',0.00,'',0,0,0,'0',0,'',0,0,0,'','','',0,0,0,0.00,'',0.00,0,'',0,'',0.00,0.00,0,0,0,0,0,0),
(60,0,'Secondary Aluminum Beam  -\n3.50 m','',2,0.00,0.00,0.00,0.00,'2025-02-19',0,1,0,'00060',0,0,0,0,0,0,0.00,0.00,0.00,0.00,0.00,0.00,0.00,0.00,0.00,'',0,0,'','','','','','','',0.00,'',0,0,0,'0',0,'',0,0,0,'','','',0,0,0,0.00,'',0.00,0,'',0,'',0.00,0.00,0,0,0,0,0,0),
(61,0,'Secondary Aluminum Beam  -\n1.50 m','',2,0.00,0.00,0.00,0.00,'2025-02-19',0,1,0,'00061',0,0,0,0,0,0,0.00,0.00,0.00,0.00,0.00,0.00,0.00,0.00,0.00,'',0,0,'','','','','','','',0.00,'',0,0,0,'0',0,'',0,0,0,'','','',0,0,0,0.00,'',0.00,0,'',0,'',0.00,0.00,0,0,0,0,0,0),
(62,0,'Secondary Aluminum Beam  -\n4.20 m','',2,0.00,0.00,0.00,0.00,'2025-02-19',0,1,0,'00062',0,0,0,0,0,0,0.00,0.00,0.00,0.00,0.00,0.00,0.00,0.00,0.00,'',0,0,'','','','','','','',0.00,'',0,0,0,'0',0,'',0,0,0,'','','',0,0,0,0.00,'',0.00,0,'',0,'',0.00,0.00,0,0,0,0,0,0),
(63,0,'Secondary Aluminum Beam  -\n3.20 m','',2,0.00,0.00,0.00,0.00,'2025-02-19',0,1,0,'00063',0,0,0,0,0,0,0.00,0.00,0.00,0.00,0.00,0.00,0.00,0.00,0.00,'',0,0,'','','','','','','',0.00,'',0,0,0,'0',0,'',0,0,0,'','','',0,0,0,0.00,'',0.00,0,'',0,'',0.00,0.00,0,0,0,0,0,0),
(64,0,'Secondary Aluminum Beam  -\n1.80 m','',2,0.00,0.00,0.00,0.00,'2025-02-19',0,1,0,'00064',0,0,0,0,0,0,0.00,0.00,0.00,0.00,0.00,0.00,0.00,0.00,0.00,'',0,0,'','','','','','','',0.00,'',0,0,0,'0',0,'',0,0,0,'','','',0,0,0,0.00,'',0.00,0,'',0,'',0.00,0.00,0,0,0,0,0,0),
(65,0,'Secondary Aluminum Beam  -\n2.40 m','',2,0.00,0.00,0.00,0.00,'2025-02-19',0,1,0,'00065',0,0,0,0,0,0,0.00,0.00,0.00,0.00,0.00,0.00,0.00,0.00,0.00,'',0,0,'','','','','','','',0.00,'',0,0,0,'0',0,'',0,0,0,'','','',0,0,0,0.00,'',0.00,0,'',0,'',0.00,0.00,0,0,0,0,0,0),
(66,0,'Secondary Aluminum Beam  -\n1.40m','',2,0.00,0.00,0.00,0.00,'2025-02-19',0,1,0,'00066',0,0,0,0,0,0,0.00,0.00,0.00,0.00,0.00,0.00,0.00,0.00,0.00,'',0,0,'','','','','','','',0.00,'',0,0,0,'0',0,'',0,0,0,'','','',0,0,0,0.00,'',0.00,0,'',0,'',0.00,0.00,0,0,0,0,0,0),
(67,0,'Primary Aluminum Beam  - 5.00\nm','',2,0.00,0.00,0.00,0.00,'2025-02-19',0,1,0,'00067',0,0,0,0,0,0,0.00,0.00,0.00,0.00,0.00,0.00,0.00,0.00,0.00,'',0,0,'','','','','','','',0.00,'',0,0,0,'0',0,'',0,0,0,'','','',0,0,0,0.00,'',0.00,0,'',0,'',0.00,0.00,0,0,0,0,0,0),
(68,0,'Secondary Aluminum Beam  -\n5.00 m','',2,0.00,0.00,0.00,0.00,'2025-02-19',0,1,0,'00068',0,0,0,0,0,0,0.00,0.00,0.00,0.00,0.00,0.00,0.00,0.00,0.00,'',0,0,'','','','','','','',0.00,'',0,0,0,'0',0,'',0,0,0,'','','',0,0,0,0.00,'',0.00,0,'',0,'',0.00,0.00,0,0,0,0,0,0),
(69,0,'Universal Clamps (Bolt type)','',2,0.00,0.00,0.00,0.00,'2025-02-19',0,1,0,'00069',0,0,0,0,0,0,0.00,0.00,0.00,0.00,0.00,0.00,0.00,0.00,0.00,'',0,0,'','','','','','','',0.00,'',0,0,0,'0',0,'',0,0,0,'','','',0,0,0,0.00,'',0.00,0,'',0,'',0.00,0.00,0,0,0,0,0,0),
(70,0,'H20 BEAM 6.00M','',2,0.00,0.00,0.00,0.00,'2025-02-19',0,1,0,'00070',0,0,0,0,0,0,0.00,0.00,0.00,0.00,0.00,0.00,0.00,0.00,0.00,'',0,0,'','','','','','','',0.00,'',0,0,0,'0',0,'',0,0,0,'','','',0,0,0,0.00,'',0.00,0,'',0,'',0.00,0.00,0,0,0,0,0,0),
(71,0,'H20 BEAM 5.90M','',2,0.00,0.00,0.00,0.00,'2025-02-19',0,1,0,'00071',0,0,0,0,0,0,0.00,0.00,0.00,0.00,0.00,0.00,0.00,0.00,0.00,'',0,0,'','','','','','','',0.00,'',0,0,0,'0',0,'',0,0,0,'','','',0,0,0,0.00,'',0.00,0,'',0,'',0.00,0.00,0,0,0,0,0,0),
(72,0,'H20 BEAM 5.40M','',2,0.00,0.00,0.00,0.00,'2025-02-19',0,1,0,'00072',0,0,0,0,0,0,0.00,0.00,0.00,0.00,0.00,0.00,0.00,0.00,0.00,'',0,0,'','','','','','','',0.00,'',0,0,0,'0',0,'',0,0,0,'','','',0,0,0,0.00,'',0.00,0,'',0,'',0.00,0.00,0,0,0,0,0,0),
(73,0,'H20 BEAM 5.00M','',2,0.00,0.00,0.00,0.00,'2025-02-19',0,1,0,'00073',0,0,0,0,0,0,0.00,0.00,0.00,0.00,0.00,0.00,0.00,0.00,0.00,'',0,0,'','','','','','','',0.00,'',0,0,0,'0',0,'',0,0,0,'','','',0,0,0,0.00,'',0.00,0,'',0,'',0.00,0.00,0,0,0,0,0,0),
(74,0,'H20 BEAM 4.90M','',2,0.00,0.00,0.00,0.00,'2025-02-19',0,1,0,'00074',0,0,0,0,0,0,0.00,0.00,0.00,0.00,0.00,0.00,0.00,0.00,0.00,'',0,0,'','','','','','','',0.00,'',0,0,0,'0',0,'',0,0,0,'','','',0,0,0,0.00,'',0.00,0,'',0,'',0.00,0.00,0,0,0,0,0,0),
(75,0,'H20 BEAM 4.50M','',2,0.00,0.00,0.00,0.00,'2025-02-19',0,1,0,'00075',0,0,0,0,0,0,0.00,0.00,0.00,0.00,0.00,0.00,0.00,0.00,0.00,'',0,0,'','','','','','','',0.00,'',0,0,0,'0',0,'',0,0,0,'','','',0,0,0,0.00,'',0.00,0,'',0,'',0.00,0.00,0,0,0,0,0,0),
(76,0,'H20 BEAM 4.20M','',2,0.00,0.00,0.00,0.00,'2025-02-19',0,1,0,'00076',0,0,0,0,0,0,0.00,0.00,0.00,0.00,0.00,0.00,0.00,0.00,0.00,'',0,0,'','','','','','','',0.00,'',0,0,0,'0',0,'',0,0,0,'','','',0,0,0,0.00,'',0.00,0,'',0,'',0.00,0.00,0,0,0,0,0,0),
(77,0,'H20 BEAM 4.00M','',2,0.00,0.00,0.00,0.00,'2025-02-19',0,1,0,'00077',0,0,0,0,0,0,0.00,0.00,0.00,0.00,0.00,0.00,0.00,0.00,0.00,'',0,0,'','','','','','','',0.00,'',0,0,0,'0',0,'',0,0,0,'','','',0,0,0,0.00,'',0.00,0,'',0,'',0.00,0.00,0,0,0,0,0,0),
(78,0,'H20 BEAM 3.90M','',2,0.00,0.00,0.00,0.00,'2025-02-19',0,1,0,'00078',0,0,0,0,0,0,0.00,0.00,0.00,0.00,0.00,0.00,0.00,0.00,0.00,'',0,0,'','','','','','','',0.00,'',0,0,0,'0',0,'',0,0,0,'','','',0,0,0,0.00,'',0.00,0,'',0,'',0.00,0.00,0,0,0,0,0,0),
(79,0,'H20 BEAM 3.60M','',2,0.00,0.00,0.00,0.00,'2025-02-19',0,1,0,'00079',0,0,0,0,0,0,0.00,0.00,0.00,0.00,0.00,0.00,0.00,0.00,0.00,'',0,0,'','','','','','','',0.00,'',0,0,0,'0',0,'',0,0,0,'','','',0,0,0,0.00,'',0.00,0,'',0,'',0.00,0.00,0,0,0,0,0,0),
(80,0,'H20 BEAM 3.30M','',2,0.00,0.00,0.00,0.00,'2025-02-19',0,1,0,'00080',0,0,0,0,0,0,0.00,0.00,0.00,0.00,0.00,0.00,0.00,0.00,0.00,'',0,0,'','','','','','','',0.00,'',0,0,0,'0',0,'',0,0,0,'','','',0,0,0,0.00,'',0.00,0,'',0,'',0.00,0.00,0,0,0,0,0,0),
(81,0,'H20 BEAM 2.90M','',2,0.00,0.00,0.00,0.00,'2025-02-19',0,1,0,'00081',0,0,0,0,0,0,0.00,0.00,0.00,0.00,0.00,0.00,0.00,0.00,0.00,'',0,0,'','','','','','','',0.00,'',0,0,0,'0',0,'',0,0,0,'','','',0,0,0,0.00,'',0.00,0,'',0,'',0.00,0.00,0,0,0,0,0,0),
(82,0,'H20 BEAM 2.50M','',2,0.00,0.00,0.00,0.00,'2025-02-19',0,1,0,'00082',0,0,0,0,0,0,0.00,0.00,0.00,0.00,0.00,0.00,0.00,0.00,0.00,'',0,0,'','','','','','','',0.00,'',0,0,0,'0',0,'',0,0,0,'','','',0,0,0,0.00,'',0.00,0,'',0,'',0.00,0.00,0,0,0,0,0,0),
(83,0,'H20 BEAM 2.20M','',2,0.00,0.00,0.00,0.00,'2025-02-19',0,1,0,'00083',0,0,0,0,0,0,0.00,0.00,0.00,0.00,0.00,0.00,0.00,0.00,0.00,'',0,0,'','','','','','','',0.00,'',0,0,0,'0',0,'',0,0,0,'','','',0,0,0,0.00,'',0.00,0,'',0,'',0.00,0.00,0,0,0,0,0,0),
(84,0,'H20 BEAM 2.00M','',2,0.00,0.00,0.00,0.00,'2025-02-19',0,1,0,'00084',0,0,0,0,0,0,0.00,0.00,0.00,0.00,0.00,0.00,0.00,0.00,0.00,'',0,0,'','','','','','','',0.00,'',0,0,0,'0',0,'',0,0,0,'','','',0,0,0,0.00,'',0.00,0,'',0,'',0.00,0.00,0,0,0,0,0,0),
(85,0,'H20 BEAM 1.80M','',2,0.00,0.00,0.00,0.00,'2025-02-19',0,1,0,'00085',0,0,0,0,0,0,0.00,0.00,0.00,0.00,0.00,0.00,0.00,0.00,0.00,'',0,0,'','','','','','','',0.00,'',0,0,0,'0',0,'',0,0,0,'','','',0,0,0,0.00,'',0.00,0,'',0,'',0.00,0.00,0,0,0,0,0,0),
(86,0,'H20 BEAM 1.25','',2,0.00,0.00,0.00,0.00,'2025-02-19',0,1,0,'00086',0,0,0,0,0,0,0.00,0.00,0.00,0.00,0.00,0.00,0.00,0.00,0.00,'',0,0,'','','','','','','',0.00,'',0,0,0,'0',0,'',0,0,0,'','','',0,0,0,0.00,'',0.00,0,'',0,'',0.00,0.00,0,0,0,0,0,0),
(87,0,'H20 BEAM 1.00','',2,0.00,0.00,0.00,0.00,'2025-02-19',0,1,0,'00087',0,0,0,0,0,0,0.00,0.00,0.00,0.00,0.00,0.00,0.00,0.00,0.00,'',0,0,'','','','','','','',0.00,'',0,0,0,'0',0,'',0,0,0,'','','',0,0,0,0.00,'',0.00,0,'',0,'',0.00,0.00,0,0,0,0,0,0),
(88,0,'3.2mm, Galvanized Tube 1 m','',1,0.00,0.00,0.00,0.00,'2025-02-19',0,1,0,'00088',0,0,0,0,0,0,0.00,0.00,0.00,0.00,0.00,0.00,0.00,0.00,0.00,'',0,0,'','','','','','','',0.00,'',0,0,0,'0',0,'',0,0,0,'','','',0,0,0,0.00,'',0.00,0,'',0,'',0.00,0.00,0,0,0,0,0,0),
(89,0,'3.2mm, Galvanized Tube 2m','',1,0.00,0.00,0.00,0.00,'2025-02-19',0,1,0,'00089',0,0,0,0,0,0,0.00,0.00,0.00,0.00,0.00,0.00,0.00,0.00,0.00,'',0,0,'','','','','','','',0.00,'',0,0,0,'0',0,'',0,0,0,'','','',0,0,0,0.00,'',0.00,0,'',0,'',0.00,0.00,0,0,0,0,0,0),
(90,0,'3.2mm, Galvanized Tube 2.5 m','',1,0.00,0.00,0.00,0.00,'2025-02-19',0,1,0,'00090',0,0,0,0,0,0,0.00,0.00,0.00,0.00,0.00,0.00,0.00,0.00,0.00,'',0,0,'','','','','','','',0.00,'',0,0,0,'0',0,'',0,0,0,'','','',0,0,0,0.00,'',0.00,0,'',0,'',0.00,0.00,0,0,0,0,0,0),
(91,0,'3.2mm, Galvanized Tube 3 m','',1,0.00,0.00,0.00,0.00,'2025-02-19',0,1,0,'00091',0,0,0,0,0,0,0.00,0.00,0.00,0.00,0.00,0.00,0.00,0.00,0.00,'',0,0,'','','','','','','',0.00,'',0,0,0,'0',0,'',0,0,0,'','','',0,0,0,0.00,'',0.00,0,'',0,'',0.00,0.00,0,0,0,0,0,0),
(92,0,'3.2mm, Galvanized Tube 4 m','',1,0.00,0.00,0.00,0.00,'2025-02-19',0,1,0,'00092',0,0,0,0,0,0,0.00,0.00,0.00,0.00,0.00,0.00,0.00,0.00,0.00,'',0,0,'','','','','','','',0.00,'',0,0,0,'0',0,'',0,0,0,'','','',0,0,0,0.00,'',0.00,0,'',0,'',0.00,0.00,0,0,0,0,0,0),
(93,0,'3.2mm, Galvanized Tube 6 m','',1,0.00,0.00,0.00,0.00,'2025-02-19',0,1,0,'00093',0,0,0,0,0,0,0.00,0.00,0.00,0.00,0.00,0.00,0.00,0.00,0.00,'',0,0,'','','','','','','',0.00,'',0,0,0,'0',0,'',0,0,0,'','','',0,0,0,0.00,'',0.00,0,'',0,'',0.00,0.00,0,0,0,0,0,0),
(94,0,'3.2mm, Galvanized Tube 1.5 m','',1,0.00,0.00,0.00,0.00,'2025-02-19',0,1,0,'00094',0,0,0,0,0,0,0.00,0.00,0.00,0.00,0.00,0.00,0.00,0.00,0.00,'',0,0,'','','','','','','',0.00,'',0,0,0,'0',0,'',0,0,0,'','','',0,0,0,0.00,'',0.00,0,'',0,'',0.00,0.00,0,0,0,0,0,0),
(95,0,'LVL Scaffold Board 230mm X\n42mm X 2.0 m','',1,0.00,0.00,0.00,0.00,'2025-02-19',0,1,0,'00095',0,0,0,0,0,0,0.00,0.00,0.00,0.00,0.00,0.00,0.00,0.00,0.00,'',0,0,'','','','','','','',0.00,'',0,0,0,'0',0,'',0,0,0,'','','',0,0,0,0.00,'',0.00,0,'',0,'',0.00,0.00,0,0,0,0,0,0),
(96,0,'LVL\n Scaffold Board 225mm X38mm X 4.0 m','',1,0.00,0.00,0.00,0.00,'2025-02-19',0,1,0,'00096',0,0,0,0,0,0,0.00,0.00,0.00,0.00,0.00,0.00,0.00,0.00,0.00,'',0,0,'','','','','','','',0.00,'',0,0,0,'0',0,'',0,0,0,'','','',0,0,0,0.00,'',0.00,0,'',0,'',0.00,0.00,0,0,0,0,0,0),
(97,0,'LVL Scaffold Board 225mm X\n38mm X 2.0 m','',1,0.00,0.00,0.00,0.00,'2025-02-19',0,1,0,'00097',0,0,0,0,0,0,0.00,0.00,0.00,0.00,0.00,0.00,0.00,0.00,0.00,'',0,0,'','','','','','','',0.00,'',0,0,0,'0',0,'',0,0,0,'','','',0,0,0,0.00,'',0.00,0,'',0,'',0.00,0.00,0,0,0,0,0,0),
(98,0,'LVL Scaffold Board 225mm X\n38mm X 3.0 m','',1,0.00,0.00,0.00,0.00,'2025-02-19',0,1,0,'00098',0,0,0,0,0,0,0.00,0.00,0.00,0.00,0.00,0.00,0.00,0.00,0.00,'',0,0,'','','','','','','',0.00,'',0,0,0,'0',0,'',0,0,0,'','','',0,0,0,0.00,'',0.00,0,'',0,'',0.00,0.00,0,0,0,0,0,0),
(99,0,'LVL Scaffold Board 225mm X\n38mm X 2.50 m','',1,0.00,0.00,0.00,0.00,'2025-02-19',0,1,0,'00099',0,0,0,0,0,0,0.00,0.00,0.00,0.00,0.00,0.00,0.00,0.00,0.00,'',0,0,'','','','','','','',0.00,'',0,0,0,'0',0,'',0,0,0,'','','',0,0,0,0.00,'',0.00,0,'',0,'',0.00,0.00,0,0,0,0,0,0),
(100,0,'LVL Scaffold Board 225mm X\n38mm X 1.50 m','',1,0.00,0.00,0.00,0.00,'2025-02-19',0,1,0,'00100',0,0,0,0,0,0,0.00,0.00,0.00,0.00,0.00,0.00,0.00,0.00,0.00,'',0,0,'','','','','','','',0.00,'',0,0,0,'0',0,'',0,0,0,'','','',0,0,0,0.00,'',0.00,0,'',0,'',0.00,0.00,0,0,0,0,0,0),
(101,0,'Wing Nut','',1,0.00,0.00,0.00,0.00,'2025-02-19',0,1,0,'00101',0,0,0,0,0,0,0.00,0.00,0.00,0.00,0.00,0.00,0.00,0.00,0.00,'',0,0,'','','','','','','',0.00,'',0,0,0,'0',0,'',0,0,0,'','','',0,0,0,0.00,'',0.00,0,'',0,'',0.00,0.00,0,0,0,0,0,0),
(102,0,'ACCESS BRACKET FOR VL.\nSOLDIER','',2,0.00,0.00,0.00,0.00,'2025-02-19',0,1,0,'00102',0,0,0,0,0,0,0.00,0.00,0.00,0.00,0.00,0.00,0.00,0.00,0.00,'',0,0,'','','','','','','',0.00,'',0,0,0,'0',0,'',0,0,0,'','','',0,0,0,0.00,'',0.00,0,'',0,'',0.00,0.00,0,0,0,0,0,0),
(103,0,'HI SCAFFE\n BRACKET','',2,0.00,0.00,0.00,0.00,'2025-02-19',0,1,0,'00103',0,0,0,0,0,0,0.00,0.00,0.00,0.00,0.00,0.00,0.00,0.00,0.00,'',0,0,'','','','','','','',0.00,'',0,0,0,'0',0,'',0,0,0,'','','',0,0,0,0.00,'',0.00,0,'',0,'',0.00,0.00,0,0,0,0,0,0),
(104,0,'Bolt M16 L=18cm (DVD)','',2,0.00,0.00,0.00,0.00,'2025-02-19',0,1,0,'00104',0,0,0,0,0,0,0.00,0.00,0.00,0.00,0.00,0.00,0.00,0.00,0.00,'',0,0,'','','','','','','',0.00,'',0,0,0,'0',0,'',0,0,0,'','','',0,0,0,0.00,'',0.00,0,'',0,'',0.00,0.00,0,0,0,0,0,0),
(105,0,'VMC Shore Connector','',2,0.00,0.00,0.00,0.00,'2025-02-19',0,1,0,'00105',0,0,0,0,0,0,0.00,0.00,0.00,0.00,0.00,0.00,0.00,0.00,0.00,'',0,0,'','','','','','','',0.00,'',0,0,0,'0',0,'',0,0,0,'','','',0,0,0,0.00,'',0.00,0,'',0,'',0.00,0.00,0,0,0,0,0,0),
(106,0,'PIN COTTER','',2,0.00,0.00,0.00,0.00,'2025-02-19',0,1,0,'00106',0,0,0,0,0,0,0.00,0.00,0.00,0.00,0.00,0.00,0.00,0.00,0.00,'',0,0,'','','','','','','',0.00,'',0,0,0,'0',0,'',0,0,0,'','','',0,0,0,0.00,'',0.00,0,'',0,'',0.00,0.00,0,0,0,0,0,0),
(107,0,'Lifting Eye Angle Type','',2,0.00,0.00,0.00,0.00,'2025-02-19',0,1,0,'00107',0,0,0,0,0,0,0.00,0.00,0.00,0.00,0.00,0.00,0.00,0.00,0.00,'',0,0,'','','','','','','',0.00,'',0,0,0,'0',0,'',0,0,0,'','','',0,0,0,0.00,'',0.00,0,'',0,'',0.00,0.00,0,0,0,0,0,0),
(108,0,'Base Plate With Tube 2.5 MTR','',2,0.00,0.00,0.00,0.00,'2025-02-19',0,1,0,'00108',0,0,0,0,0,0,0.00,0.00,0.00,0.00,0.00,0.00,0.00,0.00,0.00,'',0,0,'','','','','','','',0.00,'',0,0,0,'0',0,'',0,0,0,'','','',0,0,0,0.00,'',0.00,0,'',0,'',0.00,0.00,0,0,0,0,0,0),
(109,0,'CONNECTING PIN 10CM','',2,0.00,0.00,0.00,0.00,'2025-02-19',0,1,0,'00109',0,0,0,0,0,0,0.00,0.00,0.00,0.00,0.00,0.00,0.00,0.00,0.00,'',0,0,'','','','','','','',0.00,'',0,0,0,'0',0,'',0,0,0,'','','',0,0,0,0.00,'',0.00,0,'',0,'',0.00,0.00,0,0,0,0,0,0),
(110,0,'WAILING SPLICE 0.65M','',2,0.00,0.00,0.00,0.00,'2025-02-19',0,1,0,'00110',0,0,0,0,0,0,0.00,0.00,0.00,0.00,0.00,0.00,0.00,0.00,0.00,'',0,0,'','','','','','','',0.00,'',0,0,0,'0',0,'',0,0,0,'','','',0,0,0,0.00,'',0.00,0,'',0,'',0.00,0.00,0,0,0,0,0,0),
(111,0,'TIE CONNECTOR 0.20m DVD','',2,0.00,0.00,0.00,0.00,'2025-02-19',0,1,0,'00111',0,0,0,0,0,0,0.00,0.00,0.00,0.00,0.00,0.00,0.00,0.00,0.00,'',0,0,'','','','','','','',0.00,'',0,0,0,'0',0,'',0,0,0,'','','',0,0,0,0.00,'',0.00,0,'',0,'',0.00,0.00,0,0,0,0,0,0),
(112,0,'steel washer Plate','',2,0.00,0.00,0.00,0.00,'2025-02-19',0,1,0,'00112',0,0,0,0,0,0,0.00,0.00,0.00,0.00,0.00,0.00,0.00,0.00,0.00,'',0,0,'','','','','','','',0.00,'',0,0,0,'0',0,'',0,0,0,'','','',0,0,0,0.00,'',0.00,0,'',0,'',0.00,0.00,0,0,0,0,0,0),
(113,0,'Push Pull PPS 170M\n','',2,0.00,0.00,0.00,0.00,'2025-02-19',0,1,0,'00113',0,0,0,0,0,0,0.00,0.00,0.00,0.00,0.00,0.00,0.00,0.00,0.00,'',0,0,'','','','','','','',0.00,'',0,0,0,'0',0,'',0,0,0,'','','',0,0,0,0.00,'',0.00,0,'',0,'',0.00,0.00,0,0,0,0,0,0),
(114,0,'Push Pull PPS 1.00M\n','',2,0.00,0.00,0.00,0.00,'2025-02-19',0,1,0,'00114',0,0,0,0,0,0,0.00,0.00,0.00,0.00,0.00,0.00,0.00,0.00,0.00,'',0,0,'','','','','','','',0.00,'',0,0,0,'0',0,'',0,0,0,'','','',0,0,0,0.00,'',0.00,0,'',0,'',0.00,0.00,0,0,0,0,0,0),
(115,0,'EURO PROP JACK 3M','',2,0.00,0.00,0.00,0.00,'2025-02-19',0,1,0,'00115',0,0,0,0,0,0,0.00,0.00,0.00,0.00,0.00,0.00,0.00,0.00,0.00,'',0,0,'','','','','','','',0.00,'',0,0,0,'0',0,'',0,0,0,'','','',0,0,0,0.00,'',0.00,0,'',0,'',0.00,0.00,0,0,0,0,0,0),
(116,0,'EURO PROP JACK 3.5M','',2,0.00,0.00,0.00,0.00,'2025-02-19',0,1,0,'00116',0,0,0,0,0,0,0.00,0.00,0.00,0.00,0.00,0.00,0.00,0.00,0.00,'',0,0,'','','','','','','',0.00,'',0,0,0,'0',0,'',0,0,0,'','','',0,0,0,0.00,'',0.00,0,'',0,'',0.00,0.00,0,0,0,0,0,0),
(117,0,'EURO PROP JACK 4M','',2,0.00,0.00,0.00,0.00,'2025-02-19',0,1,0,'00117',0,0,0,0,0,0,0.00,0.00,0.00,0.00,0.00,0.00,0.00,0.00,0.00,'',0,0,'','','','','','','',0.00,'',0,0,0,'0',0,'',0,0,0,'','','',0,0,0,0.00,'',0.00,0,'',0,'',0.00,0.00,0,0,0,0,0,0),
(118,0,'BRACING PIPE 2M TO 4M','',2,0.00,0.00,0.00,0.00,'2025-02-19',0,1,0,'00118',0,0,0,0,0,0,0.00,0.00,0.00,0.00,0.00,0.00,0.00,0.00,0.00,'',0,0,'','','','','','','',0.00,'',0,0,0,'0',0,'',0,0,0,'','','',0,0,0,0.00,'',0.00,0,'',0,'',0.00,0.00,0,0,0,0,0,0),
(119,0,'DOKA COLUMN SHUTTER 1M*.60M*3M','',2,0.00,0.00,0.00,0.00,'2025-02-19',0,1,0,'00119',0,0,0,0,0,0,0.00,0.00,0.00,0.00,0.00,0.00,0.00,0.00,0.00,'',0,0,'','','','','','','',0.00,'',0,0,0,'0',0,'',0,0,0,'','','',0,0,0,0.00,'',0.00,0,'',0,'',0.00,0.00,0,0,0,0,0,0),
(120,0,'DOKA COLUMN SHUTTER .60M*.60M*3M','',2,0.00,0.00,0.00,0.00,'2025-02-19',0,1,0,'00120',0,0,0,0,0,0,0.00,0.00,0.00,0.00,0.00,0.00,0.00,0.00,0.00,'',0,0,'','','','','','','',0.00,'',0,0,0,'0',0,'',0,0,0,'','','',0,0,0,0.00,'',0.00,0,'',0,'',0.00,0.00,0,0,0,0,0,0),
(121,0,'DOKA COLUMN SHUTTER 1.20M*.60M*3M','',2,0.00,0.00,0.00,0.00,'2025-02-19',0,1,0,'00121',0,0,0,0,0,0,0.00,0.00,0.00,0.00,0.00,0.00,0.00,0.00,0.00,'',0,0,'','','','','','','',0.00,'',0,0,0,'0',0,'',0,0,0,'','','',0,0,0,0.00,'',0.00,0,'',0,'',0.00,0.00,0,0,0,0,0,0),
(122,0,'DOKA COLUMN SHUTTER .80M*.60M*3M','',2,0.00,0.00,0.00,0.00,'2025-02-19',0,1,0,'00122',0,0,0,0,0,0,0.00,0.00,0.00,0.00,0.00,0.00,0.00,0.00,0.00,'',0,0,'','','','','','','',0.00,'',0,0,0,'0',0,'',0,0,0,'','','',0,0,0,0.00,'',0.00,0,'',0,'',0.00,0.00,0,0,0,0,0,0),
(123,0,'DOKA COLUMN SHUTTER 1.00M*.60M*3M','',2,0.00,0.00,0.00,0.00,'2025-02-19',0,1,0,'00123',0,0,0,0,0,0,0.00,0.00,0.00,0.00,0.00,0.00,0.00,0.00,0.00,'',0,0,'','','','','','','',0.00,'',0,0,0,'0',0,'',0,0,0,'','','',0,0,0,0.00,'',0.00,0,'',0,'',0.00,0.00,0,0,0,0,0,0),
(124,0,'DOKA COLUMN SHUTTER .80M*.80M*3M','',2,0.00,0.00,0.00,0.00,'2025-02-19',0,1,0,'00124',0,0,0,0,0,0,0.00,0.00,0.00,0.00,0.00,0.00,0.00,0.00,0.00,'',0,0,'','','','','','','',0.00,'',0,0,0,'0',0,'',0,0,0,'','','',0,0,0,0.00,'',0.00,0,'',0,'',0.00,0.00,0,0,0,0,0,0),
(125,0,'alumuniom leadger 3m','',3,0.00,0.00,0.00,0.00,'2025-02-19',0,1,0,'00125',0,0,0,0,0,0,0.00,0.00,0.00,0.00,0.00,0.00,0.00,0.00,0.00,'',0,0,'','','','','','','',0.00,'',0,0,0,'0',0,'',0,0,0,'','','',0,0,0,0.00,'',0.00,0,'',0,'',0.00,0.00,0,0,0,0,0,0),
(126,0,'Lifting huk for h20','',2,0.00,0.00,0.00,0.00,'2025-02-19',0,1,0,'00126',0,0,0,0,0,0,0.00,0.00,0.00,0.00,0.00,0.00,0.00,0.00,0.00,'',0,0,'','','','','','','',0.00,'',0,0,0,'0',0,'',0,0,0,'','','',0,0,0,0.00,'',0.00,0,'',0,'',0.00,0.00,0,0,0,0,0,0),
(127,0,'doka panal sturt 4m','',2,0.00,0.00,0.00,0.00,'2025-02-19',0,1,0,'00127',0,0,0,0,0,0,0.00,0.00,0.00,0.00,0.00,0.00,0.00,0.00,0.00,'',0,0,'','','','','','','',0.00,'',0,0,0,'0',0,'',0,0,0,'','','',0,0,0,0.00,'',0.00,0,'',0,'',0.00,0.00,0,0,0,0,0,0),
(128,0,'doka panal sturt 2m','',2,0.00,0.00,0.00,0.00,'2025-02-19',0,1,0,'00128',0,0,0,0,0,0,0.00,0.00,0.00,0.00,0.00,0.00,0.00,0.00,0.00,'',0,0,'','','','','','','',0.00,'',0,0,0,'0',0,'',0,0,0,'','','',0,0,0,0.00,'',0.00,0,'',0,'',0.00,0.00,0,0,0,0,0,0),
(129,0,'doka panal sturt 90 CM','',2,0.00,0.00,0.00,0.00,'2025-02-19',0,1,0,'00129',0,0,0,0,0,0,0.00,0.00,0.00,0.00,0.00,0.00,0.00,0.00,0.00,'',0,0,'','','','','','','',0.00,'',0,0,0,'0',0,'',0,0,0,'','','',0,0,0,0.00,'',0.00,0,'',0,'',0.00,0.00,0,0,0,0,0,0),
(130,0,'CORNER SPLICE 60*60 DOUBLE','',2,0.00,0.00,0.00,0.00,'2025-02-19',0,1,0,'00130',0,0,0,0,0,0,0.00,0.00,0.00,0.00,0.00,0.00,0.00,0.00,0.00,'',0,0,'','','','','','','',0.00,'',0,0,0,'0',0,'',0,0,0,'','','',0,0,0,0.00,'',0.00,0,'',0,'',0.00,0.00,0,0,0,0,0,0),
(131,0,'Steel Soldier 6.00m','',2,0.00,0.00,0.00,0.00,'2025-02-19',0,1,0,'00131',0,0,0,0,0,0,0.00,0.00,0.00,0.00,0.00,0.00,0.00,0.00,0.00,'',0,0,'','','','','','','',0.00,'',0,0,0,'0',0,'',0,0,0,'','','',0,0,0,0.00,'',0.00,0,'',0,'',0.00,0.00,0,0,0,0,0,0),
(132,0,'steel soldier 5.0m','',2,0.00,0.00,0.00,0.00,'2025-02-19',0,1,0,'00132',0,0,0,0,0,0,0.00,0.00,0.00,0.00,0.00,0.00,0.00,0.00,0.00,'',0,0,'','','','','','','',0.00,'',0,0,0,'0',0,'',0,0,0,'','','',0,0,0,0.00,'',0.00,0,'',0,'',0.00,0.00,0,0,0,0,0,0),
(133,0,'Steel Soldier 4.50 m','',2,0.00,0.00,0.00,0.00,'2025-02-19',0,1,0,'00133',0,0,0,0,0,0,0.00,0.00,0.00,0.00,0.00,0.00,0.00,0.00,0.00,'',0,0,'','','','','','','',0.00,'',0,0,0,'0',0,'',0,0,0,'','','',0,0,0,0.00,'',0.00,0,'',0,'',0.00,0.00,0,0,0,0,0,0),
(134,0,'Steel Soldier 4.00 m','',2,0.00,0.00,0.00,0.00,'2025-02-19',0,1,0,'00134',0,0,0,0,0,0,0.00,0.00,0.00,0.00,0.00,0.00,0.00,0.00,0.00,'',0,0,'','','','','','','',0.00,'',0,0,0,'0',0,'',0,0,0,'','','',0,0,0,0.00,'',0.00,0,'',0,'',0.00,0.00,0,0,0,0,0,0),
(135,0,'Steel Soldier 3.75 m','',2,0.00,0.00,0.00,0.00,'2025-02-19',0,1,0,'00135',0,0,0,0,0,0,0.00,0.00,0.00,0.00,0.00,0.00,0.00,0.00,0.00,'',0,0,'','','','','','','',0.00,'',0,0,0,'0',0,'',0,0,0,'','','',0,0,0,0.00,'',0.00,0,'',0,'',0.00,0.00,0,0,0,0,0,0),
(136,0,'Steel Soldier 3.50 m','',2,0.00,0.00,0.00,0.00,'2025-02-19',0,1,0,'00136',0,0,0,0,0,0,0.00,0.00,0.00,0.00,0.00,0.00,0.00,0.00,0.00,'',0,0,'','','','','','','',0.00,'',0,0,0,'0',0,'',0,0,0,'','','',0,0,0,0.00,'',0.00,0,'',0,'',0.00,0.00,0,0,0,0,0,0),
(137,0,'Steel Soldier 3.25 m','',2,0.00,0.00,0.00,0.00,'2025-02-19',0,1,0,'00137',0,0,0,0,0,0,0.00,0.00,0.00,0.00,0.00,0.00,0.00,0.00,0.00,'',0,0,'','','','','','','',0.00,'',0,0,0,'0',0,'',0,0,0,'','','',0,0,0,0.00,'',0.00,0,'',0,'',0.00,0.00,0,0,0,0,0,0),
(138,0,'Steel Soldier 3.00 m','',2,0.00,0.00,0.00,0.00,'2025-02-19',0,1,0,'00138',0,0,0,0,0,0,0.00,0.00,0.00,0.00,0.00,0.00,0.00,0.00,0.00,'',0,0,'','','','','','','',0.00,'',0,0,0,'0',0,'',0,0,0,'','','',0,0,0,0.00,'',0.00,0,'',0,'',0.00,0.00,0,0,0,0,0,0),
(139,0,'Steel Soldier 2.50 m','',2,0.00,0.00,0.00,0.00,'2025-02-19',0,1,0,'00139',0,0,0,0,0,0,0.00,0.00,0.00,0.00,0.00,0.00,0.00,0.00,0.00,'',0,0,'','','','','','','',0.00,'',0,0,0,'0',0,'',0,0,0,'','','',0,0,0,0.00,'',0.00,0,'',0,'',0.00,0.00,0,0,0,0,0,0),
(140,0,'Steel Soldier 2.25 m','',2,0.00,0.00,0.00,0.00,'2025-02-19',0,1,0,'00140',0,0,0,0,0,0,0.00,0.00,0.00,0.00,0.00,0.00,0.00,0.00,0.00,'',0,0,'','','','','','','',0.00,'',0,0,0,'0',0,'',0,0,0,'','','',0,0,0,0.00,'',0.00,0,'',0,'',0.00,0.00,0,0,0,0,0,0),
(141,0,'Steel Soldier 2.00 m','',2,0.00,0.00,0.00,0.00,'2025-02-19',0,1,0,'00141',0,0,0,0,0,0,0.00,0.00,0.00,0.00,0.00,0.00,0.00,0.00,0.00,'',0,0,'','','','','','','',0.00,'',0,0,0,'0',0,'',0,0,0,'','','',0,0,0,0.00,'',0.00,0,'',0,'',0.00,0.00,0,0,0,0,0,0),
(142,0,'Steel Soldier 1.80 m','',2,0.00,0.00,0.00,0.00,'2025-02-19',0,1,0,'00142',0,0,0,0,0,0,0.00,0.00,0.00,0.00,0.00,0.00,0.00,0.00,0.00,'',0,0,'','','','','','','',0.00,'',0,0,0,'0',0,'',0,0,0,'','','',0,0,0,0.00,'',0.00,0,'',0,'',0.00,0.00,0,0,0,0,0,0),
(143,0,'Steel Soldier 1.50 m','',2,0.00,0.00,0.00,0.00,'2025-02-19',0,1,0,'00143',0,0,0,0,0,0,0.00,0.00,0.00,0.00,0.00,0.00,0.00,0.00,0.00,'',0,0,'','','','','','','',0.00,'',0,0,0,'0',0,'',0,0,0,'','','',0,0,0,0.00,'',0.00,0,'',0,'',0.00,0.00,0,0,0,0,0,0),
(144,0,'Steel Soldier 1.00 m','',2,0.00,0.00,0.00,0.00,'2025-02-19',0,1,0,'00144',0,0,0,0,0,0,0.00,0.00,0.00,0.00,0.00,0.00,0.00,0.00,0.00,'',0,0,'','','','','','','',0.00,'',0,0,0,'0',0,'',0,0,0,'','','',0,0,0,0.00,'',0.00,0,'',0,'',0.00,0.00,0,0,0,0,0,0),
(145,0,'Steel Soldier 1.25 m','',2,0.00,0.00,0.00,0.00,'2025-02-19',0,1,0,'00145',0,0,0,0,0,0,0.00,0.00,0.00,0.00,0.00,0.00,0.00,0.00,0.00,'',0,0,'','','','','','','',0.00,'',0,0,0,'0',0,'',0,0,0,'','','',0,0,0,0.00,'',0.00,0,'',0,'',0.00,0.00,0,0,0,0,0,0),
(146,0,'Steel Soldier .75 m','',2,0.00,0.00,0.00,0.00,'2025-02-19',0,1,0,'00146',0,0,0,0,0,0,0.00,0.00,0.00,0.00,0.00,0.00,0.00,0.00,0.00,'',0,0,'','','','','','','',0.00,'',0,0,0,'0',0,'',0,0,0,'','','',0,0,0,0.00,'',0.00,0,'',0,'',0.00,0.00,0,0,0,0,0,0),
(147,0,'Steel Soldier .50 m','',2,0.00,0.00,0.00,0.00,'2025-02-19',0,1,0,'00147',0,0,0,0,0,0,0.00,0.00,0.00,0.00,0.00,0.00,0.00,0.00,0.00,'',0,0,'','','','','','','',0.00,'',0,0,0,'0',0,'',0,0,0,'','','',0,0,0,0.00,'',0.00,0,'',0,'',0.00,0.00,0,0,0,0,0,0),
(148,0,'CORNER SPLICE 40*60 DOUBLE','',2,0.00,0.00,0.00,0.00,'2025-02-19',0,1,0,'00148',0,0,0,0,0,0,0.00,0.00,0.00,0.00,0.00,0.00,0.00,0.00,0.00,'',0,0,'','','','','','','',0.00,'',0,0,0,'0',0,'',0,0,0,'','','',0,0,0,0.00,'',0.00,0,'',0,'',0.00,0.00,0,0,0,0,0,0),
(149,0,'SPLICE .60M DOUBLE','',2,0.00,0.00,0.00,0.00,'2025-02-19',0,1,0,'00149',0,0,0,0,0,0,0.00,0.00,0.00,0.00,0.00,0.00,0.00,0.00,0.00,'',0,0,'','','','','','','',0.00,'',0,0,0,'0',0,'',0,0,0,'','','',0,0,0,0.00,'',0.00,0,'',0,'',0.00,0.00,0,0,0,0,0,0),
(150,0,'SPLICE .55M DOUBLE','',2,0.00,0.00,0.00,0.00,'2025-02-19',0,1,0,'00150',0,0,0,0,0,0,0.00,0.00,0.00,0.00,0.00,0.00,0.00,0.00,0.00,'',0,0,'','','','','','','',0.00,'',0,0,0,'0',0,'',0,0,0,'','','',0,0,0,0.00,'',0.00,0,'',0,'',0.00,0.00,0,0,0,0,0,0),
(151,0,'UNIVERSAL CORNNER ANGLE','',2,0.00,0.00,0.00,0.00,'2025-02-19',0,1,0,'00151',0,0,0,0,0,0,0.00,0.00,0.00,0.00,0.00,0.00,0.00,0.00,0.00,'',0,0,'','','','','','','',0.00,'',0,0,0,'0',0,'',0,0,0,'','','',0,0,0,0.00,'',0.00,0,'',0,'',0.00,0.00,0,0,0,0,0,0),
(152,0,'SHORE CONNECTOR','',2,0.00,0.00,0.00,0.00,'2025-02-19',0,1,0,'00152',0,0,0,0,0,0,0.00,0.00,0.00,0.00,0.00,0.00,0.00,0.00,0.00,'',0,0,'','','','','','','',0.00,'',0,0,0,'0',0,'',0,0,0,'','','',0,0,0,0.00,'',0.00,0,'',0,'',0.00,0.00,0,0,0,0,0,0),
(153,0,'STEEL STAIR CASE 2.30','',1,0.00,0.00,0.00,0.00,'2025-02-19',0,1,0,'00153',0,0,0,0,0,0,0.00,0.00,0.00,0.00,0.00,0.00,0.00,0.00,0.00,'',0,0,'','','','','','','',0.00,'',0,0,0,'0',0,'',0,0,0,'','','',0,0,0,0.00,'',0.00,0,'',0,'',0.00,0.00,0,0,0,0,0,0),
(154,0,'STEEL STAIR CASE 2.60','',1,0.00,0.00,0.00,0.00,'2025-02-19',0,1,0,'00154',0,0,0,0,0,0,0.00,0.00,0.00,0.00,0.00,0.00,0.00,0.00,0.00,'',0,0,'','','','','','','',0.00,'',0,0,0,'0',0,'',0,0,0,'','','',0,0,0,0.00,'',0.00,0,'',0,'',0.00,0.00,0,0,0,0,0,0),
(155,0,'doka push pull big size 3m','',2,0.00,0.00,0.00,0.00,'2025-02-23',0,1,0,'00155',0,0,0,0,0,0,0.00,0.00,0.00,0.00,0.00,0.00,0.00,0.00,0.00,'33183f94f76e1fe7732b04315b6c4897.png',0,0,'','','','','','','',0.00,'',0,0,0,'0',0,'',0,0,0,'GS1','','',0,0,0,0.00,'',0.00,0,'',0,'',0.00,0.00,0,0,0,0,0,0),
(156,0,'doka push pull 3m','',2,0.00,0.00,0.00,0.00,'2025-02-23',0,1,0,'00156',0,0,0,0,0,0,0.00,0.00,0.00,0.00,0.00,0.00,0.00,0.00,0.00,'19c83c88c5c44d4268b419aed04f0d24.png',0,0,'','','','','','','',0.00,'',0,0,0,'0',0,'',0,0,0,'GS1','','',0,0,0,0.00,'',0.00,0,'',0,'',0.00,0.00,0,0,0,0,0,0),
(157,0,'doka push pull 2.3','',2,0.00,0.00,0.00,0.00,'2025-02-23',0,1,0,'00157',0,0,0,0,0,0,0.00,0.00,0.00,0.00,0.00,0.00,0.00,0.00,0.00,'0c5813ffc566de5e78f68d53b3145d0a.png',0,0,'','','','','','','',0.00,'',0,0,0,'0',0,'',0,0,0,'GS1','','',0,0,0,0.00,'',0.00,0,'',0,'',0.00,0.00,0,0,0,0,0,0),
(158,0,'doka push pull 2.85','',2,0.00,0.00,0.00,0.00,'2025-02-23',0,1,0,'00158',0,0,0,0,0,0,0.00,0.00,0.00,0.00,0.00,0.00,0.00,0.00,0.00,'a4b72ddec044e0bff15f91a28e55cf83.png',0,0,'','','','','','','',0.00,'',0,0,0,'0',0,'',0,0,0,'GS1','','',0,0,0,0.00,'',0.00,0,'',0,'',0.00,0.00,0,0,0,0,0,0),
(159,0,'doka push pull 4m','',2,0.00,0.00,0.00,0.00,'2025-02-23',0,1,0,'00159',0,0,0,0,0,0,0.00,0.00,0.00,0.00,0.00,0.00,0.00,0.00,0.00,'ee2ba20476673afb1492d00ddcf023fe.png',0,0,'','','','','','','',0.00,'',0,0,0,'0',0,'',0,0,0,'GS1','','',0,0,0,0.00,'',0.00,0,'',0,'',0.00,0.00,0,0,0,0,0,0),
(160,0,'doka push pull 2m','',2,0.00,0.00,0.00,0.00,'2025-02-23',0,1,0,'00160',0,0,0,0,0,0,0.00,0.00,0.00,0.00,0.00,0.00,0.00,0.00,0.00,'697023a9833aeffb4afd517b07ddca28.png',0,0,'','','','','','','',0.00,'',0,0,0,'0',0,'',0,0,0,'GS1','','',0,0,0,0.00,'',0.00,0,'',0,'',0.00,0.00,0,0,0,0,0,0),
(161,0,'doka push pull 1m','',2,0.00,0.00,0.00,0.00,'2025-02-23',0,1,0,'00161',0,0,0,0,0,0,0.00,0.00,0.00,0.00,0.00,0.00,0.00,0.00,0.00,'6e329165717ff9b04ee9ce6ea7192ffa.png',0,0,'','','','','','','',0.00,'',0,0,0,'0',0,'',0,0,0,'GS1','','',0,0,0,0.00,'',0.00,0,'',0,'',0.00,0.00,0,0,0,0,0,0),
(162,0,'DOKA FLANGE CLAMP FOR H20','',2,0.00,0.00,0.00,0.00,'2025-02-23',0,1,0,'00162',0,0,0,0,0,0,0.00,0.00,0.00,0.00,0.00,0.00,0.00,0.00,0.00,'c316a49c7f8f81b4ab5845a33ca83afb.png',0,0,'','','','','','','',0.00,'',0,0,0,'0',0,'',0,0,0,'GS1','','',0,0,0,0.00,'',0.00,0,'',0,'',0.00,0.00,0,0,0,0,0,0),
(163,0,'Shuttering Clamp 1.00mtr','',2,0.00,0.00,0.00,0.00,'2025-02-23',0,1,0,'00163',0,0,0,0,0,0,0.00,0.00,0.00,0.00,0.00,0.00,0.00,0.00,0.00,'.',0,0,'','','','','','','',0.00,'',0,0,0,'0',0,'',0,0,0,'GS1','','',0,0,0,0.00,'',0.00,0,'',0,'',0.00,0.00,0,0,0,0,0,0),
(164,0,'SMALL WEDG','',2,0.00,0.00,0.00,0.00,'2025-02-23',0,1,0,'00164',0,0,0,0,0,0,0.00,0.00,0.00,0.00,0.00,0.00,0.00,0.00,0.00,'.',0,0,'','','','','','','',0.00,'',0,0,0,'0',0,'',0,0,0,'GS1','','',0,0,0,0.00,'',0.00,0,'',0,'',0.00,0.00,0,0,0,0,0,0),
(165,0,'Secondary Aluminum Beam  -2.8m','',2,0.00,0.00,0.00,0.00,'2025-02-24',0,1,0,'00165',0,0,0,0,0,0,0.00,0.00,0.00,0.00,0.00,0.00,0.00,0.00,0.00,'.',0,0,'','','','','','','',0.00,'',0,0,0,'0',0,'',0,0,0,'GS1','','',0,0,0,0.00,'',0.00,0,'',0,'',0.00,0.00,0,0,0,0,0,0),
(166,0,'Secondary Aluminum Beam  -1.20 m','',2,0.00,0.00,0.00,0.00,'2025-02-24',0,1,0,'00166',0,0,0,0,0,0,0.00,0.00,0.00,0.00,0.00,0.00,0.00,0.00,0.00,'.',0,0,'','','','','','','',0.00,'',0,0,0,'0',0,'',0,0,0,'GS1','','',0,0,0,0.00,'',0.00,0,'',0,'',0.00,0.00,0,0,0,0,0,0),
(167,0,'Secondary Aluminum Beam  -.80 m','',2,0.00,0.00,0.00,0.00,'2025-02-24',0,1,0,'00167',0,0,0,0,0,0,0.00,0.00,0.00,0.00,0.00,0.00,0.00,0.00,0.00,'.',0,0,'','','','','','','',0.00,'',0,0,0,'0',0,'',0,0,0,'GS1','','',0,0,0,0.00,'',0.00,0,'',0,'',0.00,0.00,0,0,0,0,0,0),
(168,0,'primary aluminum beam  - 6.00 m','',2,0.00,0.00,0.00,0.00,'2025-02-24',0,1,0,'00168',0,0,0,0,0,0,0.00,0.00,0.00,0.00,0.00,0.00,0.00,0.00,0.00,'.',0,0,'','','','','','','',0.00,'',0,0,0,'0',0,'',0,0,0,'GS1','','',0,0,0,0.00,'',0.00,0,'',0,'',0.00,0.00,0,0,0,0,0,0),
(169,0,'Steel Soldier - 2.90 m','',2,0.00,0.00,0.00,0.00,'2025-02-24',0,1,0,'00169',0,0,0,0,0,0,0.00,0.00,0.00,0.00,0.00,0.00,0.00,0.00,0.00,'.',0,0,'','','','','','','',0.00,'',0,0,0,'0',0,'',0,0,0,'GS1','','',0,0,0,0.00,'',0.00,0,'',0,'',0.00,0.00,0,0,0,0,0,0),
(170,0,'Steel Soldier - 2.75 m','',2,0.00,0.00,0.00,0.00,'2025-02-24',0,1,0,'00170',0,0,0,0,0,0,0.00,0.00,0.00,0.00,0.00,0.00,0.00,0.00,0.00,'.',0,0,'','','','','','','',0.00,'',0,0,0,'0',0,'',0,0,0,'GS1','','',0,0,0,0.00,'',0.00,0,'',0,'',0.00,0.00,0,0,0,0,0,0),
(171,0,'Steel Soldier - 2.40 m','',2,0.00,0.00,0.00,0.00,'2025-02-24',0,1,0,'00171',0,0,0,0,0,0,0.00,0.00,0.00,0.00,0.00,0.00,0.00,0.00,0.00,'.',0,0,'','','','','','','',0.00,'',0,0,0,'0',0,'',0,0,0,'GS1','','',0,0,0,0.00,'',0.00,0,'',0,'',0.00,0.00,0,0,0,0,0,0),
(172,0,'Steel Solidr -.75 m','',2,0.00,0.00,0.00,0.00,'2025-02-24',1,1,0,'00172',0,0,0,0,0,0,0.00,0.00,0.00,0.00,0.00,0.00,0.00,0.00,0.00,'.',0,0,'','','','','','','',0.00,'',0,0,0,'0',0,'',0,0,0,'GS1','','',0,0,0,0.00,'',0.00,0,'',0,'',0.00,0.00,0,0,0,0,0,0),
(173,0,'Ledger - Transom 1.15 m','',1,0.00,0.00,0.00,0.00,'2025-02-24',0,1,0,'00173',0,0,0,0,0,0,0.00,0.00,0.00,0.00,0.00,0.00,0.00,0.00,0.00,'.',0,0,'','','','','','','',0.00,'',0,0,0,'0',0,'',0,0,0,'GS1','','',0,0,0,0.00,'',0.00,0,'',0,'',0.00,0.00,0,0,0,0,0,0),
(174,0,'Ledger - Transom 1.25 m','',1,0.00,0.00,0.00,0.00,'2025-02-24',0,1,0,'00174',0,0,0,0,0,0,0.00,0.00,0.00,0.00,0.00,0.00,0.00,0.00,0.00,'.',0,0,'','','','','','','',0.00,'',0,0,0,'0',0,'',0,0,0,'GS1','','',0,0,0,0.00,'',0.00,0,'',0,'',0.00,0.00,0,0,0,0,0,0),
(175,0,'handrail post for h20 beam','',2,0.00,0.00,0.00,0.00,'2025-02-24',0,1,0,'00175',0,0,0,0,0,0,0.00,0.00,0.00,0.00,0.00,0.00,0.00,0.00,0.00,'.',0,0,'','','','','','','',0.00,'',0,0,0,'0',0,'',0,0,0,'GS1','','',0,0,0,0.00,'',0.00,0,'',0,'',0.00,0.00,0,0,0,0,0,0),
(176,0,'H20 BEAM 4.80 M','',2,0.00,0.00,0.00,0.00,'2025-02-24',0,1,0,'00176',0,0,0,0,0,0,0.00,0.00,0.00,0.00,0.00,0.00,0.00,0.00,0.00,'.',0,0,'','','','','','','',0.00,'',0,0,0,'0',0,'',0,0,0,'GS1','','',0,0,0,0.00,'',0.00,0,'',0,'',0.00,0.00,0,0,0,0,0,0),
(177,0,'H20 BEAM 4.10 M','',2,0.00,0.00,0.00,0.00,'2025-02-24',0,1,0,'00177',0,0,0,0,0,0,0.00,0.00,0.00,0.00,0.00,0.00,0.00,0.00,0.00,'.',0,0,'','','','','','','',0.00,'',0,0,0,'0',0,'',0,0,0,'GS1','','',0,0,0,0.00,'',0.00,0,'',0,'',0.00,0.00,0,0,0,0,0,0),
(178,0,'H20 BEAM 3.80 M','',2,0.00,0.00,0.00,0.00,'2025-02-24',0,1,0,'00178',0,0,0,0,0,0,0.00,0.00,0.00,0.00,0.00,0.00,0.00,0.00,0.00,'.',0,0,'','','','','','','',0.00,'',0,0,0,'0',0,'',0,0,0,'GS1','','',0,0,0,0.00,'',0.00,0,'',0,'',0.00,0.00,0,0,0,0,0,0),
(179,0,'H20 BEAM 3.50 M','',2,0.00,0.00,0.00,0.00,'2025-02-24',0,1,0,'00179',0,0,0,0,0,0,0.00,0.00,0.00,0.00,0.00,0.00,0.00,0.00,0.00,'.',0,0,'','','','','','','',0.00,'',0,0,0,'0',0,'',0,0,0,'GS1','','',0,0,0,0.00,'',0.00,0,'',0,'',0.00,0.00,0,0,0,0,0,0),
(180,0,'H20 BEAM 3.20 M','',2,0.00,0.00,0.00,0.00,'2025-02-24',0,1,0,'00180',0,0,0,0,0,0,0.00,0.00,0.00,0.00,0.00,0.00,0.00,0.00,0.00,'.',0,0,'','','','','','','',0.00,'',0,0,0,'0',0,'',0,0,0,'GS1','','',0,0,0,0.00,'',0.00,0,'',0,'',0.00,0.00,0,0,0,0,0,0),
(181,0,'H20 BEAM 3.10 M','',2,0.00,0.00,0.00,0.00,'2025-02-24',0,1,0,'00181',0,0,0,0,0,0,0.00,0.00,0.00,0.00,0.00,0.00,0.00,0.00,0.00,'.',0,0,'','','','','','','',0.00,'',0,0,0,'0',0,'',0,0,0,'GS1','','',0,0,0,0.00,'',0.00,0,'',0,'',0.00,0.00,0,0,0,0,0,0),
(182,0,'H20 BEAM 2.80 M','',2,0.00,0.00,0.00,0.00,'2025-02-24',0,1,0,'00182',0,0,0,0,0,0,0.00,0.00,0.00,0.00,0.00,0.00,0.00,0.00,0.00,'.',0,0,'','','','','','','',0.00,'',0,0,0,'0',0,'',0,0,0,'GS1','','',0,0,0,0.00,'',0.00,0,'',0,'',0.00,0.00,0,0,0,0,0,0),
(183,0,'H20 BEAM 2.70 M','',2,0.00,0.00,0.00,0.00,'2025-02-24',0,1,0,'00183',0,0,0,0,0,0,0.00,0.00,0.00,0.00,0.00,0.00,0.00,0.00,0.00,'.',0,0,'','','','','','','',0.00,'',0,0,0,'0',0,'',0,0,0,'GS1','','',0,0,0,0.00,'',0.00,0,'',0,'',0.00,0.00,0,0,0,0,0,0),
(184,0,'H20 BEAM 2.60 M','',2,0.00,0.00,0.00,0.00,'2025-02-24',0,1,0,'00184',0,0,0,0,0,0,0.00,0.00,0.00,0.00,0.00,0.00,0.00,0.00,0.00,'.',0,0,'','','','','','','',0.00,'',0,0,0,'0',0,'',0,0,0,'GS1','','',0,0,0,0.00,'',0.00,0,'',0,'',0.00,0.00,0,0,0,0,0,0),
(185,0,'H20 BEAM 2.30 M','',2,0.00,0.00,0.00,0.00,'2025-02-24',0,1,0,'00185',0,0,0,0,0,0,0.00,0.00,0.00,0.00,0.00,0.00,0.00,0.00,0.00,'.',0,0,'','','','','','','',0.00,'',0,0,0,'0',0,'',0,0,0,'GS1','','',0,0,0,0.00,'',0.00,0,'',0,'',0.00,0.00,0,0,0,0,0,0),
(186,0,'H20 BEAM 1.70 M','',2,0.00,0.00,0.00,0.00,'2025-02-24',0,1,0,'00186',0,0,0,0,0,0,0.00,0.00,0.00,0.00,0.00,0.00,0.00,0.00,0.00,'.',0,0,'','','','','','','',0.00,'',0,0,0,'0',0,'',0,0,0,'GS1','','',0,0,0,0.00,'',0.00,0,'',0,'',0.00,0.00,0,0,0,0,0,0),
(187,0,'H20 BEAM 1.60 M','',2,0.00,0.00,0.00,0.00,'2025-02-24',0,1,0,'00187',0,0,0,0,0,0,0.00,0.00,0.00,0.00,0.00,0.00,0.00,0.00,0.00,'.',0,0,'','','','','','','',0.00,'',0,0,0,'0',0,'',0,0,0,'GS1','','',0,0,0,0.00,'',0.00,0,'',0,'',0.00,0.00,0,0,0,0,0,0),
(188,0,'H20 BEAM 1.50 M','',2,0.00,0.00,0.00,0.00,'2025-02-24',0,1,0,'00188',0,0,0,0,0,0,0.00,0.00,0.00,0.00,0.00,0.00,0.00,0.00,0.00,'.',0,0,'','','','','','','',0.00,'',0,0,0,'0',0,'',0,0,0,'GS1','','',0,0,0,0.00,'',0.00,0,'',0,'',0.00,0.00,0,0,0,0,0,0),
(189,0,'H20 BEAM 1.30 M','',2,0.00,0.00,0.00,0.00,'2025-02-24',0,1,0,'00189',0,0,0,0,0,0,0.00,0.00,0.00,0.00,0.00,0.00,0.00,0.00,0.00,'.',0,0,'','','','','','','',0.00,'',0,0,0,'0',0,'',0,0,0,'GS1','','',0,0,0,0.00,'',0.00,0,'',0,'',0.00,0.00,0,0,0,0,0,0),
(190,0,'H20 BEAM 1.20 M','',2,0.00,0.00,0.00,0.00,'2025-02-24',0,1,0,'00190',0,0,0,0,0,0,0.00,0.00,0.00,0.00,0.00,0.00,0.00,0.00,0.00,'.',0,0,'','','','','','','',0.00,'',0,0,0,'0',0,'',0,0,0,'GS1','','',0,0,0,0.00,'',0.00,0,'',0,'',0.00,0.00,0,0,0,0,0,0),
(191,0,'H20 BEAM 1.10 M','',2,0.00,0.00,0.00,0.00,'2025-02-24',0,1,0,'00191',0,0,0,0,0,0,0.00,0.00,0.00,0.00,0.00,0.00,0.00,0.00,0.00,'.',0,0,'','','','','','','',0.00,'',0,0,0,'0',0,'',0,0,0,'GS1','','',0,0,0,0.00,'',0.00,0,'',0,'',0.00,0.00,0,0,0,0,0,0),
(192,0,'DOKA SPLICE PLATE .90 M','',2,0.00,0.00,0.00,0.00,'2025-02-24',0,1,0,'00192',0,0,0,0,0,0,0.00,0.00,0.00,0.00,0.00,0.00,0.00,0.00,0.00,'.',0,0,'','','','','','','',0.00,'',0,0,0,'0',0,'',0,0,0,'GS1','','',0,0,0,0.00,'',0.00,0,'',0,'',0.00,0.00,0,0,0,0,0,0),
(193,0,'framini panal 150×75','',2,0.00,0.00,0.00,0.00,'2025-02-25',0,1,0,'00193',0,0,0,0,0,0,0.00,0.00,0.00,0.00,0.00,0.00,0.00,0.00,0.00,'.',0,0,'','','','','','','',0.00,'',0,0,0,'0',0,'',0,0,0,'GS1','','',0,0,0,0.00,'',0.00,0,'',0,'',0.00,0.00,0,0,0,0,0,0),
(194,0,'framini panal 100×75','',2,0.00,0.00,0.00,0.00,'2025-02-25',0,1,0,'00194',0,0,0,0,0,0,0.00,0.00,0.00,0.00,0.00,0.00,0.00,0.00,0.00,'.',0,0,'','','','','','','',0.00,'',0,0,0,'0',0,'',0,0,0,'GS1','','',0,0,0,0.00,'',0.00,0,'',0,'',0.00,0.00,0,0,0,0,0,0),
(195,0,'framini panal 100×65','',2,0.00,0.00,0.00,0.00,'2025-02-25',0,1,0,'00195',0,0,0,0,0,0,0.00,0.00,0.00,0.00,0.00,0.00,0.00,0.00,0.00,'.',0,0,'','','','','','','',0.00,'',0,0,0,'0',0,'',0,0,0,'GS1','','',0,0,0,0.00,'',0.00,0,'',0,'',0.00,0.00,0,0,0,0,0,0),
(196,0,'framini panal 100×55','',2,0.00,0.00,0.00,0.00,'2025-02-25',0,1,0,'00196',0,0,0,0,0,0,0.00,0.00,0.00,0.00,0.00,0.00,0.00,0.00,0.00,'.',0,0,'','','','','','','',0.00,'',0,0,0,'0',0,'',0,0,0,'GS1','','',0,0,0,0.00,'',0.00,0,'',0,'',0.00,0.00,0,0,0,0,0,0),
(197,0,'framini panal 100×50','',2,0.00,0.00,0.00,0.00,'2025-02-25',0,1,0,'00197',0,0,0,0,0,0,0.00,0.00,0.00,0.00,0.00,0.00,0.00,0.00,0.00,'.',0,0,'','','','','','','',0.00,'',0,0,0,'0',0,'',0,0,0,'GS1','','',0,0,0,0.00,'',0.00,0,'',0,'',0.00,0.00,0,0,0,0,0,0),
(198,0,'framini panal 100×45','',2,0.00,0.00,0.00,0.00,'2025-02-25',0,1,0,'00198',0,0,0,0,0,0,0.00,0.00,0.00,0.00,0.00,0.00,0.00,0.00,0.00,'.',0,0,'','','','','','','',0.00,'',0,0,0,'0',0,'',0,0,0,'GS1','','',0,0,0,0.00,'',0.00,0,'',0,'',0.00,0.00,0,0,0,0,0,0),
(199,0,'framini panal 100×40','',2,0.00,0.00,0.00,0.00,'2025-02-25',0,1,0,'00199',0,0,0,0,0,0,0.00,0.00,0.00,0.00,0.00,0.00,0.00,0.00,0.00,'.',0,0,'','','','','','','',0.00,'',0,0,0,'0',0,'',0,0,0,'GS1','','',0,0,0,0.00,'',0.00,0,'',0,'',0.00,0.00,0,0,0,0,0,0),
(200,0,'framini panal 100×30','',2,0.00,0.00,0.00,0.00,'2025-02-25',0,1,0,'00200',0,0,0,0,0,0,0.00,0.00,0.00,0.00,0.00,0.00,0.00,0.00,0.00,'.',0,0,'','','','','','','',0.00,'',0,0,0,'0',0,'',0,0,0,'GS1','','',0,0,0,0.00,'',0.00,0,'',0,'',0.00,0.00,0,0,0,0,0,0),
(201,0,'rafter plate right','',2,0.00,0.00,0.00,0.00,'2025-02-25',0,1,0,'00201',0,0,0,0,0,0,0.00,0.00,0.00,0.00,0.00,0.00,0.00,0.00,0.00,'.',0,0,'','','','','','','',0.00,'',0,0,0,'0',0,'',0,0,0,'GS1','','',0,0,0,0.00,'',0.00,0,'',0,'',0.00,0.00,0,0,0,0,0,0),
(202,0,'rafter plate left','',2,0.00,0.00,0.00,0.00,'2025-02-25',0,1,0,'00202',0,0,0,0,0,0,0.00,0.00,0.00,0.00,0.00,0.00,0.00,0.00,0.00,'.',0,0,'','','','','','','',0.00,'',0,0,0,'0',0,'',0,0,0,'GS1','','',0,0,0,0.00,'',0.00,0,'',0,'',0.00,0.00,0,0,0,0,0,0),
(203,0,'screw jack u head','',2,0.00,0.00,0.00,0.00,'2025-02-25',0,1,0,'00203',0,0,0,0,0,0,0.00,0.00,0.00,0.00,0.00,0.00,0.00,0.00,0.00,'.',0,0,'','','','','','','',0.00,'',0,0,0,'0',0,'',0,0,0,'GS1','','',0,0,0,0.00,'',0.00,0,'',0,'',0.00,0.00,0,0,0,0,0,0),
(204,0,'universal jake','',2,0.00,0.00,0.00,0.00,'2025-02-25',0,1,0,'00204',0,0,0,0,0,0,0.00,0.00,0.00,0.00,0.00,0.00,0.00,0.00,0.00,'.',0,0,'','','','','','','',0.00,'',0,0,0,'0',0,'',0,0,0,'GS1','','',0,0,0,0.00,'',0.00,0,'',0,'',0.00,0.00,0,0,0,0,0,0),
(205,0,'steel props jack red 2.40 m','',2,0.00,0.00,0.00,0.00,'2025-02-25',0,1,0,'00205',0,0,0,0,0,0,0.00,0.00,0.00,0.00,0.00,0.00,0.00,0.00,0.00,'.',0,0,'','','','','','','',0.00,'',0,0,0,'0',0,'',0,0,0,'GS1','','',0,0,0,0.00,'',0.00,0,'',0,'',0.00,0.00,0,0,0,0,0,0),
(206,0,'steel props jack red 4.00 m','',2,0.00,0.00,0.00,0.00,'2025-02-25',0,1,0,'00206',0,0,0,0,0,0,0.00,0.00,0.00,0.00,0.00,0.00,0.00,0.00,0.00,'.',0,0,'','','','','','','',0.00,'',0,0,0,'0',0,'',0,0,0,'GS1','','',0,0,0,0.00,'',0.00,0,'',0,'',0.00,0.00,0,0,0,0,0,0),
(207,0,'doka frami clamp','',2,0.00,0.00,0.00,0.00,'2025-02-25',0,1,0,'00207',0,0,0,0,0,0,0.00,0.00,0.00,0.00,0.00,0.00,0.00,0.00,0.00,'.',0,0,'','','','','','','',0.00,'',0,0,0,'0',0,'',0,0,0,'GS1','','',0,0,0,0.00,'',0.00,0,'',0,'',0.00,0.00,0,0,0,0,0,0),
(208,0,'Steel Solidr 2.90 m','',2,0.00,0.00,0.00,0.00,'2025-02-25',1,1,0,'00208',0,0,0,0,0,0,0.00,0.00,0.00,0.00,0.00,0.00,0.00,0.00,0.00,'.',0,0,'','','','','','','',0.00,'',0,0,0,'0',0,'',0,0,0,'GS1','','',0,0,0,0.00,'',0.00,0,'',0,'',0.00,0.00,0,0,0,0,0,0),
(209,0,'Steel Solidr 2.75 m','',2,0.00,0.00,0.00,0.00,'2025-02-25',1,1,0,'00209',0,0,0,0,0,0,0.00,0.00,0.00,0.00,0.00,0.00,0.00,0.00,0.00,'.',0,0,'','','','','','','',0.00,'',0,0,0,'0',0,'',0,0,0,'GS1','','',0,0,0,0.00,'',0.00,0,'',0,'',0.00,0.00,0,0,0,0,0,0),
(210,0,'Steel Solidr 2.40 m','',2,0.00,0.00,0.00,0.00,'2025-02-25',1,1,0,'00210',0,0,0,0,0,0,0.00,0.00,0.00,0.00,0.00,0.00,0.00,0.00,0.00,'.',0,0,'','','','','','','',0.00,'',0,0,0,'0',0,'',0,0,0,'GS1','','',0,0,0,0.00,'',0.00,0,'',0,'',0.00,0.00,0,0,0,0,0,0),
(211,0,'Steel Solidr 1.75 m','',2,0.00,0.00,0.00,0.00,'2025-02-25',1,1,0,'00211',0,0,0,0,0,0,0.00,0.00,0.00,0.00,0.00,0.00,0.00,0.00,0.00,'.',0,0,'','','','','','','',0.00,'',0,0,0,'0',0,'',0,0,0,'GS1','','',0,0,0,0.00,'',0.00,0,'',0,'',0.00,0.00,0,0,0,0,0,0),
(212,0,'Steel Soldier 2.90 m','',2,0.00,0.00,0.00,0.00,'2025-02-25',0,1,0,'00212',0,0,0,0,0,0,0.00,0.00,0.00,0.00,0.00,0.00,0.00,0.00,0.00,'.',0,0,'','','','','','','',0.00,'',0,0,0,'0',0,'',0,0,0,'GS1','','',0,0,0,0.00,'',0.00,0,'',0,'',0.00,0.00,0,0,0,0,0,0),
(213,0,'Steel Soldier 2.75 m','',2,0.00,0.00,0.00,0.00,'2025-02-25',0,1,0,'00213',0,0,0,0,0,0,0.00,0.00,0.00,0.00,0.00,0.00,0.00,0.00,0.00,'.',0,0,'','','','','','','',0.00,'',0,0,0,'0',0,'',0,0,0,'GS1','','',0,0,0,0.00,'',0.00,0,'',0,'',0.00,0.00,0,0,0,0,0,0),
(214,0,'Steel Soldier 2.40 m','',2,0.00,0.00,0.00,0.00,'2025-02-25',0,1,0,'00214',0,0,0,0,0,0,0.00,0.00,0.00,0.00,0.00,0.00,0.00,0.00,0.00,'.',0,0,'','','','','','','',0.00,'',0,0,0,'0',0,'',0,0,0,'GS1','','',0,0,0,0.00,'',0.00,0,'',0,'',0.00,0.00,0,0,0,0,0,0),
(215,0,'Steel Soldier 3.20 m','',2,0.00,0.00,0.00,0.00,'2025-02-25',0,1,0,'00215',0,0,0,0,0,0,0.00,0.00,0.00,0.00,0.00,0.00,0.00,0.00,0.00,'.',0,0,'','','','','','','',0.00,'',0,0,0,'0',0,'',0,0,0,'GS1','','',0,0,0,0.00,'',0.00,0,'',0,'',0.00,0.00,0,0,0,0,0,0),
(216,0,'Steel Soldier ws12 .75 m','',2,0.00,0.00,0.00,0.00,'2025-02-25',0,1,0,'00216',0,0,0,0,0,0,0.00,0.00,0.00,0.00,0.00,0.00,0.00,0.00,0.00,'.',0,0,'','','','','','','',0.00,'',0,0,0,'0',0,'',0,0,0,'GS1','','',0,0,0,0.00,'',0.00,0,'',0,'',0.00,0.00,0,0,0,0,0,0),
(217,0,'Steel Soldier ws12 2.00 m','',2,0.00,0.00,0.00,0.00,'2025-02-25',0,1,0,'00217',0,0,0,0,0,0,0.00,0.00,0.00,0.00,0.00,0.00,0.00,0.00,0.00,'.',0,0,'','','','','','','',0.00,'',0,0,0,'0',0,'',0,0,0,'GS1','','',0,0,0,0.00,'',0.00,0,'',0,'',0.00,0.00,0,0,0,0,0,0),
(218,0,'Steel Soldier ws14 2.50 m','',2,0.00,0.00,0.00,0.00,'2025-02-25',0,1,0,'00218',0,0,0,0,0,0,0.00,0.00,0.00,0.00,0.00,0.00,0.00,0.00,0.00,'.',0,0,'','','','','','','',0.00,'',0,0,0,'0',0,'',0,0,0,'GS1','','',0,0,0,0.00,'',0.00,0,'',0,'',0.00,0.00,0,0,0,0,0,0),
(219,0,'fermi clamp','',2,0.00,0.00,0.00,0.00,'2025-03-03',0,1,0,'00219',0,0,0,0,0,0,0.00,0.00,0.00,0.00,0.00,0.00,0.00,0.00,0.00,'.',0,0,'','','','','','','',0.00,'',0,0,0,'0',0,'',0,0,0,'GS1','','',0,0,0,0.00,'',0.00,0,'',0,'',0.00,0.00,0,0,0,0,0,0),
(220,0,' 2inch adjastable base jack','',2,0.00,0.00,0.00,0.00,'2025-03-03',0,1,0,'00220',0,0,0,0,0,0,0.00,0.00,0.00,0.00,0.00,0.00,0.00,0.00,0.00,'.',0,0,'','','','','','','',0.00,'',0,0,0,'0',0,'',0,0,0,'GS1','','',0,0,0,0.00,'',0.00,0,'',0,'',0.00,0.00,0,0,0,0,0,0),
(221,0,'steel washer 10mm','',2,0.00,0.00,0.00,0.00,'2025-03-05',0,1,0,'00221',0,0,0,0,0,0,0.00,0.00,0.00,0.00,0.00,0.00,0.00,0.00,0.00,'.',0,0,'','','','','','','',0.00,'',0,0,0,'0',0,'',0,0,0,'GS1','','',0,0,0,0.00,'',0.00,0,'',0,'',0.00,0.00,0,0,0,0,0,0),
(222,0,'wing nut with plate','',2,0.00,0.00,0.00,0.00,'2025-03-05',0,1,0,'00222',0,0,0,0,0,0,0.00,0.00,0.00,0.00,0.00,0.00,0.00,0.00,0.00,'.',0,0,'','','','','','','',0.00,'',0,0,0,'0',0,'',0,0,0,'GS1','','',0,0,0,0.00,'',0.00,0,'',0,'',0.00,0.00,0,0,0,0,0,0),
(223,0,'Ledger - Transom 1.60m','',1,0.00,0.00,0.00,0.00,'2025-03-11',0,1,0,'00223',0,0,0,0,0,0,0.00,0.00,0.00,0.00,0.00,0.00,0.00,0.00,0.00,'.',0,0,'','','','','','','',0.00,'',0,0,0,'0',0,'',0,0,0,'GS1','','',0,0,0,0.00,'',0.00,0,'',0,'',0.00,0.00,0,0,0,0,0,0),
(224,0,'steal stair 6m','',1,0.00,0.00,0.00,0.00,'2025-03-11',0,1,0,'00224',0,0,0,0,0,0,0.00,0.00,0.00,0.00,0.00,0.00,0.00,0.00,0.00,'.',0,0,'','','','','','','',0.00,'',0,0,0,'0',0,'',0,0,0,'GS1','','',0,0,0,0.00,'',0.00,0,'',0,'',0.00,0.00,0,0,0,0,0,0),
(225,0,'silver rapid wedge','',2,0.00,0.00,0.00,0.00,'2025-03-11',0,1,0,'00225',0,0,0,0,0,0,0.00,0.00,0.00,0.00,0.00,0.00,0.00,0.00,0.00,'.',0,0,'','','','','','','',0.00,'',0,0,0,'0',0,'',0,0,0,'GS1','','',0,0,0,0.00,'',0.00,0,'',0,'',0.00,0.00,0,0,0,0,0,0),
(226,0,'H20 BEAM 3.00M','',2,0.00,0.00,0.00,0.00,'2025-03-13',0,1,0,'00226',0,0,0,0,0,0,0.00,0.00,0.00,0.00,0.00,0.00,0.00,0.00,0.00,'.',0,0,'','','','','','','',0.00,'',0,0,0,'0',0,'',0,0,0,'GS1','','',0,0,0,0.00,'',0.00,0,'',0,'',0.00,0.00,0,0,0,0,0,0),
(227,0,'STEEL SOLDIER 2.75M','',2,0.00,0.00,0.00,0.00,'2025-03-13',0,1,0,'00227',0,0,0,0,0,0,0.00,0.00,0.00,0.00,0.00,0.00,0.00,0.00,0.00,'.',0,0,'','','','','','','',0.00,'',0,0,0,'0',0,'',0,0,0,'GS1','','',0,0,0,0.00,'',0.00,0,'',0,'',0.00,0.00,0,0,0,0,0,0),
(228,0,'CORNER SPLICE 40*50 DOUBLE','',2,0.00,0.00,0.00,0.00,'2025-04-07',0,1,0,'00228',0,0,0,0,0,0,0.00,0.00,0.00,0.00,0.00,0.00,0.00,0.00,0.00,'.',0,0,'','','','','','','',0.00,'',0,0,0,'0',0,'',0,0,0,'GS1','','',0,0,0,0.00,'',0.00,0,'',0,'',0.00,0.00,0,0,0,0,0,0),
(229,0,'SAFTY LIFE LINE','',1,0.00,0.00,0.00,0.00,'2025-04-09',0,1,0,'00229',0,0,0,0,0,0,0.00,0.00,0.00,0.00,0.00,0.00,0.00,0.00,0.00,'.',0,0,'','','','','','','',0.00,'',0,0,0,'0',0,'',0,0,0,'GS1','','',0,0,0,0.00,'',0.00,0,'',0,'',0.00,0.00,0,0,0,0,0,0),
(230,0,'LIFE LINE COUPLER','',1,0.00,0.00,0.00,0.00,'2025-04-09',0,1,0,'00230',0,0,0,0,0,0,0.00,0.00,0.00,0.00,0.00,0.00,0.00,0.00,0.00,'.',0,0,'','','','','','','',0.00,'',0,0,0,'0',0,'',0,0,0,'GS1','','',0,0,0,0.00,'',0.00,0,'',0,'',0.00,0.00,0,0,0,0,0,0),
(231,0,'Intermediate Transom 1.50 m','',1,0.00,0.00,0.00,0.00,'2025-04-09',0,1,0,'00231',0,0,0,0,0,0,0.00,0.00,0.00,0.00,0.00,0.00,0.00,0.00,0.00,'.',0,0,'','','','','','','',0.00,'',0,0,0,'0',0,'',0,0,0,'GS1','','',0,0,0,0.00,'',0.00,0,'',0,'',0.00,0.00,0,0,0,0,0,0),
(232,0,'tie rod 1m','',2,0.00,0.00,0.00,0.00,'2025-04-17',0,1,0,'00232',0,0,0,0,0,0,0.00,0.00,0.00,0.00,0.00,0.00,0.00,0.00,0.00,'.',0,0,'','','','','','','',0.00,'',0,0,0,'0',0,'',0,0,0,'GS1','','',0,0,0,0.00,'',0.00,0,'',0,'',0.00,0.00,0,0,0,0,0,0),
(233,0,'alominuom caster wheel','',1,0.00,0.00,0.00,0.00,'2025-04-17',0,1,0,'00233',0,0,0,0,0,0,0.00,0.00,0.00,0.00,0.00,0.00,0.00,0.00,0.00,'.',0,0,'','','','','','','',0.00,'',0,0,0,'0',0,'',0,0,0,'GS1','','',0,0,0,0.00,'',0.00,0,'',0,'',0.00,0.00,0,0,0,0,0,0),
(234,0,'cuplock caster wheel','',1,0.00,0.00,0.00,0.00,'2025-04-17',0,1,0,'00234',0,0,0,0,0,0,0.00,0.00,0.00,0.00,0.00,0.00,0.00,0.00,0.00,'.',0,0,'','','','','','','',0.00,'',0,0,0,'0',0,'',0,0,0,'GS1','','',0,0,0,0.00,'',0.00,0,'',0,'',0.00,0.00,0,0,0,0,0,0),
(235,0,'Intermediate Transom 1.00m','',1,0.00,0.00,0.00,0.00,'2025-04-20',0,1,0,'00235',0,0,0,0,0,0,0.00,0.00,0.00,0.00,0.00,0.00,0.00,0.00,0.00,'.',0,0,'','','','','','','',0.00,'',0,0,0,'0',0,'',0,0,0,'GS1','','',0,0,0,0.00,'',0.00,0,'',0,'',0.00,0.00,0,0,0,0,0,0),
(236,0,'Ledger - Transom 2.70 m','',1,0.00,0.00,0.00,0.00,'2025-04-24',0,1,0,'00236',0,0,0,0,0,0,0.00,0.00,0.00,0.00,0.00,0.00,0.00,0.00,0.00,'.',0,0,'','','','','','','',0.00,'',0,0,0,'0',0,'',0,0,0,'GS1','','',0,0,0,0.00,'',0.00,0,'',0,'',0.00,0.00,0,0,0,0,0,0),
(237,0,'3.2mm, Galvanized Tube 4.50m','',1,0.00,0.00,0.00,0.00,'2025-04-24',0,1,0,'00237',0,0,0,0,0,0,0.00,0.00,0.00,0.00,0.00,0.00,0.00,0.00,0.00,'.',0,0,'','','','','','','',0.00,'',0,0,0,'0',0,'',0,0,0,'GS1','','',0,0,0,0.00,'',0.00,0,'',0,'',0.00,0.00,0,0,0,0,0,0),
(238,0,'SECONDARY ALUMINUM BEAM-2.70 M','',2,0.00,0.00,0.00,0.00,'2025-04-24',0,1,0,'00238',0,0,0,0,0,0,0.00,0.00,0.00,0.00,0.00,0.00,0.00,0.00,0.00,'.',0,0,'','','','','','','',0.00,'',0,0,0,'0',0,'',0,0,0,'GS1','','',0,0,0,0.00,'',0.00,0,'',0,'',0.00,0.00,0,0,0,0,0,0),
(239,0,'secondary aluminum beam-5.60 m','',2,0.00,0.00,0.00,0.00,'2025-04-24',0,1,0,'00239',0,0,0,0,0,0,0.00,0.00,0.00,0.00,0.00,0.00,0.00,0.00,0.00,'.',0,0,'','','','','','','',0.00,'',0,0,0,'0',0,'',0,0,0,'GS1','','',0,0,0,0.00,'',0.00,0,'',0,'',0.00,0.00,0,0,0,0,0,0),
(240,0,'SECONDARY ALUMINUM BEAM-2.80 M / FORMWORK','',2,0.00,0.00,0.00,0.00,'2025-04-24',0,1,0,'00240',0,0,0,0,0,0,0.00,0.00,0.00,0.00,0.00,0.00,0.00,0.00,0.00,'.',0,0,'','','','','','','',0.00,'',0,0,0,'0',0,'',0,0,0,'GS1','','',0,0,0,0.00,'',0.00,0,'',0,'',0.00,0.00,0,0,0,0,0,0),
(241,0,'euro prop jack 2.40m','',2,0.00,0.00,0.00,0.00,'2025-04-28',0,1,0,'00241',0,0,0,0,0,0,0.00,0.00,0.00,0.00,0.00,0.00,0.00,0.00,0.00,'.',0,0,'','','','','','','',0.00,'',0,0,0,'0',0,'',0,0,0,'GS1','','',0,0,0,0.00,'',0.00,0,'',0,'',0.00,0.00,0,0,0,0,0,0),
(242,0,'3.2mm, Galvanized Tube 4.5 m / CUPLOCK','',1,0.00,0.00,0.00,0.00,'2025-05-10',0,1,0,'00242',0,0,0,0,0,0,0.00,0.00,0.00,0.00,0.00,0.00,0.00,0.00,0.00,'.',0,0,'','','','','','','',0.00,'',0,0,0,'0',0,'',0,0,0,'GS1','','',0,0,0,0.00,'',0.00,0,'',0,'',0.00,0.00,0,0,0,0,0,0),
(243,0,'Secondary Aluminum Beam 2.90m  -','',2,0.00,0.00,0.00,0.00,'2025-05-18',0,1,0,'00243',0,0,0,0,0,0,0.00,0.00,0.00,0.00,0.00,0.00,0.00,0.00,0.00,'.',0,0,'','','','','','','',0.00,'',0,0,0,'0',0,'',0,0,0,'GS1','','',0,0,0,0.00,'',0.00,0,'',0,'',0.00,0.00,0,0,0,0,0,0),
(244,0,'Secondary Aluminum Beam 1.30 m  -','',2,0.00,0.00,0.00,0.00,'2025-05-18',0,1,0,'00244',0,0,0,0,0,0,0.00,0.00,0.00,0.00,0.00,0.00,0.00,0.00,0.00,'.',0,0,'','','','','','','',0.00,'',0,0,0,'0',0,'',0,0,0,'GS1','','',0,0,0,0.00,'',0.00,0,'',0,'',0.00,0.00,0,0,0,0,0,0),
(245,0,'doka element connector ff20/50 z 55cm','',2,0.00,0.00,0.00,0.00,'2025-05-18',0,1,0,'00245',0,0,0,0,0,0,0.00,0.00,0.00,0.00,0.00,0.00,0.00,0.00,0.00,'.',0,0,'','','','','','','',0.00,'',0,0,0,'0',0,'',0,0,0,'GS1','','',0,0,0,0.00,'',0.00,0,'',0,'',0.00,0.00,0,0,0,0,0,0),
(246,0,'doka element connector ff20/50 z 90cm','',2,0.00,0.00,0.00,0.00,'2025-05-18',0,1,0,'00246',0,0,0,0,0,0,0.00,0.00,0.00,0.00,0.00,0.00,0.00,0.00,0.00,'.',0,0,'','','','','','','',0.00,'',0,0,0,'0',0,'',0,0,0,'GS1','','',0,0,0,0.00,'',0.00,0,'',0,'',0.00,0.00,0,0,0,0,0,0),
(247,0,'doka beam screw s 8/70','',2,0.00,0.00,0.00,0.00,'2025-05-18',0,1,0,'00247',0,0,0,0,0,0,0.00,0.00,0.00,0.00,0.00,0.00,0.00,0.00,0.00,'.',0,0,'','','','','','','',0.00,'',0,0,0,'0',0,'',0,0,0,'GS1','','',0,0,0,0.00,'',0.00,0,'',0,'',0.00,0.00,0,0,0,0,0,0),
(248,0,'doka universal corner angle','',2,0.00,0.00,0.00,0.00,'2025-05-18',0,1,0,'00248',0,0,0,0,0,0,0.00,0.00,0.00,0.00,0.00,0.00,0.00,0.00,0.00,'.',0,0,'','','','','','','',0.00,'',0,0,0,'0',0,'',0,0,0,'GS1','','',0,0,0,0.00,'',0.00,0,'',0,'',0.00,0.00,0,0,0,0,0,0),
(249,0,'doka internal angle plate h20 top50','',2,0.00,0.00,0.00,0.00,'2025-05-18',0,1,0,'00249',0,0,0,0,0,0,0.00,0.00,0.00,0.00,0.00,0.00,0.00,0.00,0.00,'.',0,0,'','','','','','','',0.00,'',0,0,0,'0',0,'',0,0,0,'GS1','','',0,0,0,0.00,'',0.00,0,'',0,'',0.00,0.00,0,0,0,0,0,0),
(250,0,'pipe 1.00m with plate','',1,0.00,0.00,0.00,0.00,'2025-05-18',0,1,0,'00250',0,0,0,0,0,0,0.00,0.00,0.00,0.00,0.00,0.00,0.00,0.00,0.00,'.',0,0,'','','','','','','',0.00,'',0,0,0,'0',0,'',0,0,0,'GS1','','',0,0,0,0.00,'',0.00,0,'',0,'',0.00,0.00,0,0,0,0,0,0),
(251,0,'base plate with tube 1.00m','',1,0.00,0.00,0.00,0.00,'2025-06-16',0,1,0,'00251',0,0,0,0,0,0,0.00,0.00,0.00,0.00,0.00,0.00,0.00,0.00,0.00,'.',0,0,'','','','','','','',0.00,'',0,0,0,'0',0,'',0,0,0,'GS1','','',0,0,0,0.00,'',0.00,0,'',0,'',0.00,0.00,0,0,0,0,0,0),
(252,0,'doka uhead for euro prop jack','',2,0.00,0.00,0.00,0.00,'2025-08-14',0,1,0,'00252',0,0,0,0,0,0,0.00,0.00,0.00,0.00,0.00,0.00,0.00,0.00,0.00,'.',0,0,'','','','','','','',0.00,'',0,0,0,'0',0,'',0,0,0,'GS1','','',0,0,0,0.00,'',0.00,0,'',0,'',0.00,0.00,0,0,0,0,0,0),
(253,0,'LVL Scaffold Board 225mm X 38mm X 1.0 m','',1,0.00,0.00,0.00,0.00,'2025-10-08',0,1,0,'00253',0,0,0,0,0,0,0.00,0.00,0.00,0.00,0.00,0.00,0.00,0.00,0.00,'.',0,0,'','','','','','','',0.00,'',0,0,0,'0',0,'',0,0,0,'GS1','','',0,0,0,0.00,'',0.00,0,'',0,'',0.00,0.00,0,0,0,0,0,0),
(254,0,'steel ladder 2m','',1,0.00,0.00,0.00,0.00,'2025-10-16',0,1,0,'00254',0,0,0,0,0,0,0.00,0.00,0.00,0.00,0.00,0.00,0.00,0.00,0.00,'.',0,0,'','','','','','','',0.00,'',0,0,0,'0',0,'',0,0,0,'GS1','','',0,0,0,0.00,'',0.00,0,'',0,'',0.00,0.00,0,0,0,0,0,0),
(255,0,'steel ladder 2.5m','',1,0.00,0.00,0.00,0.00,'2025-10-22',0,1,0,'00255',0,0,0,0,0,0,0.00,0.00,0.00,0.00,0.00,0.00,0.00,0.00,0.00,'.',0,0,'','','','','','','',0.00,'',0,0,0,'0',0,'',0,0,0,'GS1','','',0,0,0,0.00,'',0.00,0,'',0,'',0.00,0.00,0,0,0,0,0,0),
(256,0,'primary aluminum beam - 4.00 m','',2,0.00,0.00,0.00,0.00,'2025-10-29',0,1,0,'00256',0,0,0,0,0,0,0.00,0.00,0.00,0.00,0.00,0.00,0.00,0.00,0.00,'.',0,0,'','','','','','','',0.00,'',0,0,0,'0',0,'',0,0,0,'GS1','','',0,0,0,0.00,'',0.00,0,'',0,'',0.00,0.00,0,0,0,0,0,0),
(257,0,'Primary Aluminum Beam  -3.00m','',2,0.00,0.00,0.00,0.00,'2025-12-20',0,1,0,'00257',0,0,0,0,0,0,0.00,0.00,0.00,0.00,0.00,0.00,0.00,0.00,0.00,'.',0,0,'','','','','','','',0.00,'',0,0,0,'0',0,'',0,0,0,'GS1','','',0,0,0,0.00,'',0.00,0,'',0,'',0.00,0.00,0,0,0,0,0,0),
(258,0,'Steel Ladder 2.0 m','',2,0.00,0.00,0.00,0.00,'2026-04-11',0,1,0,'00258',0,0,0,0,0,0,0.00,0.00,0.00,0.00,0.00,0.00,0.00,0.00,0.00,'.',0,0,'','','','','','','',0.00,'',0,0,0,'0',0,'',0,0,0,'GS1','','',0,0,0,0.00,'',0.00,0,'',0,'',0.00,0.00,0,0,0,0,0,0),
(259,0,'Steel Ladder 2.50 m','',2,0.00,0.00,0.00,0.00,'2026-04-11',0,1,0,'00259',0,0,0,0,0,0,0.00,0.00,0.00,0.00,0.00,0.00,0.00,0.00,0.00,'.',0,0,'','','','','','','',0.00,'',0,0,0,'0',0,'',0,0,0,'GS1','','',0,0,0,0.00,'',0.00,0,'',0,'',0.00,0.00,0,0,0,0,0,0),
(260,0,'3.2mm, Galvanized Tube 3.50 m','',1,0.00,0.00,0.00,0.00,'2026-04-11',0,1,0,'00260',0,0,0,0,0,0,0.00,0.00,0.00,0.00,0.00,0.00,0.00,0.00,0.00,'.',0,0,'','','','','','','',0.00,'',0,0,0,'0',0,'',0,0,0,'GS1','','',0,0,0,0.00,'',0.00,0,'',0,'',0.00,0.00,0,0,0,0,0,0),
(261,0,'Ledger - Transom 1.35 m','',1,0.00,0.00,0.00,0.00,'2026-04-11',0,1,0,'00261',0,0,0,0,0,0,0.00,0.00,0.00,0.00,0.00,0.00,0.00,0.00,0.00,'.',0,0,'','','','','','','',0.00,'',0,0,0,'0',0,'',0,0,0,'GS1','','',0,0,0,0.00,'',0.00,0,'',0,'',0.00,0.00,0,0,0,0,0,0),
(262,0,'acrow steel soldier .50','',2,0.00,0.00,0.00,0.00,'2026-04-11',0,1,0,'00262',0,0,0,0,0,0,0.00,0.00,0.00,0.00,0.00,0.00,0.00,0.00,0.00,'.',0,0,'','','','','','','',0.00,'',0,0,0,'0',0,'',0,0,0,'GS1','','',0,0,0,0.00,'',0.00,0,'',0,'',0.00,0.00,0,0,0,0,0,0),
(263,0,'acrow steel soldier 1.00','',2,0.00,0.00,0.00,0.00,'2026-04-11',0,1,0,'00263',0,0,0,0,0,0,0.00,0.00,0.00,0.00,0.00,0.00,0.00,0.00,0.00,'.',0,0,'','','','','','','',0.00,'',0,0,0,'0',0,'',0,0,0,'GS1','','',0,0,0,0.00,'',0.00,0,'',0,'',0.00,0.00,0,0,0,0,0,0),
(264,0,'acrow steel soldier 1.50','',2,0.00,0.00,0.00,0.00,'2026-04-11',0,1,0,'00264',0,0,0,0,0,0,0.00,0.00,0.00,0.00,0.00,0.00,0.00,0.00,0.00,'.',0,0,'','','','','','','',0.00,'',0,0,0,'0',0,'',0,0,0,'GS1','','',0,0,0,0.00,'',0.00,0,'',0,'',0.00,0.00,0,0,0,0,0,0),
(265,0,'acrow steel soldier 2.00','',2,0.00,0.00,0.00,0.00,'2026-04-11',0,1,0,'00265',0,0,0,0,0,0,0.00,0.00,0.00,0.00,0.00,0.00,0.00,0.00,0.00,'.',0,0,'','','','','','','',0.00,'',0,0,0,'0',0,'',0,0,0,'GS1','','',0,0,0,0.00,'',0.00,0,'',0,'',0.00,0.00,0,0,0,0,0,0),
(266,0,'acrow steel soldier 1.75','',2,0.00,0.00,0.00,0.00,'2026-04-11',0,1,0,'00266',0,0,0,0,0,0,0.00,0.00,0.00,0.00,0.00,0.00,0.00,0.00,0.00,'.',0,0,'','','','','','','',0.00,'',0,0,0,'0',0,'',0,0,0,'GS1','','',0,0,0,0.00,'',0.00,0,'',0,'',0.00,0.00,0,0,0,0,0,0),
(267,0,'acrow steel soldier 2.50','',2,0.00,0.00,0.00,0.00,'2026-04-11',0,1,0,'00267',0,0,0,0,0,0,0.00,0.00,0.00,0.00,0.00,0.00,0.00,0.00,0.00,'.',0,0,'','','','','','','',0.00,'',0,0,0,'0',0,'',0,0,0,'GS1','','',0,0,0,0.00,'',0.00,0,'',0,'',0.00,0.00,0,0,0,0,0,0),
(268,0,'acrow steel soldier 3.00','',2,0.00,0.00,0.00,0.00,'2026-04-11',0,1,0,'00268',0,0,0,0,0,0,0.00,0.00,0.00,0.00,0.00,0.00,0.00,0.00,0.00,'.',0,0,'','','','','','','',0.00,'',0,0,0,'0',0,'',0,0,0,'GS1','','',0,0,0,0.00,'',0.00,0,'',0,'',0.00,0.00,0,0,0,0,0,0),
(269,0,'acrow steel soldier 3.50','',2,0.00,0.00,0.00,0.00,'2026-04-11',0,1,0,'00269',0,0,0,0,0,0,0.00,0.00,0.00,0.00,0.00,0.00,0.00,0.00,0.00,'.',0,0,'','','','','','','',0.00,'',0,0,0,'0',0,'',0,0,0,'GS1','','',0,0,0,0.00,'',0.00,0,'',0,'',0.00,0.00,0,0,0,0,0,0),
(270,0,'acrow steel soldier 4.00','',2,0.00,0.00,0.00,0.00,'2026-04-11',0,1,0,'00270',0,0,0,0,0,0,0.00,0.00,0.00,0.00,0.00,0.00,0.00,0.00,0.00,'.',0,0,'','','','','','','',0.00,'',0,0,0,'0',0,'',0,0,0,'GS1','','',0,0,0,0.00,'',0.00,0,'',0,'',0.00,0.00,0,0,0,0,0,0),
(271,0,'acrow steel soldier 4.50','',2,0.00,0.00,0.00,0.00,'2026-04-11',0,1,0,'00271',0,0,0,0,0,0,0.00,0.00,0.00,0.00,0.00,0.00,0.00,0.00,0.00,'.',0,0,'','','','','','','',0.00,'',0,0,0,'0',0,'',0,0,0,'GS1','','',0,0,0,0.00,'',0.00,0,'',0,'',0.00,0.00,0,0,0,0,0,0),
(272,0,'acrow steel soldier 5.00','',2,0.00,0.00,0.00,0.00,'2026-04-11',0,1,0,'00272',0,0,0,0,0,0,0.00,0.00,0.00,0.00,0.00,0.00,0.00,0.00,0.00,'.',0,0,'','','','','','','',0.00,'',0,0,0,'0',0,'',0,0,0,'GS1','','',0,0,0,0.00,'',0.00,0,'',0,'',0.00,0.00,0,0,0,0,0,0),
(273,0,'acrow steel soldier 5.50','',2,0.00,0.00,0.00,0.00,'2026-04-11',0,1,0,'00273',0,0,0,0,0,0,0.00,0.00,0.00,0.00,0.00,0.00,0.00,0.00,0.00,'.',0,0,'','','','','','','',0.00,'',0,0,0,'0',0,'',0,0,0,'GS1','','',0,0,0,0.00,'',0.00,0,'',0,'',0.00,0.00,0,0,0,0,0,0),
(274,0,'acrow steel soldier 6.00','',2,0.00,0.00,0.00,0.00,'2026-04-11',0,1,0,'00274',0,0,0,0,0,0,0.00,0.00,0.00,0.00,0.00,0.00,0.00,0.00,0.00,'.',0,0,'','','','','','','',0.00,'',0,0,0,'0',0,'',0,0,0,'GS1','','',0,0,0,0.00,'',0.00,0,'',0,'',0.00,0.00,0,0,0,0,0,0),
(275,0,'acrow steel soldier 3.75','',2,0.00,0.00,0.00,0.00,'2026-04-11',0,1,0,'00275',0,0,0,0,0,0,0.00,0.00,0.00,0.00,0.00,0.00,0.00,0.00,0.00,'.',0,0,'','','','','','','',0.00,'',0,0,0,'0',0,'',0,0,0,'GS1','','',0,0,0,0.00,'',0.00,0,'',0,'',0.00,0.00,0,0,0,0,0,0),
(276,0,'acrow steel soldier 3.25','',2,0.00,0.00,0.00,0.00,'2026-04-11',0,1,0,'00276',0,0,0,0,0,0,0.00,0.00,0.00,0.00,0.00,0.00,0.00,0.00,0.00,'.',0,0,'','','','','','','',0.00,'',0,0,0,'0',0,'',0,0,0,'GS1','','',0,0,0,0.00,'',0.00,0,'',0,'',0.00,0.00,0,0,0,0,0,0),
(277,0,'acrow steel soldier 1.25','',2,0.00,0.00,0.00,0.00,'2026-04-11',0,1,0,'00277',0,0,0,0,0,0,0.00,0.00,0.00,0.00,0.00,0.00,0.00,0.00,0.00,'.',0,0,'','','','','','','',0.00,'',0,0,0,'0',0,'',0,0,0,'GS1','','',0,0,0,0.00,'',0.00,0,'',0,'',0.00,0.00,0,0,0,0,0,0),
(278,0,'acrow steel soldier .75','',2,0.00,0.00,0.00,0.00,'2026-04-11',0,1,0,'00278',0,0,0,0,0,0,0.00,0.00,0.00,0.00,0.00,0.00,0.00,0.00,0.00,'.',0,0,'','','','','','','',0.00,'',0,0,0,'0',0,'',0,0,0,'GS1','','',0,0,0,0.00,'',0.00,0,'',0,'',0.00,0.00,0,0,0,0,0,0),
(279,0,'acrow steel soldier 2.25','',2,0.00,0.00,0.00,0.00,'2026-04-11',0,1,0,'00279',0,0,0,0,0,0,0.00,0.00,0.00,0.00,0.00,0.00,0.00,0.00,0.00,'.',0,0,'','','','','','','',0.00,'',0,0,0,'0',0,'',0,0,0,'GS1','','',0,0,0,0.00,'',0.00,0,'',0,'',0.00,0.00,0,0,0,0,0,0),
(280,0,'Steel Soldier .85 m','',2,0.00,0.00,0.00,0.00,'2026-04-11',0,1,0,'00280',0,0,0,0,0,0,0.00,0.00,0.00,0.00,0.00,0.00,0.00,0.00,0.00,'.',0,0,'','','','','','','',0.00,'',0,0,0,'0',0,'',0,0,0,'GS1','','',0,0,0,0.00,'',0.00,0,'',0,'',0.00,0.00,0,0,0,0,0,0),
(281,0,'SCAFFOLDING WHEEL 5','',1,0.00,0.00,0.00,0.00,'2026-04-12',0,1,0,'00281',0,0,0,0,0,0,0.00,0.00,0.00,0.00,0.00,0.00,0.00,0.00,0.00,'.',0,0,'','','','','','','',0.00,'',0,0,0,'0',0,'',0,0,0,'GS1','','',0,0,0,0.00,'',0.00,0,'',0,'',0.00,0.00,0,0,0,0,0,0),
(282,0,'ACROW PUSH PULL 1.20','',2,0.00,0.00,0.00,0.00,'2026-04-12',0,1,0,'00282',0,0,0,0,0,0,0.00,0.00,0.00,0.00,0.00,0.00,0.00,0.00,0.00,'.',0,0,'','','','','','','',0.00,'',0,0,0,'0',0,'',0,0,0,'GS1','','',0,0,0,0.00,'',0.00,0,'',0,'',0.00,0.00,0,0,0,0,0,0),
(283,0,'DIGONAL TUBE 1.43','',2,0.00,0.00,0.00,0.00,'2026-04-12',0,1,0,'00283',0,0,0,0,0,0,0.00,0.00,0.00,0.00,0.00,0.00,0.00,0.00,0.00,'.',0,0,'','','','','','','',0.00,'',0,0,0,'0',0,'',0,0,0,'GS1','','',0,0,0,0.00,'',0.00,0,'',0,'',0.00,0.00,0,0,0,0,0,0),
(284,0,'DIGONAL TUBE 1.25','',2,0.00,0.00,0.00,0.00,'2026-04-12',0,1,0,'00284',0,0,0,0,0,0,0.00,0.00,0.00,0.00,0.00,0.00,0.00,0.00,0.00,'.',0,0,'','','','','','','',0.00,'',0,0,0,'0',0,'',0,0,0,'GS1','','',0,0,0,0.00,'',0.00,0,'',0,'',0.00,0.00,0,0,0,0,0,0),
(285,0,'DIGONAL TUBE 1.34','',2,0.00,0.00,0.00,0.00,'2026-04-12',0,1,0,'00285',0,0,0,0,0,0,0.00,0.00,0.00,0.00,0.00,0.00,0.00,0.00,0.00,'.',0,0,'','','','','','','',0.00,'',0,0,0,'0',0,'',0,0,0,'GS1','','',0,0,0,0.00,'',0.00,0,'',0,'',0.00,0.00,0,0,0,0,0,0),
(286,0,'DIGONAL TUBE 1.30','',2,0.00,0.00,0.00,0.00,'2026-04-12',0,1,0,'00286',0,0,0,0,0,0,0.00,0.00,0.00,0.00,0.00,0.00,0.00,0.00,0.00,'.',0,0,'','','','','','','',0.00,'',0,0,0,'0',0,'',0,0,0,'GS1','','',0,0,0,0.00,'',0.00,0,'',0,'',0.00,0.00,0,0,0,0,0,0),
(287,0,'ACROW PUSH PULL 1.55','',2,0.00,0.00,0.00,0.00,'2026-04-12',0,1,0,'00287',0,0,0,0,0,0,0.00,0.00,0.00,0.00,0.00,0.00,0.00,0.00,0.00,'.',0,0,'','','','','','','',0.00,'',0,0,0,'0',0,'',0,0,0,'GS1','','',0,0,0,0.00,'',0.00,0,'',0,'',0.00,0.00,0,0,0,0,0,0),
(288,0,'ACROW PUSH PULL 2.05','',2,0.00,0.00,0.00,0.00,'2026-04-12',0,1,0,'00288',0,0,0,0,0,0,0.00,0.00,0.00,0.00,0.00,0.00,0.00,0.00,0.00,'.',0,0,'','','','','','','',0.00,'',0,0,0,'0',0,'',0,0,0,'GS1','','',0,0,0,0.00,'',0.00,0,'',0,'',0.00,0.00,0,0,0,0,0,0),
(289,0,'PRIMARY ALUMINUM BEAM 2.50 M','',2,0.00,0.00,0.00,0.00,'2026-04-13',0,1,0,'00289',0,0,0,0,0,0,0.00,0.00,0.00,0.00,0.00,0.00,0.00,0.00,0.00,'.',0,0,'','','','','','','',0.00,'',0,0,0,'0',0,'',0,0,0,'GS1','','',0,0,0,0.00,'',0.00,0,'',0,'',0.00,0.00,0,0,0,0,0,0);

--
-- Table structure for table `productcat`
--

CREATE TABLE `productcat` (
  `productCatId` int(11) NOT NULL AUTO_INCREMENT,
  `productCatName` varchar(256) NOT NULL,
  `productCatDate` date NOT NULL,
  `productCatDescription` text DEFAULT NULL,
  `productCatParent` int(11) NOT NULL DEFAULT 0,
  `userId` int(11) NOT NULL,
  `conditions` int(1) NOT NULL DEFAULT 0,
  `selldiscount` decimal(10,2) NOT NULL DEFAULT 0.00,
  `buydiscount` decimal(10,2) NOT NULL DEFAULT 0.00,
  `discounttype` int(11) NOT NULL DEFAULT 0 COMMENT '0 =>direct- 1=>percent',
  `isOptic` int(11) NOT NULL DEFAULT 0 COMMENT '0 not optic -1 without size and color-2 with size and color',
  `buytotal` int(11) DEFAULT 0,
  `buyhalf` int(11) DEFAULT 0,
  `buypart` int(11) DEFAULT 0,
  `buypricereal` int(11) DEFAULT 0,
  `opticServices` varchar(200) NOT NULL,
  `logo` varchar(255) DEFAULT NULL,
  `inMenu` tinyint(4) DEFAULT 0 COMMENT '0 show in resturant menu-1 hide it',
  `stopNegativeSale` tinyint(4) NOT NULL DEFAULT 0,
  `catExcelid` int(11) NOT NULL COMMENT 'used to link products to products from another erp like siam see in buybill',
  `webApiId` int(11) NOT NULL DEFAULT 0,
  `obygyInvestigationCatId` int(11) DEFAULT 0,
  `price4` int(11) DEFAULT 0,
  `price5` int(11) DEFAULT 0,
  `price6` int(11) DEFAULT 0,
  `price7` int(11) DEFAULT 0,
  `price8` int(11) DEFAULT 0,
  PRIMARY KEY (`productCatId`),
  KEY `productCatParent` (`productCatParent`)
) ENGINE=InnoDB AUTO_INCREMENT=4 DEFAULT CHARSET=utf8mb3 COLLATE=utf8mb3_general_ci;

--
-- Dumping data for table `productcat`
--

INSERT INTO `productcat` VALUES
(1,'CUPLOCK','2025-02-19','',0,1,0,0.00,0.00,0,0,0,0,0,0,'','',0,0,0,0,0,0,0,0,0,0),
(2,'FORMWORK','2025-02-19','',0,1,0,0.00,0.00,0,0,0,0,0,0,'','',0,0,0,0,0,0,0,0,0,0),
(3,'ALUMUNIOM','2025-02-19','',0,1,0,0.00,0.00,0,0,0,0,0,0,'','',0,0,0,0,0,0,0,0,0,0);

--
-- Table structure for table `productcatunit`
--

CREATE TABLE `productcatunit` (
  `productcatunitid` int(11) NOT NULL AUTO_INCREMENT,
  `unitid` int(11) NOT NULL,
  `productcatid` int(11) NOT NULL,
  `productnumber` decimal(10,2) NOT NULL,
  `productcatunitdate` date NOT NULL,
  `userid` int(11) NOT NULL,
  `conditions` int(11) NOT NULL DEFAULT 0,
  PRIMARY KEY (`productcatunitid`),
  KEY `productcatid` (`productcatid`),
  KEY `unitid` (`unitid`)
) ENGINE=InnoDB DEFAULT CHARSET=utf8mb3 COLLATE=utf8mb3_general_ci;

--
-- Dumping data for table `productcatunit`
--


--
-- Table structure for table `productingredients`
--

CREATE TABLE `productingredients` (
  `id` int(11) NOT NULL AUTO_INCREMENT,
  `productId` int(11) NOT NULL COMMENT 'from product tabe it is the product that has ingredients',
  `ingridientId` int(11) NOT NULL COMMENT 'from product table it is the ingridient',
  `unitId` int(11) NOT NULL,
  `quantity` decimal(10,2) NOT NULL,
  `userId` int(11) NOT NULL,
  `thedate` date NOT NULL,
  `conditions` tinyint(4) NOT NULL,
  PRIMARY KEY (`id`)
) ENGINE=InnoDB DEFAULT CHARSET=latin1 COLLATE=latin1_swedish_ci;

--
-- Dumping data for table `productingredients`
--


--
-- Table structure for table `productionexecution`
--

CREATE TABLE `productionexecution` (
  `id` int(11) NOT NULL AUTO_INCREMENT,
  `orderId` int(11) NOT NULL DEFAULT 0,
  `title` varchar(255) NOT NULL,
  `orderdate` date NOT NULL,
  `taskid` int(11) NOT NULL,
  `productid` int(11) NOT NULL,
  `num` decimal(10,2) NOT NULL,
  `outstoreid` int(11) NOT NULL,
  `wastestoreid` int(11) NOT NULL,
  `rentcost` double NOT NULL,
  `othercost` double NOT NULL,
  `executioncost` double NOT NULL,
  `sysdate` datetime NOT NULL,
  `executed` int(11) NOT NULL DEFAULT 0 COMMENT '0: not execued -- 1:executed',
  `comment` text NOT NULL,
  `sizeid` int(11) NOT NULL DEFAULT 0,
  `colorid` int(11) NOT NULL DEFAULT 0,
  PRIMARY KEY (`id`),
  UNIQUE KEY `orderId` (`orderId`)
) ENGINE=InnoDB DEFAULT CHARSET=latin1 COLLATE=latin1_swedish_ci;

--
-- Dumping data for table `productionexecution`
--


--
-- Table structure for table `productionexecutionoutput`
--

CREATE TABLE `productionexecutionoutput` (
  `id` int(11) NOT NULL AUTO_INCREMENT,
  `exeutionid` int(11) NOT NULL,
  `productid` int(11) NOT NULL,
  `allprice` double NOT NULL,
  `halfprice` double NOT NULL,
  `unitprice` double NOT NULL,
  `num` decimal(10,2) NOT NULL,
  `cost` double NOT NULL,
  `storeid` int(11) NOT NULL,
  `buyPricesHistoryBookIdQuantity` text NOT NULL,
  `sizeid` int(11) NOT NULL DEFAULT 0,
  `colorid` int(11) NOT NULL DEFAULT 0,
  PRIMARY KEY (`id`)
) ENGINE=InnoDB DEFAULT CHARSET=latin1 COLLATE=latin1_swedish_ci;

--
-- Dumping data for table `productionexecutionoutput`
--


--
-- Table structure for table `productionexecutionproduct`
--

CREATE TABLE `productionexecutionproduct` (
  `id` int(11) NOT NULL AUTO_INCREMENT,
  `executionid` int(11) NOT NULL,
  `productid` int(11) NOT NULL,
  `unitid` int(11) NOT NULL,
  `quantity` decimal(10,2) NOT NULL,
  `actualquantity` decimal(10,2) NOT NULL,
  `cost` double NOT NULL,
  `actualcost` double NOT NULL,
  `buyPricesHistoryBookIdQuantity` text NOT NULL,
  `sizeid` int(11) NOT NULL DEFAULT 0,
  `colorid` int(11) NOT NULL DEFAULT 0,
  PRIMARY KEY (`id`)
) ENGINE=InnoDB DEFAULT CHARSET=latin1 COLLATE=latin1_swedish_ci;

--
-- Dumping data for table `productionexecutionproduct`
--


--
-- Table structure for table `productionexecutionwaste`
--

CREATE TABLE `productionexecutionwaste` (
  `id` int(11) NOT NULL AUTO_INCREMENT,
  `executionid` int(11) NOT NULL,
  `productid` int(11) NOT NULL,
  `allprice` double NOT NULL,
  `halfprice` double NOT NULL,
  `unitprice` double NOT NULL,
  `num` decimal(10,2) NOT NULL,
  `storeid` int(11) NOT NULL,
  `buyPricesHistoryBookIdQuantity` text NOT NULL,
  `sizeid` int(11) NOT NULL DEFAULT 0,
  `colorid` int(11) NOT NULL DEFAULT 0,
  PRIMARY KEY (`id`)
) ENGINE=InnoDB DEFAULT CHARSET=latin1 COLLATE=latin1_swedish_ci;

--
-- Dumping data for table `productionexecutionwaste`
--


--
-- Table structure for table `productionorder`
--

CREATE TABLE `productionorder` (
  `productionOrderid` int(11) NOT NULL AUTO_INCREMENT,
  `name` varchar(255) NOT NULL,
  `orderDate` date NOT NULL,
  `branchId` int(11) DEFAULT NULL,
  `startDate` date NOT NULL,
  `endDate` date NOT NULL,
  `productId` int(11) NOT NULL,
  `stageId` int(11) NOT NULL,
  `storeId` int(11) NOT NULL,
  `outQuantity` decimal(10,3) NOT NULL,
  `measureUnitId` int(11) NOT NULL,
  `conditions` int(11) NOT NULL DEFAULT 0 COMMENT '0 for notdel -1 for del',
  `userId` int(11) NOT NULL,
  `orderStatus` int(11) NOT NULL DEFAULT 0 COMMENT '0 for Under implementation - 1 for finished',
  PRIMARY KEY (`productionOrderid`)
) ENGINE=InnoDB DEFAULT CHARSET=utf8mb3 COLLATE=utf8mb3_general_ci;

--
-- Dumping data for table `productionorder`
--


--
-- Table structure for table `productionout`
--

CREATE TABLE `productionout` (
  `id` int(11) NOT NULL AUTO_INCREMENT,
  `outStore` int(11) NOT NULL,
  `inStore` int(11) NOT NULL,
  `supplier` int(11) NOT NULL,
  `productid` int(11) NOT NULL,
  `sizeid` int(11) NOT NULL,
  `colorid` int(11) NOT NULL,
  `outQuantity` float NOT NULL,
  `outUnitCost` float NOT NULL,
  `outAllCost` float NOT NULL,
  `comment` text CHARACTER SET utf8mb4 COLLATE utf8mb4_unicode_ci DEFAULT NULL,
  `userid` int(11) NOT NULL,
  `sysDate` datetime NOT NULL,
  `del` tinyint(4) NOT NULL,
  `outAllCostTot` float NOT NULL,
  PRIMARY KEY (`id`)
) ENGINE=InnoDB DEFAULT CHARSET=latin1 COLLATE=latin1_swedish_ci;

--
-- Dumping data for table `productionout`
--


--
-- Table structure for table `productionoutdetails`
--

CREATE TABLE `productionoutdetails` (
  `id` int(11) NOT NULL AUTO_INCREMENT,
  `productionOutId` int(11) NOT NULL,
  `productid` int(11) NOT NULL,
  `sizeid` int(11) NOT NULL,
  `colorid` int(11) NOT NULL,
  `unitid` int(11) NOT NULL,
  `price` float NOT NULL,
  `quantity` float NOT NULL,
  `inTotalCost` float NOT NULL,
  PRIMARY KEY (`id`)
) ENGINE=InnoDB DEFAULT CHARSET=latin1 COLLATE=latin1_swedish_ci;

--
-- Dumping data for table `productionoutdetails`
--


--
-- Table structure for table `productionoutmany`
--

CREATE TABLE `productionoutmany` (
  `id` int(11) NOT NULL AUTO_INCREMENT,
  `outStore` int(11) NOT NULL,
  `inStore` int(11) NOT NULL,
  `supplier` int(11) NOT NULL,
  `comment` text NOT NULL,
  `userid` int(11) NOT NULL,
  `sysDate` datetime NOT NULL,
  `del` tinyint(4) NOT NULL,
  `title` varchar(255) NOT NULL,
  `productionoutmanynum` int(11) NOT NULL DEFAULT 0,
  PRIMARY KEY (`id`)
) ENGINE=InnoDB DEFAULT CHARSET=utf8mb4 COLLATE=utf8mb4_unicode_ci;

--
-- Dumping data for table `productionoutmany`
--


--
-- Table structure for table `productionoutmanyinproducts`
--

CREATE TABLE `productionoutmanyinproducts` (
  `id` int(11) NOT NULL AUTO_INCREMENT,
  `productionoutmanyid` int(11) NOT NULL,
  `productid` int(11) NOT NULL,
  `sizeid` int(11) NOT NULL,
  `colorid` int(11) NOT NULL,
  `prounitid` int(11) NOT NULL,
  `quantity` float NOT NULL,
  `unitpriceraw` float NOT NULL,
  `unitManufPrice` float NOT NULL,
  `inTotalCostUnit` float NOT NULL,
  `inTotalCost` float NOT NULL,
  PRIMARY KEY (`id`)
) ENGINE=InnoDB DEFAULT CHARSET=latin1 COLLATE=latin1_swedish_ci;

--
-- Dumping data for table `productionoutmanyinproducts`
--


--
-- Table structure for table `productionoutmanyoutproducts`
--

CREATE TABLE `productionoutmanyoutproducts` (
  `id` int(11) NOT NULL AUTO_INCREMENT,
  `productionoutmanyid` int(11) NOT NULL,
  `productid` int(11) NOT NULL,
  `sizeid` int(11) NOT NULL,
  `colorid` int(11) NOT NULL,
  `prounitid` int(11) NOT NULL,
  `quantity` float NOT NULL,
  `unitprice` float NOT NULL,
  `cost` float NOT NULL,
  PRIMARY KEY (`id`)
) ENGINE=InnoDB DEFAULT CHARSET=latin1 COLLATE=latin1_swedish_ci;

--
-- Dumping data for table `productionoutmanyoutproducts`
--


--
-- Table structure for table `productionrate`
--

CREATE TABLE `productionrate` (
  `productionRateId` int(11) NOT NULL AUTO_INCREMENT,
  `name` varchar(255) NOT NULL COMMENT 'equation name',
  `finalName` varchar(255) NOT NULL COMMENT 'equation final product name',
  `userId` int(11) NOT NULL,
  `thedate` date NOT NULL,
  `conditions` int(11) NOT NULL DEFAULT 0 COMMENT '0 for notdel- 1for del',
  `sizeid` int(11) NOT NULL DEFAULT 0,
  `colorid` int(11) NOT NULL DEFAULT 0,
  PRIMARY KEY (`productionRateId`)
) ENGINE=InnoDB DEFAULT CHARSET=utf8mb3 COLLATE=utf8mb3_general_ci;

--
-- Dumping data for table `productionrate`
--


--
-- Table structure for table `productionrateproduct`
--

CREATE TABLE `productionrateproduct` (
  `productionRateProductId` int(11) NOT NULL AUTO_INCREMENT,
  `productionRateId` int(11) NOT NULL,
  `productId` int(11) NOT NULL,
  `unitId` int(11) NOT NULL,
  `rate` decimal(10,2) NOT NULL,
  `quantity` decimal(10,2) NOT NULL,
  `userId` int(11) NOT NULL,
  `thedate` date NOT NULL,
  `conditions` int(11) NOT NULL DEFAULT 0 COMMENT '0 for notdel- 1for del',
  `sizeid` int(11) NOT NULL DEFAULT 0,
  `colorid` int(11) NOT NULL DEFAULT 0,
  PRIMARY KEY (`productionRateProductId`)
) ENGINE=InnoDB DEFAULT CHARSET=utf8mb3 COLLATE=utf8mb3_general_ci;

--
-- Dumping data for table `productionrateproduct`
--


--
-- Table structure for table `productrecieve`
--

CREATE TABLE `productrecieve` (
  `productrecieveid` int(11) NOT NULL AUTO_INCREMENT,
  `sparepartid` int(11) NOT NULL,
  `productrecievedate` date NOT NULL,
  `recieptnum` varchar(255) NOT NULL,
  `clientname` varchar(255) NOT NULL,
  `type` int(11) NOT NULL COMMENT '1=>',
  `cost` decimal(10,2) NOT NULL,
  `partsnumber` decimal(10,2) NOT NULL,
  `userid` int(11) NOT NULL,
  PRIMARY KEY (`productrecieveid`)
) ENGINE=InnoDB DEFAULT CHARSET=utf8mb3 COLLATE=utf8mb3_general_ci;

--
-- Dumping data for table `productrecieve`
--


--
-- Table structure for table `productrequests`
--

CREATE TABLE `productrequests` (
  `id` int(11) NOT NULL AUTO_INCREMENT,
  `productid` int(11) NOT NULL,
  `storeid` int(11) NOT NULL,
  `requeststoreid` int(11) NOT NULL COMMENT 'id of store that made the request',
  `productnoreq` int(11) NOT NULL COMMENT 'no of requested pieces',
  `productnoaccept` int(11) NOT NULL COMMENT 'no of accepted pieces',
  `useridadd` int(11) NOT NULL COMMENT 'user who add the request',
  `useridresponse` int(11) NOT NULL COMMENT 'user who respond to the request',
  `status` int(11) NOT NULL DEFAULT 0 COMMENT '0 new - 1 refuse - 2 accept - 3 accept and added to bill',
  `seen` int(11) NOT NULL DEFAULT 0,
  `deleted` int(11) NOT NULL DEFAULT 0 COMMENT '1 deleted - 0 not deleted ',
  PRIMARY KEY (`id`)
) ENGINE=InnoDB DEFAULT CHARSET=latin1 COLLATE=latin1_swedish_ci;

--
-- Dumping data for table `productrequests`
--


--
-- Table structure for table `productserial`
--

CREATE TABLE `productserial` (
  `productserailid` int(11) NOT NULL AUTO_INCREMENT,
  `productid` int(11) NOT NULL,
  `serialnumber` varchar(256) NOT NULL,
  `comment` text NOT NULL,
  `startdate` date NOT NULL,
  `enddate` date NOT NULL,
  `billid` int(11) NOT NULL,
  `type` int(11) NOT NULL COMMENT '0 for Buy 1 for returnBuyBill',
  `buybilldetailid` int(11) NOT NULL,
  `don` decimal(10,2) NOT NULL,
  `sellbillid` int(11) NOT NULL,
  `del` int(11) NOT NULL COMMENT '0 for not del 1 for del',
  `storeid` int(11) NOT NULL COMMENT 'store of buy bill where serial exists',
  `sizeid` int(11) NOT NULL DEFAULT 0,
  `colorid` int(11) NOT NULL DEFAULT 0,
  `chassisNo` varchar(25) NOT NULL DEFAULT '',
  `motorNo` varchar(25) NOT NULL DEFAULT '',
  `theColor` varchar(255) NOT NULL DEFAULT '',
  PRIMARY KEY (`productserailid`),
  KEY `productid` (`productid`)
) ENGINE=InnoDB DEFAULT CHARSET=utf8mb3 COLLATE=utf8mb3_general_ci;

--
-- Dumping data for table `productserial`
--


--
-- Table structure for table `productsetting`
--

CREATE TABLE `productsetting` (
  `productsettingid` int(11) NOT NULL AUTO_INCREMENT,
  `leastValueAtStore` decimal(10,2) NOT NULL,
  `storeid` int(11) NOT NULL,
  PRIMARY KEY (`productsettingid`),
  KEY `storeid` (`storeid`)
) ENGINE=InnoDB DEFAULT CHARSET=utf8mb3 COLLATE=utf8mb3_general_ci;

--
-- Dumping data for table `productsetting`
--


--
-- Table structure for table `productstore`
--

CREATE TABLE `productstore` (
  `id` int(11) unsigned NOT NULL AUTO_INCREMENT,
  `productid` int(11) unsigned DEFAULT NULL,
  `storeid` int(11) unsigned DEFAULT NULL,
  `productcatid` int(11) unsigned DEFAULT NULL,
  `limitamount` int(11) unsigned DEFAULT NULL,
  `prostorelimitamount` int(11) unsigned DEFAULT NULL,
  `createddate` datetime DEFAULT NULL,
  `conditions` int(11) unsigned DEFAULT NULL,
  PRIMARY KEY (`id`)
) ENGINE=InnoDB AUTO_INCREMENT=1050 DEFAULT CHARSET=utf8mb4 COLLATE=utf8mb4_unicode_ci;

--
-- Dumping data for table `productstore`
--

INSERT INTO `productstore` VALUES
(1,155,1,2,0,0,'2025-02-23 06:55:55',0),
(2,155,2,2,0,0,'2025-02-23 06:55:59',0),
(3,155,3,2,0,0,'2025-02-23 06:56:00',0),
(4,155,4,2,0,0,'2025-02-23 06:56:00',0),
(5,155,5,2,0,0,'2025-02-23 06:56:00',0),
(6,155,6,2,0,0,'2025-02-23 06:56:00',0),
(7,155,7,2,0,0,'2025-02-23 06:56:00',0),
(8,156,1,2,0,0,'2025-02-23 06:59:17',0),
(9,156,2,2,0,0,'2025-02-23 06:59:17',0),
(10,156,3,2,0,0,'2025-02-23 06:59:17',0),
(11,156,4,2,0,0,'2025-02-23 06:59:17',0),
(12,156,5,2,0,0,'2025-02-23 06:59:17',0),
(13,156,6,2,0,0,'2025-02-23 06:59:17',0),
(14,156,7,2,0,0,'2025-02-23 06:59:17',0),
(15,157,1,2,0,0,'2025-02-23 07:00:34',0),
(16,157,2,2,0,0,'2025-02-23 07:00:34',0),
(17,157,3,2,0,0,'2025-02-23 07:00:34',0),
(18,157,4,2,0,0,'2025-02-23 07:00:34',0),
(19,157,5,2,0,0,'2025-02-23 07:00:34',0),
(20,157,6,2,0,0,'2025-02-23 07:00:35',0),
(21,157,7,2,0,0,'2025-02-23 07:00:35',0),
(22,158,1,2,0,0,'2025-02-23 07:14:44',0),
(23,158,2,2,0,0,'2025-02-23 07:14:44',0),
(24,158,3,2,0,0,'2025-02-23 07:14:45',0),
(25,158,4,2,0,0,'2025-02-23 07:14:45',0),
(26,158,5,2,0,0,'2025-02-23 07:14:45',0),
(27,158,6,2,0,0,'2025-02-23 07:14:45',0),
(28,158,7,2,0,0,'2025-02-23 07:14:45',0),
(29,159,1,2,0,0,'2025-02-23 07:18:14',0),
(30,159,2,2,0,0,'2025-02-23 07:18:14',0),
(31,159,3,2,0,0,'2025-02-23 07:18:14',0),
(32,159,4,2,0,0,'2025-02-23 07:18:14',0),
(33,159,5,2,0,0,'2025-02-23 07:18:14',0),
(34,159,6,2,0,0,'2025-02-23 07:18:14',0),
(35,159,7,2,0,0,'2025-02-23 07:18:14',0),
(36,160,1,2,0,0,'2025-02-23 07:18:14',0),
(37,160,2,2,0,0,'2025-02-23 07:18:14',0),
(38,160,3,2,0,0,'2025-02-23 07:18:14',0),
(39,160,4,2,0,0,'2025-02-23 07:18:14',0),
(40,160,5,2,0,0,'2025-02-23 07:18:14',0),
(41,160,6,2,0,0,'2025-02-23 07:18:14',0),
(42,160,7,2,0,0,'2025-02-23 07:18:14',0),
(43,161,1,2,0,0,'2025-02-23 07:18:14',0),
(44,161,2,2,0,0,'2025-02-23 07:18:14',0),
(45,161,3,2,0,0,'2025-02-23 07:18:14',0),
(46,161,4,2,0,0,'2025-02-23 07:18:14',0),
(47,161,5,2,0,0,'2025-02-23 07:18:15',0),
(48,161,6,2,0,0,'2025-02-23 07:18:15',0),
(49,161,7,2,0,0,'2025-02-23 07:18:15',0),
(50,162,1,2,0,0,'2025-02-23 08:04:32',0),
(51,162,2,2,0,0,'2025-02-23 08:04:32',0),
(52,162,3,2,0,0,'2025-02-23 08:04:32',0),
(53,162,4,2,0,0,'2025-02-23 08:04:32',0),
(54,162,5,2,0,0,'2025-02-23 08:04:32',0),
(55,162,6,2,0,0,'2025-02-23 08:04:32',0),
(56,162,7,2,0,0,'2025-02-23 08:04:33',0),
(57,163,1,2,0,0,'2025-02-23 14:16:36',0),
(58,163,2,2,0,0,'2025-02-23 14:16:36',0),
(59,163,3,2,0,0,'2025-02-23 14:16:37',0),
(60,163,4,2,0,0,'2025-02-23 14:16:37',0),
(61,163,5,2,0,0,'2025-02-23 14:16:37',0),
(62,163,6,2,0,0,'2025-02-23 14:16:37',0),
(63,163,7,2,0,0,'2025-02-23 14:16:37',0),
(64,164,1,2,0,0,'2025-02-23 15:00:48',0),
(65,164,2,2,0,0,'2025-02-23 15:00:48',0),
(66,164,3,2,0,0,'2025-02-23 15:00:48',0),
(67,164,4,2,0,0,'2025-02-23 15:00:48',0),
(68,164,5,2,0,0,'2025-02-23 15:00:49',0),
(69,164,6,2,0,0,'2025-02-23 15:00:49',0),
(70,164,7,2,0,0,'2025-02-23 15:00:49',0),
(71,165,1,2,0,0,'2025-02-24 06:41:11',0),
(72,165,2,2,0,0,'2025-02-24 06:41:11',0),
(73,165,3,2,0,0,'2025-02-24 06:41:11',0),
(74,165,4,2,0,0,'2025-02-24 06:41:11',0),
(75,165,5,2,0,0,'2025-02-24 06:41:11',0),
(76,165,6,2,0,0,'2025-02-24 06:41:11',0),
(77,165,7,2,0,0,'2025-02-24 06:41:11',0),
(78,166,1,2,0,0,'2025-02-24 06:41:11',0),
(79,166,2,2,0,0,'2025-02-24 06:41:11',0),
(80,166,3,2,0,0,'2025-02-24 06:41:12',0),
(81,166,4,2,0,0,'2025-02-24 06:41:12',0),
(82,166,5,2,0,0,'2025-02-24 06:41:12',0),
(83,166,6,2,0,0,'2025-02-24 06:41:12',0),
(84,166,7,2,0,0,'2025-02-24 06:41:12',0),
(85,167,1,2,0,0,'2025-02-24 06:41:12',0),
(86,167,2,2,0,0,'2025-02-24 06:41:12',0),
(87,167,3,2,0,0,'2025-02-24 06:41:12',0),
(88,167,4,2,0,0,'2025-02-24 06:41:12',0),
(89,167,5,2,0,0,'2025-02-24 06:41:12',0),
(90,167,6,2,0,0,'2025-02-24 06:41:12',0),
(91,167,7,2,0,0,'2025-02-24 06:41:12',0),
(92,168,1,2,0,0,'2025-02-24 06:41:12',0),
(93,168,2,2,0,0,'2025-02-24 06:41:12',0),
(94,168,3,2,0,0,'2025-02-24 06:41:12',0),
(95,168,4,2,0,0,'2025-02-24 06:41:12',0),
(96,168,5,2,0,0,'2025-02-24 06:41:12',0),
(97,168,6,2,0,0,'2025-02-24 06:41:12',0),
(98,168,7,2,0,0,'2025-02-24 06:41:12',0),
(99,169,1,2,0,0,'2025-02-24 06:45:35',0),
(100,169,2,2,0,0,'2025-02-24 06:45:35',0),
(101,169,3,2,0,0,'2025-02-24 06:45:35',0),
(102,169,4,2,0,0,'2025-02-24 06:45:35',0),
(103,169,5,2,0,0,'2025-02-24 06:45:35',0),
(104,169,6,2,0,0,'2025-02-24 06:45:35',0),
(105,169,7,2,0,0,'2025-02-24 06:45:35',0),
(106,170,1,2,0,0,'2025-02-24 06:45:36',0),
(107,170,2,2,0,0,'2025-02-24 06:45:36',0),
(108,170,3,2,0,0,'2025-02-24 06:45:36',0),
(109,170,4,2,0,0,'2025-02-24 06:45:36',0),
(110,170,5,2,0,0,'2025-02-24 06:45:36',0),
(111,170,6,2,0,0,'2025-02-24 06:45:36',0),
(112,170,7,2,0,0,'2025-02-24 06:45:36',0),
(113,171,1,2,0,0,'2025-02-24 06:45:36',0),
(114,171,2,2,0,0,'2025-02-24 06:45:36',0),
(115,171,3,2,0,0,'2025-02-24 06:45:36',0),
(116,171,4,2,0,0,'2025-02-24 06:45:36',0),
(117,171,5,2,0,0,'2025-02-24 06:45:36',0),
(118,171,6,2,0,0,'2025-02-24 06:45:36',0),
(119,171,7,2,0,0,'2025-02-24 06:45:36',0),
(120,172,1,2,0,0,'2025-02-24 06:45:36',0),
(121,172,2,2,0,0,'2025-02-24 06:45:36',0),
(122,172,3,2,0,0,'2025-02-24 06:45:36',0),
(123,172,4,2,0,0,'2025-02-24 06:45:36',0),
(124,172,5,2,0,0,'2025-02-24 06:45:36',0),
(125,172,6,2,0,0,'2025-02-24 06:45:36',0),
(126,172,7,2,0,0,'2025-02-24 06:45:37',0),
(127,173,1,1,0,0,'2025-02-24 06:47:36',0),
(128,173,2,1,0,0,'2025-02-24 06:47:36',0),
(129,173,3,1,0,0,'2025-02-24 06:47:36',0),
(130,173,4,1,0,0,'2025-02-24 06:47:36',0),
(131,173,5,1,0,0,'2025-02-24 06:47:36',0),
(132,173,6,1,0,0,'2025-02-24 06:47:36',0),
(133,173,7,1,0,0,'2025-02-24 06:47:36',0),
(134,174,1,1,0,0,'2025-02-24 06:47:36',0),
(135,174,2,1,0,0,'2025-02-24 06:47:36',0),
(136,174,3,1,0,0,'2025-02-24 06:47:36',0),
(137,174,4,1,0,0,'2025-02-24 06:47:36',0),
(138,174,5,1,0,0,'2025-02-24 06:47:36',0),
(139,174,6,1,0,0,'2025-02-24 06:47:36',0),
(140,174,7,1,0,0,'2025-02-24 06:47:36',0),
(141,175,1,2,0,0,'2025-02-24 06:57:01',0),
(142,175,2,2,0,0,'2025-02-24 06:57:02',0),
(143,175,3,2,0,0,'2025-02-24 06:57:02',0),
(144,175,4,2,0,0,'2025-02-24 06:57:02',0),
(145,175,5,2,0,0,'2025-02-24 06:57:02',0),
(146,175,6,2,0,0,'2025-02-24 06:57:02',0),
(147,175,7,2,0,0,'2025-02-24 06:57:02',0),
(148,176,1,2,0,0,'2025-02-24 06:57:02',0),
(149,176,2,2,0,0,'2025-02-24 06:57:02',0),
(150,176,3,2,0,0,'2025-02-24 06:57:02',0),
(151,176,4,2,0,0,'2025-02-24 06:57:02',0),
(152,176,5,2,0,0,'2025-02-24 06:57:02',0),
(153,176,6,2,0,0,'2025-02-24 06:57:02',0),
(154,176,7,2,0,0,'2025-02-24 06:57:02',0),
(155,177,1,2,0,0,'2025-02-24 06:57:02',0),
(156,177,2,2,0,0,'2025-02-24 06:57:02',0),
(157,177,3,2,0,0,'2025-02-24 06:57:02',0),
(158,177,4,2,0,0,'2025-02-24 06:57:02',0),
(159,177,5,2,0,0,'2025-02-24 06:57:02',0),
(160,177,6,2,0,0,'2025-02-24 06:57:02',0),
(161,177,7,2,0,0,'2025-02-24 06:57:02',0),
(162,178,1,2,0,0,'2025-02-24 06:57:02',0),
(163,178,2,2,0,0,'2025-02-24 06:57:03',0),
(164,178,3,2,0,0,'2025-02-24 06:57:03',0),
(165,178,4,2,0,0,'2025-02-24 06:57:03',0),
(166,178,5,2,0,0,'2025-02-24 06:57:03',0),
(167,178,6,2,0,0,'2025-02-24 06:57:03',0),
(168,178,7,2,0,0,'2025-02-24 06:57:03',0),
(169,179,1,2,0,0,'2025-02-24 06:57:03',0),
(170,179,2,2,0,0,'2025-02-24 06:57:03',0),
(171,179,3,2,0,0,'2025-02-24 06:57:03',0),
(172,179,4,2,0,0,'2025-02-24 06:57:03',0),
(173,179,5,2,0,0,'2025-02-24 06:57:03',0),
(174,179,6,2,0,0,'2025-02-24 06:57:03',0),
(175,179,7,2,0,0,'2025-02-24 06:57:03',0),
(176,180,1,2,0,0,'2025-02-24 06:57:03',0),
(177,180,2,2,0,0,'2025-02-24 06:57:03',0),
(178,180,3,2,0,0,'2025-02-24 06:57:03',0),
(179,180,4,2,0,0,'2025-02-24 06:57:03',0),
(180,180,5,2,0,0,'2025-02-24 06:57:03',0),
(181,180,6,2,0,0,'2025-02-24 06:57:03',0),
(182,180,7,2,0,0,'2025-02-24 06:57:03',0),
(183,181,1,2,0,0,'2025-02-24 06:57:04',0),
(184,181,2,2,0,0,'2025-02-24 06:57:04',0),
(185,181,3,2,0,0,'2025-02-24 06:57:04',0),
(186,181,4,2,0,0,'2025-02-24 06:57:04',0),
(187,181,5,2,0,0,'2025-02-24 06:57:04',0),
(188,181,6,2,0,0,'2025-02-24 06:57:04',0),
(189,181,7,2,0,0,'2025-02-24 06:57:04',0),
(190,182,1,2,0,0,'2025-02-24 06:57:04',0),
(191,182,2,2,0,0,'2025-02-24 06:57:04',0),
(192,182,3,2,0,0,'2025-02-24 06:57:04',0),
(193,182,4,2,0,0,'2025-02-24 06:57:04',0),
(194,182,5,2,0,0,'2025-02-24 06:57:04',0),
(195,182,6,2,0,0,'2025-02-24 06:57:04',0),
(196,182,7,2,0,0,'2025-02-24 06:57:04',0),
(197,183,1,2,0,0,'2025-02-24 06:57:04',0),
(198,183,2,2,0,0,'2025-02-24 06:57:04',0),
(199,183,3,2,0,0,'2025-02-24 06:57:04',0),
(200,183,4,2,0,0,'2025-02-24 06:57:04',0),
(201,183,5,2,0,0,'2025-02-24 06:57:04',0),
(202,183,6,2,0,0,'2025-02-24 06:57:04',0),
(203,183,7,2,0,0,'2025-02-24 06:57:04',0),
(204,184,1,2,0,0,'2025-02-24 06:57:05',0),
(205,184,2,2,0,0,'2025-02-24 06:57:05',0),
(206,184,3,2,0,0,'2025-02-24 06:57:05',0),
(207,184,4,2,0,0,'2025-02-24 06:57:05',0),
(208,184,5,2,0,0,'2025-02-24 06:57:05',0),
(209,184,6,2,0,0,'2025-02-24 06:57:05',0),
(210,184,7,2,0,0,'2025-02-24 06:57:05',0),
(211,185,1,2,0,0,'2025-02-24 06:57:05',0),
(212,185,2,2,0,0,'2025-02-24 06:57:05',0),
(213,185,3,2,0,0,'2025-02-24 06:57:05',0),
(214,185,4,2,0,0,'2025-02-24 06:57:05',0),
(215,185,5,2,0,0,'2025-02-24 06:57:05',0),
(216,185,6,2,0,0,'2025-02-24 06:57:05',0),
(217,185,7,2,0,0,'2025-02-24 06:57:05',0),
(218,186,1,2,0,0,'2025-02-24 06:57:05',0),
(219,186,2,2,0,0,'2025-02-24 06:57:05',0),
(220,186,3,2,0,0,'2025-02-24 06:57:05',0),
(221,186,4,2,0,0,'2025-02-24 06:57:05',0),
(222,186,5,2,0,0,'2025-02-24 06:57:05',0),
(223,186,6,2,0,0,'2025-02-24 06:57:05',0),
(224,186,7,2,0,0,'2025-02-24 06:57:05',0),
(225,187,1,2,0,0,'2025-02-24 06:57:06',0),
(226,187,2,2,0,0,'2025-02-24 06:57:06',0),
(227,187,3,2,0,0,'2025-02-24 06:57:06',0),
(228,187,4,2,0,0,'2025-02-24 06:57:06',0),
(229,187,5,2,0,0,'2025-02-24 06:57:06',0),
(230,187,6,2,0,0,'2025-02-24 06:57:06',0),
(231,187,7,2,0,0,'2025-02-24 06:57:06',0),
(232,188,1,2,0,0,'2025-02-24 06:57:06',0),
(233,188,2,2,0,0,'2025-02-24 06:57:06',0),
(234,188,3,2,0,0,'2025-02-24 06:57:06',0),
(235,188,4,2,0,0,'2025-02-24 06:57:06',0),
(236,188,5,2,0,0,'2025-02-24 06:57:06',0),
(237,188,6,2,0,0,'2025-02-24 06:57:06',0),
(238,188,7,2,0,0,'2025-02-24 06:57:06',0),
(239,189,1,2,0,0,'2025-02-24 06:57:06',0),
(240,189,2,2,0,0,'2025-02-24 06:57:06',0),
(241,189,3,2,0,0,'2025-02-24 06:57:06',0),
(242,189,4,2,0,0,'2025-02-24 06:57:06',0),
(243,189,5,2,0,0,'2025-02-24 06:57:06',0),
(244,189,6,2,0,0,'2025-02-24 06:57:06',0),
(245,189,7,2,0,0,'2025-02-24 06:57:06',0),
(246,190,1,2,0,0,'2025-02-24 06:57:07',0),
(247,190,2,2,0,0,'2025-02-24 06:57:07',0),
(248,190,3,2,0,0,'2025-02-24 06:57:07',0),
(249,190,4,2,0,0,'2025-02-24 06:57:07',0),
(250,190,5,2,0,0,'2025-02-24 06:57:07',0),
(251,190,6,2,0,0,'2025-02-24 06:57:07',0),
(252,190,7,2,0,0,'2025-02-24 06:57:07',0),
(253,191,1,2,0,0,'2025-02-24 06:57:07',0),
(254,191,2,2,0,0,'2025-02-24 06:57:07',0),
(255,191,3,2,0,0,'2025-02-24 06:57:07',0),
(256,191,4,2,0,0,'2025-02-24 06:57:07',0),
(257,191,5,2,0,0,'2025-02-24 06:57:07',0),
(258,191,6,2,0,0,'2025-02-24 06:57:07',0),
(259,191,7,2,0,0,'2025-02-24 06:57:07',0),
(260,192,1,2,0,0,'2025-02-24 06:57:07',0),
(261,192,2,2,0,0,'2025-02-24 06:57:07',0),
(262,192,3,2,0,0,'2025-02-24 06:57:07',0),
(263,192,4,2,0,0,'2025-02-24 06:57:07',0),
(264,192,5,2,0,0,'2025-02-24 06:57:07',0),
(265,192,6,2,0,0,'2025-02-24 06:57:07',0),
(266,192,7,2,0,0,'2025-02-24 06:57:07',0),
(267,193,1,2,0,0,'2025-02-25 07:15:03',0),
(268,193,2,2,0,0,'2025-02-25 07:15:04',0),
(269,193,3,2,0,0,'2025-02-25 07:15:04',0),
(270,193,4,2,0,0,'2025-02-25 07:15:04',0),
(271,193,5,2,0,0,'2025-02-25 07:15:04',0),
(272,193,6,2,0,0,'2025-02-25 07:15:04',0),
(273,193,7,2,0,0,'2025-02-25 07:15:04',0),
(274,194,1,2,0,0,'2025-02-25 07:15:04',0),
(275,194,2,2,0,0,'2025-02-25 07:15:04',0),
(276,194,3,2,0,0,'2025-02-25 07:15:04',0),
(277,194,4,2,0,0,'2025-02-25 07:15:04',0),
(278,194,5,2,0,0,'2025-02-25 07:15:04',0),
(279,194,6,2,0,0,'2025-02-25 07:15:04',0),
(280,194,7,2,0,0,'2025-02-25 07:15:04',0),
(281,195,1,2,0,0,'2025-02-25 07:15:04',0),
(282,195,2,2,0,0,'2025-02-25 07:15:04',0),
(283,195,3,2,0,0,'2025-02-25 07:15:04',0),
(284,195,4,2,0,0,'2025-02-25 07:15:04',0),
(285,195,5,2,0,0,'2025-02-25 07:15:04',0),
(286,195,6,2,0,0,'2025-02-25 07:15:04',0),
(287,195,7,2,0,0,'2025-02-25 07:15:05',0),
(288,196,1,2,0,0,'2025-02-25 07:15:05',0),
(289,196,2,2,0,0,'2025-02-25 07:15:05',0),
(290,196,3,2,0,0,'2025-02-25 07:15:05',0),
(291,196,4,2,0,0,'2025-02-25 07:15:05',0),
(292,196,5,2,0,0,'2025-02-25 07:15:05',0),
(293,196,6,2,0,0,'2025-02-25 07:15:05',0),
(294,196,7,2,0,0,'2025-02-25 07:15:05',0),
(295,197,1,2,0,0,'2025-02-25 07:15:05',0),
(296,197,2,2,0,0,'2025-02-25 07:15:05',0),
(297,197,3,2,0,0,'2025-02-25 07:15:05',0),
(298,197,4,2,0,0,'2025-02-25 07:15:05',0),
(299,197,5,2,0,0,'2025-02-25 07:15:05',0),
(300,197,6,2,0,0,'2025-02-25 07:15:05',0),
(301,197,7,2,0,0,'2025-02-25 07:15:05',0),
(302,198,1,2,0,0,'2025-02-25 07:15:05',0),
(303,198,2,2,0,0,'2025-02-25 07:15:05',0),
(304,198,3,2,0,0,'2025-02-25 07:15:05',0),
(305,198,4,2,0,0,'2025-02-25 07:15:06',0),
(306,198,5,2,0,0,'2025-02-25 07:15:06',0),
(307,198,6,2,0,0,'2025-02-25 07:15:06',0),
(308,198,7,2,0,0,'2025-02-25 07:15:06',0),
(309,199,1,2,0,0,'2025-02-25 07:15:06',0),
(310,199,2,2,0,0,'2025-02-25 07:15:06',0),
(311,199,3,2,0,0,'2025-02-25 07:15:06',0),
(312,199,4,2,0,0,'2025-02-25 07:15:06',0),
(313,199,5,2,0,0,'2025-02-25 07:15:06',0),
(314,199,6,2,0,0,'2025-02-25 07:15:06',0),
(315,199,7,2,0,0,'2025-02-25 07:15:06',0),
(316,200,1,2,0,0,'2025-02-25 07:15:06',0),
(317,200,2,2,0,0,'2025-02-25 07:15:06',0),
(318,200,3,2,0,0,'2025-02-25 07:15:06',0),
(319,200,4,2,0,0,'2025-02-25 07:15:06',0),
(320,200,5,2,0,0,'2025-02-25 07:15:06',0),
(321,200,6,2,0,0,'2025-02-25 07:15:06',0),
(322,200,7,2,0,0,'2025-02-25 07:15:06',0),
(323,201,1,2,0,0,'2025-02-25 07:15:07',0),
(324,201,2,2,0,0,'2025-02-25 07:15:07',0),
(325,201,3,2,0,0,'2025-02-25 07:15:07',0),
(326,201,4,2,0,0,'2025-02-25 07:15:07',0),
(327,201,5,2,0,0,'2025-02-25 07:15:07',0),
(328,201,6,2,0,0,'2025-02-25 07:15:07',0),
(329,201,7,2,0,0,'2025-02-25 07:15:07',0),
(330,202,1,2,0,0,'2025-02-25 07:15:07',0),
(331,202,2,2,0,0,'2025-02-25 07:15:07',0),
(332,202,3,2,0,0,'2025-02-25 07:15:07',0),
(333,202,4,2,0,0,'2025-02-25 07:15:07',0),
(334,202,5,2,0,0,'2025-02-25 07:15:07',0),
(335,202,6,2,0,0,'2025-02-25 07:15:07',0),
(336,202,7,2,0,0,'2025-02-25 07:15:07',0),
(337,203,1,2,0,0,'2025-02-25 07:15:07',0),
(338,203,2,2,0,0,'2025-02-25 07:15:07',0),
(339,203,3,2,0,0,'2025-02-25 07:15:07',0),
(340,203,4,2,0,0,'2025-02-25 07:15:07',0),
(341,203,5,2,0,0,'2025-02-25 07:15:07',0),
(342,203,6,2,0,0,'2025-02-25 07:15:07',0),
(343,203,7,2,0,0,'2025-02-25 07:15:08',0),
(344,204,1,2,0,0,'2025-02-25 07:15:08',0),
(345,204,2,2,0,0,'2025-02-25 07:15:08',0),
(346,204,3,2,0,0,'2025-02-25 07:15:08',0),
(347,204,4,2,0,0,'2025-02-25 07:15:08',0),
(348,204,5,2,0,0,'2025-02-25 07:15:08',0),
(349,204,6,2,0,0,'2025-02-25 07:15:08',0),
(350,204,7,2,0,0,'2025-02-25 07:15:08',0),
(351,205,1,2,0,0,'2025-02-25 07:15:08',0),
(352,205,2,2,0,0,'2025-02-25 07:15:08',0),
(353,205,3,2,0,0,'2025-02-25 07:15:08',0),
(354,205,4,2,0,0,'2025-02-25 07:15:08',0),
(355,205,5,2,0,0,'2025-02-25 07:15:08',0),
(356,205,6,2,0,0,'2025-02-25 07:15:08',0),
(357,205,7,2,0,0,'2025-02-25 07:15:08',0),
(358,206,1,2,0,0,'2025-02-25 07:15:08',0),
(359,206,2,2,0,0,'2025-02-25 07:15:08',0),
(360,206,3,2,0,0,'2025-02-25 07:15:08',0),
(361,206,4,2,0,0,'2025-02-25 07:15:09',0),
(362,206,5,2,0,0,'2025-02-25 07:15:09',0),
(363,206,6,2,0,0,'2025-02-25 07:15:09',0),
(364,206,7,2,0,0,'2025-02-25 07:15:09',0),
(365,207,1,2,0,0,'2025-02-25 07:15:09',0),
(366,207,2,2,0,0,'2025-02-25 07:15:09',0),
(367,207,3,2,0,0,'2025-02-25 07:15:09',0),
(368,207,4,2,0,0,'2025-02-25 07:15:09',0),
(369,207,5,2,0,0,'2025-02-25 07:15:09',0),
(370,207,6,2,0,0,'2025-02-25 07:15:09',0),
(371,207,7,2,0,0,'2025-02-25 07:15:09',0),
(372,208,1,2,0,0,'2025-02-25 11:06:22',0),
(373,208,2,2,0,0,'2025-02-25 11:06:22',0),
(374,208,3,2,0,0,'2025-02-25 11:06:22',0),
(375,208,4,2,0,0,'2025-02-25 11:06:22',0),
(376,208,5,2,0,0,'2025-02-25 11:06:22',0),
(377,208,6,2,0,0,'2025-02-25 11:06:22',0),
(378,208,7,2,0,0,'2025-02-25 11:06:22',0),
(379,209,1,2,0,0,'2025-02-25 11:06:22',0),
(380,209,2,2,0,0,'2025-02-25 11:06:22',0),
(381,209,3,2,0,0,'2025-02-25 11:06:22',0),
(382,209,4,2,0,0,'2025-02-25 11:06:22',0),
(383,209,5,2,0,0,'2025-02-25 11:06:22',0),
(384,209,6,2,0,0,'2025-02-25 11:06:22',0),
(385,209,7,2,0,0,'2025-02-25 11:06:23',0),
(386,210,1,2,0,0,'2025-02-25 11:06:23',0),
(387,210,2,2,0,0,'2025-02-25 11:06:23',0),
(388,210,3,2,0,0,'2025-02-25 11:06:23',0),
(389,210,4,2,0,0,'2025-02-25 11:06:23',0),
(390,210,5,2,0,0,'2025-02-25 11:06:23',0),
(391,210,6,2,0,0,'2025-02-25 11:06:23',0),
(392,210,7,2,0,0,'2025-02-25 11:06:23',0),
(393,211,1,2,0,0,'2025-02-25 11:06:23',0),
(394,211,2,2,0,0,'2025-02-25 11:06:23',0),
(395,211,3,2,0,0,'2025-02-25 11:06:23',0),
(396,211,4,2,0,0,'2025-02-25 11:06:23',0),
(397,211,5,2,0,0,'2025-02-25 11:06:23',0),
(398,211,6,2,0,0,'2025-02-25 11:06:23',0),
(399,211,7,2,0,0,'2025-02-25 11:06:23',0),
(400,212,1,2,0,0,'2025-02-25 11:25:48',0),
(401,212,2,2,0,0,'2025-02-25 11:25:49',0),
(402,212,3,2,0,0,'2025-02-25 11:25:49',0),
(403,212,4,2,0,0,'2025-02-25 11:25:49',0),
(404,212,5,2,0,0,'2025-02-25 11:25:49',0),
(405,212,6,2,0,0,'2025-02-25 11:25:49',0),
(406,212,7,2,0,0,'2025-02-25 11:25:49',0),
(407,213,1,2,0,0,'2025-02-25 11:25:49',0),
(408,213,2,2,0,0,'2025-02-25 11:25:49',0),
(409,213,3,2,0,0,'2025-02-25 11:25:49',0),
(410,213,4,2,0,0,'2025-02-25 11:25:49',0),
(411,213,5,2,0,0,'2025-02-25 11:25:49',0),
(412,213,6,2,0,0,'2025-02-25 11:25:49',0),
(413,213,7,2,0,0,'2025-02-25 11:25:49',0),
(414,214,1,2,0,0,'2025-02-25 11:25:49',0),
(415,214,2,2,0,0,'2025-02-25 11:25:49',0),
(416,214,3,2,0,0,'2025-02-25 11:25:49',0),
(417,214,4,2,0,0,'2025-02-25 11:25:49',0),
(418,214,5,2,0,0,'2025-02-25 11:25:50',0),
(419,214,6,2,0,0,'2025-02-25 11:25:50',0),
(420,214,7,2,0,0,'2025-02-25 11:25:50',0),
(421,215,1,2,0,0,'2025-02-25 11:25:50',0),
(422,215,2,2,0,0,'2025-02-25 11:25:50',0),
(423,215,3,2,0,0,'2025-02-25 11:25:50',0),
(424,215,4,2,0,0,'2025-02-25 11:25:50',0),
(425,215,5,2,0,0,'2025-02-25 11:25:50',0),
(426,215,6,2,0,0,'2025-02-25 11:25:50',0),
(427,215,7,2,0,0,'2025-02-25 11:25:50',0),
(428,216,1,2,0,0,'2025-02-25 11:25:50',0),
(429,216,2,2,0,0,'2025-02-25 11:25:50',0),
(430,216,3,2,0,0,'2025-02-25 11:25:50',0),
(431,216,4,2,0,0,'2025-02-25 11:25:50',0),
(432,216,5,2,0,0,'2025-02-25 11:25:50',0),
(433,216,6,2,0,0,'2025-02-25 11:25:50',0),
(434,216,7,2,0,0,'2025-02-25 11:25:50',0),
(435,217,1,2,0,0,'2025-02-25 11:25:50',0),
(436,217,2,2,0,0,'2025-02-25 11:25:50',0),
(437,217,3,2,0,0,'2025-02-25 11:25:50',0),
(438,217,4,2,0,0,'2025-02-25 11:25:51',0),
(439,217,5,2,0,0,'2025-02-25 11:25:51',0),
(440,217,6,2,0,0,'2025-02-25 11:25:51',0),
(441,217,7,2,0,0,'2025-02-25 11:25:51',0),
(442,218,1,2,0,0,'2025-02-25 11:25:51',0),
(443,218,2,2,0,0,'2025-02-25 11:25:51',0),
(444,218,3,2,0,0,'2025-02-25 11:25:51',0),
(445,218,4,2,0,0,'2025-02-25 11:25:51',0),
(446,218,5,2,0,0,'2025-02-25 11:25:51',0),
(447,218,6,2,0,0,'2025-02-25 11:25:51',0),
(448,218,7,2,0,0,'2025-02-25 11:25:51',0),
(449,219,1,2,0,0,'2025-03-03 06:31:11',0),
(450,219,2,2,0,0,'2025-03-03 06:31:11',0),
(451,219,3,2,0,0,'2025-03-03 06:31:11',0),
(452,219,4,2,0,0,'2025-03-03 06:31:11',0),
(453,219,5,2,0,0,'2025-03-03 06:31:11',0),
(454,219,6,2,0,0,'2025-03-03 06:31:11',0),
(455,219,7,2,0,0,'2025-03-03 06:31:11',0),
(456,220,1,2,0,0,'2025-03-03 07:00:01',0),
(457,220,2,2,0,0,'2025-03-03 07:00:01',0),
(458,220,3,2,0,0,'2025-03-03 07:00:01',0),
(459,220,4,2,0,0,'2025-03-03 07:00:01',0),
(460,220,5,2,0,0,'2025-03-03 07:00:01',0),
(461,220,6,2,0,0,'2025-03-03 07:00:01',0),
(462,220,7,2,0,0,'2025-03-03 07:00:01',0),
(463,221,1,2,0,0,'2025-03-05 09:24:17',0),
(464,221,2,2,0,0,'2025-03-05 09:24:17',0),
(465,221,3,2,0,0,'2025-03-05 09:24:17',0),
(466,221,4,2,0,0,'2025-03-05 09:24:17',0),
(467,221,5,2,0,0,'2025-03-05 09:24:17',0),
(468,221,6,2,0,0,'2025-03-05 09:24:17',0),
(469,221,7,2,0,0,'2025-03-05 09:24:17',0),
(470,222,1,2,0,0,'2025-03-05 09:25:12',0),
(471,222,2,2,0,0,'2025-03-05 09:25:12',0),
(472,222,3,2,0,0,'2025-03-05 09:25:12',0),
(473,222,4,2,0,0,'2025-03-05 09:25:12',0),
(474,222,5,2,0,0,'2025-03-05 09:25:12',0),
(475,222,6,2,0,0,'2025-03-05 09:25:12',0),
(476,222,7,2,0,0,'2025-03-05 09:25:12',0),
(477,223,1,1,0,0,'2025-03-11 05:40:59',0),
(478,223,2,1,0,0,'2025-03-11 05:40:59',0),
(479,223,3,1,0,0,'2025-03-11 05:40:59',0),
(480,223,4,1,0,0,'2025-03-11 05:40:59',0),
(481,223,5,1,0,0,'2025-03-11 05:40:59',0),
(482,223,6,1,0,0,'2025-03-11 05:40:59',0),
(483,223,7,1,0,0,'2025-03-11 05:40:59',0),
(484,223,8,1,0,0,'2025-03-11 05:40:59',0),
(485,224,1,1,0,0,'2025-03-11 10:31:27',0),
(486,224,2,1,0,0,'2025-03-11 10:31:27',0),
(487,224,3,1,0,0,'2025-03-11 10:31:27',0),
(488,224,4,1,0,0,'2025-03-11 10:31:27',0),
(489,224,5,1,0,0,'2025-03-11 10:31:27',0),
(490,224,6,1,0,0,'2025-03-11 10:31:27',0),
(491,224,7,1,0,0,'2025-03-11 10:31:27',0),
(492,224,8,1,0,0,'2025-03-11 10:31:27',0),
(493,225,1,2,0,0,'2025-03-11 10:35:11',0),
(494,225,2,2,0,0,'2025-03-11 10:35:11',0),
(495,225,3,2,0,0,'2025-03-11 10:35:11',0),
(496,225,4,2,0,0,'2025-03-11 10:35:11',0),
(497,225,5,2,0,0,'2025-03-11 10:35:11',0),
(498,225,6,2,0,0,'2025-03-11 10:35:11',0),
(499,225,7,2,0,0,'2025-03-11 10:35:11',0),
(500,225,8,2,0,0,'2025-03-11 10:35:11',0),
(501,226,1,2,0,0,'2025-03-13 08:44:11',0),
(502,226,2,2,0,0,'2025-03-13 08:44:12',0),
(503,226,3,2,0,0,'2025-03-13 08:44:12',0),
(504,226,4,2,0,0,'2025-03-13 08:44:12',0),
(505,226,5,2,0,0,'2025-03-13 08:44:12',0),
(506,226,6,2,0,0,'2025-03-13 08:44:12',0),
(507,226,7,2,0,0,'2025-03-13 08:44:12',0),
(508,226,8,2,0,0,'2025-03-13 08:44:12',0),
(509,227,1,2,0,0,'2025-03-13 08:53:33',0),
(510,227,2,2,0,0,'2025-03-13 08:53:33',0),
(511,227,3,2,0,0,'2025-03-13 08:53:33',0),
(512,227,4,2,0,0,'2025-03-13 08:53:33',0),
(513,227,5,2,0,0,'2025-03-13 08:53:33',0),
(514,227,6,2,0,0,'2025-03-13 08:53:34',0),
(515,227,7,2,0,0,'2025-03-13 08:53:34',0),
(516,227,8,2,0,0,'2025-03-13 08:53:34',0),
(517,228,1,2,0,0,'2025-04-07 07:08:52',0),
(518,228,2,2,0,0,'2025-04-07 07:08:52',0),
(519,228,3,2,0,0,'2025-04-07 07:08:52',0),
(520,228,4,2,0,0,'2025-04-07 07:08:52',0),
(521,228,5,2,0,0,'2025-04-07 07:08:52',0),
(522,228,6,2,0,0,'2025-04-07 07:08:53',0),
(523,228,7,2,0,0,'2025-04-07 07:08:53',0),
(524,228,8,2,0,0,'2025-04-07 07:08:53',0),
(525,229,1,1,0,0,'2025-04-09 07:12:03',0),
(526,229,2,1,0,0,'2025-04-09 07:12:03',0),
(527,229,3,1,0,0,'2025-04-09 07:12:03',0),
(528,229,4,1,0,0,'2025-04-09 07:12:03',0),
(529,229,5,1,0,0,'2025-04-09 07:12:03',0),
(530,229,6,1,0,0,'2025-04-09 07:12:03',0),
(531,229,7,1,0,0,'2025-04-09 07:12:03',0),
(532,229,8,1,0,0,'2025-04-09 07:12:03',0),
(533,230,1,1,0,0,'2025-04-09 07:12:03',0),
(534,230,2,1,0,0,'2025-04-09 07:12:03',0),
(535,230,3,1,0,0,'2025-04-09 07:12:03',0),
(536,230,4,1,0,0,'2025-04-09 07:12:03',0),
(537,230,5,1,0,0,'2025-04-09 07:12:03',0),
(538,230,6,1,0,0,'2025-04-09 07:12:03',0),
(539,230,7,1,0,0,'2025-04-09 07:12:04',0),
(540,230,8,1,0,0,'2025-04-09 07:12:04',0),
(541,231,1,1,0,0,'2025-04-09 07:50:49',0),
(542,231,2,1,0,0,'2025-04-09 07:50:49',0),
(543,231,3,1,0,0,'2025-04-09 07:50:49',0),
(544,231,4,1,0,0,'2025-04-09 07:50:50',0),
(545,231,5,1,0,0,'2025-04-09 07:50:50',0),
(546,231,6,1,0,0,'2025-04-09 07:50:50',0),
(547,231,7,1,0,0,'2025-04-09 07:50:50',0),
(548,231,8,1,0,0,'2025-04-09 07:50:50',0),
(549,232,1,2,0,0,'2025-04-17 07:12:38',0),
(550,232,2,2,0,0,'2025-04-17 07:12:38',0),
(551,232,3,2,0,0,'2025-04-17 07:12:38',0),
(552,232,4,2,0,0,'2025-04-17 07:12:38',0),
(553,232,5,2,0,0,'2025-04-17 07:12:39',0),
(554,232,6,2,0,0,'2025-04-17 07:12:39',0),
(555,232,7,2,0,0,'2025-04-17 07:12:39',0),
(556,232,8,2,0,0,'2025-04-17 07:12:39',0),
(557,233,1,1,0,0,'2025-04-17 07:24:36',0),
(558,233,2,1,0,0,'2025-04-17 07:24:36',0),
(559,233,3,1,0,0,'2025-04-17 07:24:37',0),
(560,233,4,1,0,0,'2025-04-17 07:24:37',0),
(561,233,5,1,0,0,'2025-04-17 07:24:37',0),
(562,233,6,1,0,0,'2025-04-17 07:24:37',0),
(563,233,7,1,0,0,'2025-04-17 07:24:37',0),
(564,233,8,1,0,0,'2025-04-17 07:24:37',0),
(565,234,1,1,0,0,'2025-04-17 07:24:38',0),
(566,234,2,1,0,0,'2025-04-17 07:24:38',0),
(567,234,3,1,0,0,'2025-04-17 07:24:38',0),
(568,234,4,1,0,0,'2025-04-17 07:24:39',0),
(569,234,5,1,0,0,'2025-04-17 07:24:39',0),
(570,234,6,1,0,0,'2025-04-17 07:24:39',0),
(571,234,7,1,0,0,'2025-04-17 07:24:39',0),
(572,234,8,1,0,0,'2025-04-17 07:24:39',0),
(573,235,1,1,0,0,'2025-04-20 14:56:17',0),
(574,235,2,1,0,0,'2025-04-20 14:56:17',0),
(575,235,3,1,0,0,'2025-04-20 14:56:18',0),
(576,235,4,1,0,0,'2025-04-20 14:56:18',0),
(577,235,5,1,0,0,'2025-04-20 14:56:18',0),
(578,235,6,1,0,0,'2025-04-20 14:56:18',0),
(579,235,7,1,0,0,'2025-04-20 14:56:18',0),
(580,235,8,1,0,0,'2025-04-20 14:56:19',0),
(581,236,1,1,0,0,'2025-04-24 06:50:12',0),
(582,236,2,1,0,0,'2025-04-24 06:50:12',0),
(583,236,3,1,0,0,'2025-04-24 06:50:12',0),
(584,236,4,1,0,0,'2025-04-24 06:50:12',0),
(585,236,5,1,0,0,'2025-04-24 06:50:12',0),
(586,236,6,1,0,0,'2025-04-24 06:50:13',0),
(587,236,7,1,0,0,'2025-04-24 06:50:13',0),
(588,236,8,1,0,0,'2025-04-24 06:50:13',0),
(589,237,1,1,0,0,'2025-04-24 07:45:28',0),
(590,237,2,1,0,0,'2025-04-24 07:45:28',0),
(591,237,3,1,0,0,'2025-04-24 07:45:28',0),
(592,237,4,1,0,0,'2025-04-24 07:45:28',0),
(593,237,5,1,0,0,'2025-04-24 07:45:29',0),
(594,237,6,1,0,0,'2025-04-24 07:45:29',0),
(595,237,7,1,0,0,'2025-04-24 07:45:29',0),
(596,237,8,1,0,0,'2025-04-24 07:45:29',0),
(597,238,1,2,0,0,'2025-04-24 08:10:56',0),
(598,238,2,2,0,0,'2025-04-24 08:10:56',0),
(599,238,3,2,0,0,'2025-04-24 08:10:56',0),
(600,238,4,2,0,0,'2025-04-24 08:10:56',0),
(601,238,5,2,0,0,'2025-04-24 08:10:56',0),
(602,238,6,2,0,0,'2025-04-24 08:10:57',0),
(603,238,7,2,0,0,'2025-04-24 08:10:57',0),
(604,238,8,2,0,0,'2025-04-24 08:10:57',0),
(605,239,1,2,0,0,'2025-04-24 08:13:28',0),
(606,239,2,2,0,0,'2025-04-24 08:13:28',0),
(607,239,3,2,0,0,'2025-04-24 08:13:28',0),
(608,239,4,2,0,0,'2025-04-24 08:13:28',0),
(609,239,5,2,0,0,'2025-04-24 08:13:28',0),
(610,239,6,2,0,0,'2025-04-24 08:13:28',0),
(611,239,7,2,0,0,'2025-04-24 08:13:29',0),
(612,239,8,2,0,0,'2025-04-24 08:13:29',0),
(613,240,1,2,0,0,'2025-04-24 08:20:19',0),
(614,240,2,2,0,0,'2025-04-24 08:20:19',0),
(615,240,3,2,0,0,'2025-04-24 08:20:19',0),
(616,240,4,2,0,0,'2025-04-24 08:20:19',0),
(617,240,5,2,0,0,'2025-04-24 08:20:19',0),
(618,240,6,2,0,0,'2025-04-24 08:20:19',0),
(619,240,7,2,0,0,'2025-04-24 08:20:19',0),
(620,240,8,2,0,0,'2025-04-24 08:20:20',0),
(621,241,1,2,0,0,'2025-04-28 16:12:27',0),
(622,241,2,2,0,0,'2025-04-28 16:12:27',0),
(623,241,3,2,0,0,'2025-04-28 16:12:27',0),
(624,241,4,2,0,0,'2025-04-28 16:12:27',0),
(625,241,5,2,0,0,'2025-04-28 16:12:27',0),
(626,241,6,2,0,0,'2025-04-28 16:12:27',0),
(627,241,7,2,0,0,'2025-04-28 16:12:27',0),
(628,241,8,2,0,0,'2025-04-28 16:12:27',0),
(629,242,1,1,0,0,'2025-05-10 15:47:17',0),
(630,242,2,1,0,0,'2025-05-10 15:47:17',0),
(631,242,3,1,0,0,'2025-05-10 15:47:17',0),
(632,242,4,1,0,0,'2025-05-10 15:47:17',0),
(633,242,5,1,0,0,'2025-05-10 15:47:17',0),
(634,242,6,1,0,0,'2025-05-10 15:47:17',0),
(635,242,7,1,0,0,'2025-05-10 15:47:17',0),
(636,242,8,1,0,0,'2025-05-10 15:47:17',0),
(637,243,1,2,0,0,'2025-05-18 14:01:34',0),
(638,243,2,2,0,0,'2025-05-18 14:01:34',0),
(639,243,3,2,0,0,'2025-05-18 14:01:34',0),
(640,243,4,2,0,0,'2025-05-18 14:01:34',0),
(641,243,5,2,0,0,'2025-05-18 14:01:34',0),
(642,243,6,2,0,0,'2025-05-18 14:01:34',0),
(643,243,7,2,0,0,'2025-05-18 14:01:34',0),
(644,243,8,2,0,0,'2025-05-18 14:01:35',0),
(645,244,1,2,0,0,'2025-05-18 14:03:26',0),
(646,244,2,2,0,0,'2025-05-18 14:03:26',0),
(647,244,3,2,0,0,'2025-05-18 14:03:26',0),
(648,244,4,2,0,0,'2025-05-18 14:03:26',0),
(649,244,5,2,0,0,'2025-05-18 14:03:26',0),
(650,244,6,2,0,0,'2025-05-18 14:03:26',0),
(651,244,7,2,0,0,'2025-05-18 14:03:26',0),
(652,244,8,2,0,0,'2025-05-18 14:03:26',0),
(653,245,1,2,0,0,'2025-05-18 14:19:56',0),
(654,245,2,2,0,0,'2025-05-18 14:19:56',0),
(655,245,3,2,0,0,'2025-05-18 14:19:56',0),
(656,245,4,2,0,0,'2025-05-18 14:19:56',0),
(657,245,5,2,0,0,'2025-05-18 14:19:56',0),
(658,245,6,2,0,0,'2025-05-18 14:19:56',0),
(659,245,7,2,0,0,'2025-05-18 14:19:56',0),
(660,245,8,2,0,0,'2025-05-18 14:19:56',0),
(661,246,1,2,0,0,'2025-05-18 14:19:56',0),
(662,246,2,2,0,0,'2025-05-18 14:19:56',0),
(663,246,3,2,0,0,'2025-05-18 14:19:56',0),
(664,246,4,2,0,0,'2025-05-18 14:19:56',0),
(665,246,5,2,0,0,'2025-05-18 14:19:56',0),
(666,246,6,2,0,0,'2025-05-18 14:19:57',0),
(667,246,7,2,0,0,'2025-05-18 14:19:57',0),
(668,246,8,2,0,0,'2025-05-18 14:19:57',0),
(669,247,1,2,0,0,'2025-05-18 14:19:57',0),
(670,247,2,2,0,0,'2025-05-18 14:19:57',0),
(671,247,3,2,0,0,'2025-05-18 14:19:57',0),
(672,247,4,2,0,0,'2025-05-18 14:19:57',0),
(673,247,5,2,0,0,'2025-05-18 14:19:57',0),
(674,247,6,2,0,0,'2025-05-18 14:19:57',0),
(675,247,7,2,0,0,'2025-05-18 14:19:57',0),
(676,247,8,2,0,0,'2025-05-18 14:19:57',0),
(677,248,1,2,0,0,'2025-05-18 14:19:57',0),
(678,248,2,2,0,0,'2025-05-18 14:19:57',0),
(679,248,3,2,0,0,'2025-05-18 14:19:57',0),
(680,248,4,2,0,0,'2025-05-18 14:19:57',0),
(681,248,5,2,0,0,'2025-05-18 14:19:57',0),
(682,248,6,2,0,0,'2025-05-18 14:19:57',0),
(683,248,7,2,0,0,'2025-05-18 14:19:57',0),
(684,248,8,2,0,0,'2025-05-18 14:19:57',0),
(685,249,1,2,0,0,'2025-05-18 14:19:58',0),
(686,249,2,2,0,0,'2025-05-18 14:19:58',0),
(687,249,3,2,0,0,'2025-05-18 14:19:58',0),
(688,249,4,2,0,0,'2025-05-18 14:19:58',0),
(689,249,5,2,0,0,'2025-05-18 14:19:58',0),
(690,249,6,2,0,0,'2025-05-18 14:19:58',0),
(691,249,7,2,0,0,'2025-05-18 14:19:58',0),
(692,249,8,2,0,0,'2025-05-18 14:19:58',0),
(693,250,1,1,0,0,'2025-05-18 14:45:12',0),
(694,250,2,1,0,0,'2025-05-18 14:45:12',0),
(695,250,3,1,0,0,'2025-05-18 14:45:12',0),
(696,250,4,1,0,0,'2025-05-18 14:45:12',0),
(697,250,5,1,0,0,'2025-05-18 14:45:12',0),
(698,250,6,1,0,0,'2025-05-18 14:45:12',0),
(699,250,7,1,0,0,'2025-05-18 14:45:13',0),
(700,250,8,1,0,0,'2025-05-18 14:45:13',0),
(701,251,1,1,0,0,'2025-06-16 09:03:20',0),
(702,251,2,1,0,0,'2025-06-16 09:03:20',0),
(703,251,3,1,0,0,'2025-06-16 09:03:20',0),
(704,251,4,1,0,0,'2025-06-16 09:03:20',0),
(705,251,5,1,0,0,'2025-06-16 09:03:20',0),
(706,251,6,1,0,0,'2025-06-16 09:03:20',0),
(707,251,7,1,0,0,'2025-06-16 09:03:20',0),
(708,251,8,1,0,0,'2025-06-16 09:03:20',0),
(709,252,1,2,0,0,'2025-08-14 10:10:39',0),
(710,252,2,2,0,0,'2025-08-14 10:10:39',0),
(711,252,3,2,0,0,'2025-08-14 10:10:39',0),
(712,252,4,2,0,0,'2025-08-14 10:10:39',0),
(713,252,5,2,0,0,'2025-08-14 10:10:39',0),
(714,252,6,2,0,0,'2025-08-14 10:10:40',0),
(715,252,7,2,0,0,'2025-08-14 10:10:40',0),
(716,252,8,2,0,0,'2025-08-14 10:10:40',0),
(717,253,1,1,0,0,'2025-10-08 11:23:25',0),
(718,253,2,1,0,0,'2025-10-08 11:23:25',0),
(719,253,3,1,0,0,'2025-10-08 11:23:25',0),
(720,253,4,1,0,0,'2025-10-08 11:23:25',0),
(721,253,5,1,0,0,'2025-10-08 11:23:25',0),
(722,253,6,1,0,0,'2025-10-08 11:23:25',0),
(723,253,7,1,0,0,'2025-10-08 11:23:25',0),
(724,253,8,1,0,0,'2025-10-08 11:23:25',0),
(725,253,9,1,0,0,'2025-10-08 11:23:25',0),
(726,254,1,1,0,0,'2025-10-16 10:04:43',0),
(727,254,2,1,0,0,'2025-10-16 10:04:43',0),
(728,254,3,1,0,0,'2025-10-16 10:04:43',0),
(729,254,4,1,0,0,'2025-10-16 10:04:43',0),
(730,254,5,1,0,0,'2025-10-16 10:04:43',0),
(731,254,6,1,0,0,'2025-10-16 10:04:43',0),
(732,254,7,1,0,0,'2025-10-16 10:04:43',0),
(733,254,8,1,0,0,'2025-10-16 10:04:44',0),
(734,254,9,1,0,0,'2025-10-16 10:04:44',0),
(735,255,1,1,0,0,'2025-10-22 14:56:09',0),
(736,255,2,1,0,0,'2025-10-22 14:56:09',0),
(737,255,3,1,0,0,'2025-10-22 14:56:09',0),
(738,255,4,1,0,0,'2025-10-22 14:56:09',0),
(739,255,5,1,0,0,'2025-10-22 14:56:09',0),
(740,255,6,1,0,0,'2025-10-22 14:56:10',0),
(741,255,7,1,0,0,'2025-10-22 14:56:10',0),
(742,255,8,1,0,0,'2025-10-22 14:56:10',0),
(743,255,9,1,0,0,'2025-10-22 14:56:10',0),
(744,256,1,2,0,0,'2025-10-29 09:56:29',0),
(745,256,2,2,0,0,'2025-10-29 09:56:29',0),
(746,256,3,2,0,0,'2025-10-29 09:56:29',0),
(747,256,4,2,0,0,'2025-10-29 09:56:29',0),
(748,256,5,2,0,0,'2025-10-29 09:56:29',0),
(749,256,6,2,0,0,'2025-10-29 09:56:29',0),
(750,256,7,2,0,0,'2025-10-29 09:56:29',0),
(751,256,8,2,0,0,'2025-10-29 09:56:29',0),
(752,256,9,2,0,0,'2025-10-29 09:56:30',0),
(753,257,1,2,0,0,'2025-12-20 09:40:28',0),
(754,257,2,2,0,0,'2025-12-20 09:40:28',0),
(755,257,3,2,0,0,'2025-12-20 09:40:28',0),
(756,257,4,2,0,0,'2025-12-20 09:40:28',0),
(757,257,5,2,0,0,'2025-12-20 09:40:28',0),
(758,257,6,2,0,0,'2025-12-20 09:40:28',0),
(759,257,7,2,0,0,'2025-12-20 09:40:28',0),
(760,257,8,2,0,0,'2025-12-20 09:40:28',0),
(761,257,9,2,0,0,'2025-12-20 09:40:28',0),
(762,258,1,2,0,0,'2026-04-11 07:36:12',0),
(763,258,2,2,0,0,'2026-04-11 07:36:12',0),
(764,258,3,2,0,0,'2026-04-11 07:36:12',0),
(765,258,4,2,0,0,'2026-04-11 07:36:12',0),
(766,258,5,2,0,0,'2026-04-11 07:36:12',0),
(767,258,6,2,0,0,'2026-04-11 07:36:12',0),
(768,258,7,2,0,0,'2026-04-11 07:36:12',0),
(769,258,8,2,0,0,'2026-04-11 07:36:12',0),
(770,258,9,2,0,0,'2026-04-11 07:36:12',0),
(771,259,1,2,0,0,'2026-04-11 07:36:12',0),
(772,259,2,2,0,0,'2026-04-11 07:36:12',0),
(773,259,3,2,0,0,'2026-04-11 07:36:12',0),
(774,259,4,2,0,0,'2026-04-11 07:36:12',0),
(775,259,5,2,0,0,'2026-04-11 07:36:12',0),
(776,259,6,2,0,0,'2026-04-11 07:36:13',0),
(777,259,7,2,0,0,'2026-04-11 07:36:13',0),
(778,259,8,2,0,0,'2026-04-11 07:36:13',0),
(779,259,9,2,0,0,'2026-04-11 07:36:13',0),
(780,260,1,1,0,0,'2026-04-11 07:39:19',0),
(781,260,2,1,0,0,'2026-04-11 07:39:19',0),
(782,260,3,1,0,0,'2026-04-11 07:39:19',0),
(783,260,4,1,0,0,'2026-04-11 07:39:19',0),
(784,260,5,1,0,0,'2026-04-11 07:39:19',0),
(785,260,6,1,0,0,'2026-04-11 07:39:19',0),
(786,260,7,1,0,0,'2026-04-11 07:39:19',0),
(787,260,8,1,0,0,'2026-04-11 07:39:19',0),
(788,260,9,1,0,0,'2026-04-11 07:39:19',0),
(789,261,1,1,0,0,'2026-04-11 07:41:03',0),
(790,261,2,1,0,0,'2026-04-11 07:41:03',0),
(791,261,3,1,0,0,'2026-04-11 07:41:03',0),
(792,261,4,1,0,0,'2026-04-11 07:41:03',0),
(793,261,5,1,0,0,'2026-04-11 07:41:03',0),
(794,261,6,1,0,0,'2026-04-11 07:41:03',0),
(795,261,7,1,0,0,'2026-04-11 07:41:03',0),
(796,261,8,1,0,0,'2026-04-11 07:41:03',0),
(797,261,9,1,0,0,'2026-04-11 07:41:03',0),
(798,262,1,2,0,0,'2026-04-11 13:41:46',0),
(799,262,2,2,0,0,'2026-04-11 13:41:46',0),
(800,262,3,2,0,0,'2026-04-11 13:41:46',0),
(801,262,4,2,0,0,'2026-04-11 13:41:46',0),
(802,262,5,2,0,0,'2026-04-11 13:41:46',0),
(803,262,6,2,0,0,'2026-04-11 13:41:46',0),
(804,262,7,2,0,0,'2026-04-11 13:41:46',0),
(805,262,8,2,0,0,'2026-04-11 13:41:46',0),
(806,262,9,2,0,0,'2026-04-11 13:41:46',0),
(807,263,1,2,0,0,'2026-04-11 13:41:46',0),
(808,263,2,2,0,0,'2026-04-11 13:41:46',0),
(809,263,3,2,0,0,'2026-04-11 13:41:46',0),
(810,263,4,2,0,0,'2026-04-11 13:41:46',0),
(811,263,5,2,0,0,'2026-04-11 13:41:46',0),
(812,263,6,2,0,0,'2026-04-11 13:41:46',0),
(813,263,7,2,0,0,'2026-04-11 13:41:46',0),
(814,263,8,2,0,0,'2026-04-11 13:41:46',0),
(815,263,9,2,0,0,'2026-04-11 13:41:46',0),
(816,264,1,2,0,0,'2026-04-11 13:41:46',0),
(817,264,2,2,0,0,'2026-04-11 13:41:46',0),
(818,264,3,2,0,0,'2026-04-11 13:41:46',0),
(819,264,4,2,0,0,'2026-04-11 13:41:46',0),
(820,264,5,2,0,0,'2026-04-11 13:41:46',0),
(821,264,6,2,0,0,'2026-04-11 13:41:46',0),
(822,264,7,2,0,0,'2026-04-11 13:41:46',0),
(823,264,8,2,0,0,'2026-04-11 13:41:46',0),
(824,264,9,2,0,0,'2026-04-11 13:41:46',0),
(825,265,1,2,0,0,'2026-04-11 13:41:46',0),
(826,265,2,2,0,0,'2026-04-11 13:41:46',0),
(827,265,3,2,0,0,'2026-04-11 13:41:46',0),
(828,265,4,2,0,0,'2026-04-11 13:41:46',0),
(829,265,5,2,0,0,'2026-04-11 13:41:46',0),
(830,265,6,2,0,0,'2026-04-11 13:41:46',0),
(831,265,7,2,0,0,'2026-04-11 13:41:46',0),
(832,265,8,2,0,0,'2026-04-11 13:41:46',0),
(833,265,9,2,0,0,'2026-04-11 13:41:46',0),
(834,266,1,2,0,0,'2026-04-11 13:41:46',0),
(835,266,2,2,0,0,'2026-04-11 13:41:46',0),
(836,266,3,2,0,0,'2026-04-11 13:41:46',0),
(837,266,4,2,0,0,'2026-04-11 13:41:46',0),
(838,266,5,2,0,0,'2026-04-11 13:41:46',0),
(839,266,6,2,0,0,'2026-04-11 13:41:46',0),
(840,266,7,2,0,0,'2026-04-11 13:41:46',0),
(841,266,8,2,0,0,'2026-04-11 13:41:46',0),
(842,266,9,2,0,0,'2026-04-11 13:41:46',0),
(843,267,1,2,0,0,'2026-04-11 13:41:46',0),
(844,267,2,2,0,0,'2026-04-11 13:41:46',0),
(845,267,3,2,0,0,'2026-04-11 13:41:46',0),
(846,267,4,2,0,0,'2026-04-11 13:41:46',0),
(847,267,5,2,0,0,'2026-04-11 13:41:46',0),
(848,267,6,2,0,0,'2026-04-11 13:41:46',0),
(849,267,7,2,0,0,'2026-04-11 13:41:46',0),
(850,267,8,2,0,0,'2026-04-11 13:41:46',0),
(851,267,9,2,0,0,'2026-04-11 13:41:46',0),
(852,268,1,2,0,0,'2026-04-11 13:41:46',0),
(853,268,2,2,0,0,'2026-04-11 13:41:46',0),
(854,268,3,2,0,0,'2026-04-11 13:41:46',0),
(855,268,4,2,0,0,'2026-04-11 13:41:46',0),
(856,268,5,2,0,0,'2026-04-11 13:41:46',0),
(857,268,6,2,0,0,'2026-04-11 13:41:46',0),
(858,268,7,2,0,0,'2026-04-11 13:41:46',0),
(859,268,8,2,0,0,'2026-04-11 13:41:46',0),
(860,268,9,2,0,0,'2026-04-11 13:41:46',0),
(861,269,1,2,0,0,'2026-04-11 13:41:46',0),
(862,269,2,2,0,0,'2026-04-11 13:41:46',0),
(863,269,3,2,0,0,'2026-04-11 13:41:46',0),
(864,269,4,2,0,0,'2026-04-11 13:41:46',0),
(865,269,5,2,0,0,'2026-04-11 13:41:46',0),
(866,269,6,2,0,0,'2026-04-11 13:41:46',0),
(867,269,7,2,0,0,'2026-04-11 13:41:46',0),
(868,269,8,2,0,0,'2026-04-11 13:41:46',0),
(869,269,9,2,0,0,'2026-04-11 13:41:46',0),
(870,270,1,2,0,0,'2026-04-11 13:41:46',0),
(871,270,2,2,0,0,'2026-04-11 13:41:46',0),
(872,270,3,2,0,0,'2026-04-11 13:41:46',0),
(873,270,4,2,0,0,'2026-04-11 13:41:46',0),
(874,270,5,2,0,0,'2026-04-11 13:41:46',0),
(875,270,6,2,0,0,'2026-04-11 13:41:46',0),
(876,270,7,2,0,0,'2026-04-11 13:41:46',0),
(877,270,8,2,0,0,'2026-04-11 13:41:46',0),
(878,270,9,2,0,0,'2026-04-11 13:41:46',0),
(879,271,1,2,0,0,'2026-04-11 13:41:46',0),
(880,271,2,2,0,0,'2026-04-11 13:41:46',0),
(881,271,3,2,0,0,'2026-04-11 13:41:46',0),
(882,271,4,2,0,0,'2026-04-11 13:41:46',0),
(883,271,5,2,0,0,'2026-04-11 13:41:46',0),
(884,271,6,2,0,0,'2026-04-11 13:41:46',0),
(885,271,7,2,0,0,'2026-04-11 13:41:46',0),
(886,271,8,2,0,0,'2026-04-11 13:41:46',0),
(887,271,9,2,0,0,'2026-04-11 13:41:46',0),
(888,272,1,2,0,0,'2026-04-11 13:41:46',0),
(889,272,2,2,0,0,'2026-04-11 13:41:46',0),
(890,272,3,2,0,0,'2026-04-11 13:41:46',0),
(891,272,4,2,0,0,'2026-04-11 13:41:46',0),
(892,272,5,2,0,0,'2026-04-11 13:41:46',0),
(893,272,6,2,0,0,'2026-04-11 13:41:46',0),
(894,272,7,2,0,0,'2026-04-11 13:41:46',0),
(895,272,8,2,0,0,'2026-04-11 13:41:46',0),
(896,272,9,2,0,0,'2026-04-11 13:41:46',0),
(897,273,1,2,0,0,'2026-04-11 13:41:46',0),
(898,273,2,2,0,0,'2026-04-11 13:41:46',0),
(899,273,3,2,0,0,'2026-04-11 13:41:46',0),
(900,273,4,2,0,0,'2026-04-11 13:41:46',0),
(901,273,5,2,0,0,'2026-04-11 13:41:46',0),
(902,273,6,2,0,0,'2026-04-11 13:41:46',0),
(903,273,7,2,0,0,'2026-04-11 13:41:46',0),
(904,273,8,2,0,0,'2026-04-11 13:41:46',0),
(905,273,9,2,0,0,'2026-04-11 13:41:46',0),
(906,274,1,2,0,0,'2026-04-11 13:41:46',0),
(907,274,2,2,0,0,'2026-04-11 13:41:46',0),
(908,274,3,2,0,0,'2026-04-11 13:41:47',0),
(909,274,4,2,0,0,'2026-04-11 13:41:47',0),
(910,274,5,2,0,0,'2026-04-11 13:41:47',0),
(911,274,6,2,0,0,'2026-04-11 13:41:47',0),
(912,274,7,2,0,0,'2026-04-11 13:41:47',0),
(913,274,8,2,0,0,'2026-04-11 13:41:47',0),
(914,274,9,2,0,0,'2026-04-11 13:41:47',0),
(915,275,1,2,0,0,'2026-04-11 13:41:47',0),
(916,275,2,2,0,0,'2026-04-11 13:41:47',0),
(917,275,3,2,0,0,'2026-04-11 13:41:47',0),
(918,275,4,2,0,0,'2026-04-11 13:41:47',0),
(919,275,5,2,0,0,'2026-04-11 13:41:47',0),
(920,275,6,2,0,0,'2026-04-11 13:41:47',0),
(921,275,7,2,0,0,'2026-04-11 13:41:47',0),
(922,275,8,2,0,0,'2026-04-11 13:41:47',0),
(923,275,9,2,0,0,'2026-04-11 13:41:47',0),
(924,276,1,2,0,0,'2026-04-11 13:41:47',0),
(925,276,2,2,0,0,'2026-04-11 13:41:47',0),
(926,276,3,2,0,0,'2026-04-11 13:41:47',0),
(927,276,4,2,0,0,'2026-04-11 13:41:47',0),
(928,276,5,2,0,0,'2026-04-11 13:41:47',0),
(929,276,6,2,0,0,'2026-04-11 13:41:47',0),
(930,276,7,2,0,0,'2026-04-11 13:41:47',0),
(931,276,8,2,0,0,'2026-04-11 13:41:47',0),
(932,276,9,2,0,0,'2026-04-11 13:41:47',0),
(933,277,1,2,0,0,'2026-04-11 13:41:47',0),
(934,277,2,2,0,0,'2026-04-11 13:41:47',0),
(935,277,3,2,0,0,'2026-04-11 13:41:47',0),
(936,277,4,2,0,0,'2026-04-11 13:41:47',0),
(937,277,5,2,0,0,'2026-04-11 13:41:47',0),
(938,277,6,2,0,0,'2026-04-11 13:41:47',0),
(939,277,7,2,0,0,'2026-04-11 13:41:47',0),
(940,277,8,2,0,0,'2026-04-11 13:41:47',0),
(941,277,9,2,0,0,'2026-04-11 13:41:47',0),
(942,278,1,2,0,0,'2026-04-11 13:41:47',0),
(943,278,2,2,0,0,'2026-04-11 13:41:47',0),
(944,278,3,2,0,0,'2026-04-11 13:41:47',0),
(945,278,4,2,0,0,'2026-04-11 13:41:47',0),
(946,278,5,2,0,0,'2026-04-11 13:41:47',0),
(947,278,6,2,0,0,'2026-04-11 13:41:47',0),
(948,278,7,2,0,0,'2026-04-11 13:41:47',0),
(949,278,8,2,0,0,'2026-04-11 13:41:47',0),
(950,278,9,2,0,0,'2026-04-11 13:41:47',0),
(951,279,1,2,0,0,'2026-04-11 13:41:47',0),
(952,279,2,2,0,0,'2026-04-11 13:41:47',0),
(953,279,3,2,0,0,'2026-04-11 13:41:47',0),
(954,279,4,2,0,0,'2026-04-11 13:41:47',0),
(955,279,5,2,0,0,'2026-04-11 13:41:47',0),
(956,279,6,2,0,0,'2026-04-11 13:41:47',0),
(957,279,7,2,0,0,'2026-04-11 13:41:47',0),
(958,279,8,2,0,0,'2026-04-11 13:41:47',0),
(959,279,9,2,0,0,'2026-04-11 13:41:47',0),
(960,280,1,2,0,0,'2026-04-11 13:57:07',0),
(961,280,2,2,0,0,'2026-04-11 13:57:07',0),
(962,280,3,2,0,0,'2026-04-11 13:57:07',0),
(963,280,4,2,0,0,'2026-04-11 13:57:07',0),
(964,280,5,2,0,0,'2026-04-11 13:57:07',0),
(965,280,6,2,0,0,'2026-04-11 13:57:07',0),
(966,280,7,2,0,0,'2026-04-11 13:57:07',0),
(967,280,8,2,0,0,'2026-04-11 13:57:07',0),
(968,280,9,2,0,0,'2026-04-11 13:57:07',0),
(969,281,1,1,0,0,'2026-04-12 08:33:12',0),
(970,281,2,1,0,0,'2026-04-12 08:33:12',0),
(971,281,3,1,0,0,'2026-04-12 08:33:12',0),
(972,281,4,1,0,0,'2026-04-12 08:33:12',0),
(973,281,5,1,0,0,'2026-04-12 08:33:12',0),
(974,281,6,1,0,0,'2026-04-12 08:33:12',0),
(975,281,7,1,0,0,'2026-04-12 08:33:12',0),
(976,281,8,1,0,0,'2026-04-12 08:33:12',0),
(977,281,9,1,0,0,'2026-04-12 08:33:12',0),
(978,282,1,2,0,0,'2026-04-12 14:09:09',0),
(979,282,2,2,0,0,'2026-04-12 14:09:09',0),
(980,282,3,2,0,0,'2026-04-12 14:09:09',0),
(981,282,4,2,0,0,'2026-04-12 14:09:09',0),
(982,282,5,2,0,0,'2026-04-12 14:09:09',0),
(983,282,6,2,0,0,'2026-04-12 14:09:09',0),
(984,282,7,2,0,0,'2026-04-12 14:09:09',0),
(985,282,8,2,0,0,'2026-04-12 14:09:09',0),
(986,282,9,2,0,0,'2026-04-12 14:09:09',0),
(987,283,1,2,0,0,'2026-04-12 14:09:09',0),
(988,283,2,2,0,0,'2026-04-12 14:09:09',0),
(989,283,3,2,0,0,'2026-04-12 14:09:09',0),
(990,283,4,2,0,0,'2026-04-12 14:09:09',0),
(991,283,5,2,0,0,'2026-04-12 14:09:09',0),
(992,283,6,2,0,0,'2026-04-12 14:09:09',0),
(993,283,7,2,0,0,'2026-04-12 14:09:09',0),
(994,283,8,2,0,0,'2026-04-12 14:09:09',0),
(995,283,9,2,0,0,'2026-04-12 14:09:09',0),
(996,284,1,2,0,0,'2026-04-12 14:09:09',0),
(997,284,2,2,0,0,'2026-04-12 14:09:09',0),
(998,284,3,2,0,0,'2026-04-12 14:09:09',0),
(999,284,4,2,0,0,'2026-04-12 14:09:09',0),
(1000,284,5,2,0,0,'2026-04-12 14:09:09',0),
(1001,284,6,2,0,0,'2026-04-12 14:09:09',0),
(1002,284,7,2,0,0,'2026-04-12 14:09:09',0),
(1003,284,8,2,0,0,'2026-04-12 14:09:09',0),
(1004,284,9,2,0,0,'2026-04-12 14:09:09',0),
(1005,285,1,2,0,0,'2026-04-12 14:09:09',0),
(1006,285,2,2,0,0,'2026-04-12 14:09:09',0),
(1007,285,3,2,0,0,'2026-04-12 14:09:09',0),
(1008,285,4,2,0,0,'2026-04-12 14:09:09',0),
(1009,285,5,2,0,0,'2026-04-12 14:09:09',0),
(1010,285,6,2,0,0,'2026-04-12 14:09:09',0),
(1011,285,7,2,0,0,'2026-04-12 14:09:09',0),
(1012,285,8,2,0,0,'2026-04-12 14:09:09',0),
(1013,285,9,2,0,0,'2026-04-12 14:09:09',0),
(1014,286,1,2,0,0,'2026-04-12 14:09:09',0),
(1015,286,2,2,0,0,'2026-04-12 14:09:09',0),
(1016,286,3,2,0,0,'2026-04-12 14:09:09',0),
(1017,286,4,2,0,0,'2026-04-12 14:09:09',0),
(1018,286,5,2,0,0,'2026-04-12 14:09:09',0),
(1019,286,6,2,0,0,'2026-04-12 14:09:09',0),
(1020,286,7,2,0,0,'2026-04-12 14:09:09',0),
(1021,286,8,2,0,0,'2026-04-12 14:09:09',0),
(1022,286,9,2,0,0,'2026-04-12 14:09:09',0),
(1023,287,1,2,0,0,'2026-04-12 14:16:37',0),
(1024,287,2,2,0,0,'2026-04-12 14:16:37',0),
(1025,287,3,2,0,0,'2026-04-12 14:16:37',0),
(1026,287,4,2,0,0,'2026-04-12 14:16:37',0),
(1027,287,5,2,0,0,'2026-04-12 14:16:37',0),
(1028,287,6,2,0,0,'2026-04-12 14:16:37',0),
(1029,287,7,2,0,0,'2026-04-12 14:16:37',0),
(1030,287,8,2,0,0,'2026-04-12 14:16:37',0),
(1031,287,9,2,0,0,'2026-04-12 14:16:37',0),
(1032,288,1,2,0,0,'2026-04-12 14:16:37',0),
(1033,288,2,2,0,0,'2026-04-12 14:16:37',0),
(1034,288,3,2,0,0,'2026-04-12 14:16:37',0),
(1035,288,4,2,0,0,'2026-04-12 14:16:37',0),
(1036,288,5,2,0,0,'2026-04-12 14:16:37',0),
(1037,288,6,2,0,0,'2026-04-12 14:16:37',0),
(1038,288,7,2,0,0,'2026-04-12 14:16:37',0),
(1039,288,8,2,0,0,'2026-04-12 14:16:37',0),
(1040,288,9,2,0,0,'2026-04-12 14:16:37',0),
(1041,289,1,2,0,0,'2026-04-13 07:03:31',0),
(1042,289,2,2,0,0,'2026-04-13 07:03:31',0),
(1043,289,3,2,0,0,'2026-04-13 07:03:31',0),
(1044,289,4,2,0,0,'2026-04-13 07:03:31',0),
(1045,289,5,2,0,0,'2026-04-13 07:03:31',0),
(1046,289,6,2,0,0,'2026-04-13 07:03:31',0),
(1047,289,7,2,0,0,'2026-04-13 07:03:31',0),
(1048,289,8,2,0,0,'2026-04-13 07:03:31',0),
(1049,289,9,2,0,0,'2026-04-13 07:03:31',0);

--
-- Table structure for table `producttemp`
--

CREATE TABLE `producttemp` (
  `producttempid` int(11) NOT NULL AUTO_INCREMENT,
  `productName` varchar(256) NOT NULL DEFAULT '',
  `productCatId` int(11) NOT NULL,
  `productBuyPrice` decimal(10,2) NOT NULL,
  `productSellAllPrice` decimal(10,2) NOT NULL,
  `productSellUnitPrice` decimal(10,2) NOT NULL,
  `productSellHalfPrice` decimal(10,2) NOT NULL,
  `productDate` date NOT NULL,
  `conditions` int(1) NOT NULL DEFAULT 0,
  `userId` int(11) NOT NULL,
  `parcode` varchar(256) DEFAULT NULL,
  PRIMARY KEY (`producttempid`),
  KEY `productCatId` (`productCatId`)
) ENGINE=InnoDB DEFAULT CHARSET=utf8mb3 COLLATE=utf8mb3_general_ci;

--
-- Dumping data for table `producttemp`
--


--
-- Table structure for table `producttempunit`
--

CREATE TABLE `producttempunit` (
  `producttempunitid` int(11) NOT NULL AUTO_INCREMENT,
  `unitid` int(11) NOT NULL,
  `producttempid` int(11) NOT NULL,
  `productnumber` int(11) NOT NULL,
  `producttempunitdate` date NOT NULL,
  `userid` int(11) NOT NULL,
  `conditions` int(11) NOT NULL DEFAULT 0,
  PRIMARY KEY (`producttempunitid`),
  KEY `producttempid` (`producttempid`),
  KEY `unitid` (`unitid`)
) ENGINE=InnoDB DEFAULT CHARSET=utf8mb3 COLLATE=utf8mb3_general_ci;

--
-- Dumping data for table `producttempunit`
--


--
-- Table structure for table `productunit`
--

CREATE TABLE `productunit` (
  `productunitid` int(11) NOT NULL AUTO_INCREMENT,
  `unitid` int(11) NOT NULL,
  `productid` int(11) NOT NULL,
  `productnumber` decimal(10,2) NOT NULL,
  `productunitdate` date NOT NULL,
  `userid` int(11) NOT NULL,
  `conditions` int(11) NOT NULL DEFAULT 0,
  `proUnitParcode` varchar(30) NOT NULL,
  `proUnitSellAllPrice` float NOT NULL,
  `proUnitSellHalfPrice` float NOT NULL,
  `proUnitSellUnitPrice` float NOT NULL,
  `proUnitBuyPrice` float NOT NULL,
  `unitInTax` varchar(150) NOT NULL,
  `proUnitPrice4` float NOT NULL,
  `proUnitPrice5` float NOT NULL,
  `proUnitPrice6` float NOT NULL,
  `proUnitPrice7` float NOT NULL,
  `proUnitPrice8` float NOT NULL,
  PRIMARY KEY (`productunitid`),
  KEY `productid` (`productid`),
  KEY `unitid` (`unitid`)
) ENGINE=InnoDB AUTO_INCREMENT=290 DEFAULT CHARSET=utf8mb3 COLLATE=utf8mb3_general_ci;

--
-- Dumping data for table `productunit`
--

INSERT INTO `productunit` VALUES
(1,1,1,1.00,'2025-02-20',1,0,'0000101',0,0,0,0,'',0,0,0,0,0),
(2,1,2,1.00,'2025-02-19',1,0,'',0,0,0,0,'',0,0,0,0,0),
(3,1,3,1.00,'2025-02-19',1,0,'',0,0,0,0,'',0,0,0,0,0),
(4,1,4,1.00,'2025-02-19',1,0,'',0,0,0,0,'',0,0,0,0,0),
(5,1,5,1.00,'2025-02-19',1,0,'',0,0,0,0,'',0,0,0,0,0),
(6,1,6,1.00,'2025-02-19',1,0,'',0,0,0,0,'',0,0,0,0,0),
(7,1,7,1.00,'2025-02-19',1,0,'',0,0,0,0,'',0,0,0,0,0),
(8,1,8,1.00,'2025-02-19',1,0,'',0,0,0,0,'',0,0,0,0,0),
(9,1,9,1.00,'2025-02-19',1,0,'',0,0,0,0,'',0,0,0,0,0),
(10,1,10,1.00,'2025-02-19',1,0,'',0,0,0,0,'',0,0,0,0,0),
(11,1,11,1.00,'2025-02-19',1,0,'',0,0,0,0,'',0,0,0,0,0),
(12,1,12,1.00,'2025-02-19',1,0,'',0,0,0,0,'',0,0,0,0,0),
(13,1,13,1.00,'2025-02-19',1,0,'',0,0,0,0,'',0,0,0,0,0),
(14,1,14,1.00,'2025-02-19',1,0,'',0,0,0,0,'',0,0,0,0,0),
(15,1,15,1.00,'2025-02-19',1,0,'',0,0,0,0,'',0,0,0,0,0),
(16,1,16,1.00,'2025-02-19',1,0,'',0,0,0,0,'',0,0,0,0,0),
(17,1,17,1.00,'2025-02-19',1,0,'',0,0,0,0,'',0,0,0,0,0),
(18,1,18,1.00,'2025-02-19',1,0,'',0,0,0,0,'',0,0,0,0,0),
(19,1,19,1.00,'2025-02-19',1,0,'',0,0,0,0,'',0,0,0,0,0),
(20,1,20,1.00,'2025-02-19',1,0,'',0,0,0,0,'',0,0,0,0,0),
(21,1,21,1.00,'2025-02-19',1,0,'',0,0,0,0,'',0,0,0,0,0),
(22,1,22,1.00,'2025-02-19',1,0,'',0,0,0,0,'',0,0,0,0,0),
(23,1,23,1.00,'2025-02-19',1,0,'',0,0,0,0,'',0,0,0,0,0),
(24,1,24,1.00,'2025-02-19',1,0,'',0,0,0,0,'',0,0,0,0,0),
(25,1,25,1.00,'2025-02-19',1,0,'',0,0,0,0,'',0,0,0,0,0),
(26,1,26,1.00,'2025-02-19',1,0,'',0,0,0,0,'',0,0,0,0,0),
(27,1,27,1.00,'2025-02-19',1,0,'',0,0,0,0,'',0,0,0,0,0),
(28,1,28,1.00,'2025-02-19',1,0,'',0,0,0,0,'',0,0,0,0,0),
(29,1,29,1.00,'2025-02-19',1,0,'',0,0,0,0,'',0,0,0,0,0),
(30,1,30,1.00,'2025-02-19',1,0,'',0,0,0,0,'',0,0,0,0,0),
(31,1,31,1.00,'2025-02-19',1,0,'',0,0,0,0,'',0,0,0,0,0),
(32,1,32,1.00,'2025-02-19',1,0,'',0,0,0,0,'',0,0,0,0,0),
(33,1,33,1.00,'2025-02-19',1,0,'',0,0,0,0,'',0,0,0,0,0),
(34,1,34,1.00,'2025-02-19',1,0,'',0,0,0,0,'',0,0,0,0,0),
(35,1,35,1.00,'2025-02-19',1,0,'',0,0,0,0,'',0,0,0,0,0),
(36,1,36,1.00,'2025-02-19',1,0,'',0,0,0,0,'',0,0,0,0,0),
(37,1,37,1.00,'2025-02-19',1,0,'',0,0,0,0,'',0,0,0,0,0),
(38,1,38,1.00,'2025-02-19',1,0,'',0,0,0,0,'',0,0,0,0,0),
(39,1,39,1.00,'2025-02-19',1,0,'',0,0,0,0,'',0,0,0,0,0),
(40,1,40,1.00,'2025-02-19',1,0,'',0,0,0,0,'',0,0,0,0,0),
(41,1,41,1.00,'2025-02-19',1,0,'',0,0,0,0,'',0,0,0,0,0),
(42,1,42,1.00,'2025-02-19',1,0,'',0,0,0,0,'',0,0,0,0,0),
(43,1,43,1.00,'2025-02-19',1,0,'',0,0,0,0,'',0,0,0,0,0),
(44,1,44,1.00,'2025-02-19',1,0,'',0,0,0,0,'',0,0,0,0,0),
(45,1,45,1.00,'2025-02-19',1,0,'',0,0,0,0,'',0,0,0,0,0),
(46,1,46,1.00,'2025-02-19',1,0,'',0,0,0,0,'',0,0,0,0,0),
(47,1,47,1.00,'2025-02-19',1,0,'',0,0,0,0,'',0,0,0,0,0),
(48,1,48,1.00,'2025-02-19',1,0,'',0,0,0,0,'',0,0,0,0,0),
(49,1,49,1.00,'2025-02-19',1,0,'',0,0,0,0,'',0,0,0,0,0),
(50,1,50,1.00,'2025-02-19',1,0,'',0,0,0,0,'',0,0,0,0,0),
(51,1,51,1.00,'2025-02-19',1,0,'',0,0,0,0,'',0,0,0,0,0),
(52,1,52,1.00,'2025-02-19',1,0,'',0,0,0,0,'',0,0,0,0,0),
(53,1,53,1.00,'2025-02-19',1,0,'',0,0,0,0,'',0,0,0,0,0),
(54,1,54,1.00,'2025-02-19',1,0,'',0,0,0,0,'',0,0,0,0,0),
(55,1,55,1.00,'2025-02-19',1,0,'',0,0,0,0,'',0,0,0,0,0),
(56,1,56,1.00,'2025-02-19',1,0,'',0,0,0,0,'',0,0,0,0,0),
(57,1,57,1.00,'2025-02-19',1,0,'',0,0,0,0,'',0,0,0,0,0),
(58,1,58,1.00,'2025-02-19',1,0,'',0,0,0,0,'',0,0,0,0,0),
(59,1,59,1.00,'2025-02-19',1,0,'',0,0,0,0,'',0,0,0,0,0),
(60,1,60,1.00,'2025-02-19',1,0,'',0,0,0,0,'',0,0,0,0,0),
(61,1,61,1.00,'2025-02-19',1,0,'',0,0,0,0,'',0,0,0,0,0),
(62,1,62,1.00,'2025-02-19',1,0,'',0,0,0,0,'',0,0,0,0,0),
(63,1,63,1.00,'2025-02-19',1,0,'',0,0,0,0,'',0,0,0,0,0),
(64,1,64,1.00,'2025-02-19',1,0,'',0,0,0,0,'',0,0,0,0,0),
(65,1,65,1.00,'2025-02-19',1,0,'',0,0,0,0,'',0,0,0,0,0),
(66,1,66,1.00,'2025-02-19',1,0,'',0,0,0,0,'',0,0,0,0,0),
(67,1,67,1.00,'2025-02-19',1,0,'',0,0,0,0,'',0,0,0,0,0),
(68,1,68,1.00,'2025-02-19',1,0,'',0,0,0,0,'',0,0,0,0,0),
(69,1,69,1.00,'2025-02-19',1,0,'',0,0,0,0,'',0,0,0,0,0),
(70,1,70,1.00,'2025-02-19',1,0,'',0,0,0,0,'',0,0,0,0,0),
(71,1,71,1.00,'2025-02-19',1,0,'',0,0,0,0,'',0,0,0,0,0),
(72,1,72,1.00,'2025-02-19',1,0,'',0,0,0,0,'',0,0,0,0,0),
(73,1,73,1.00,'2025-02-19',1,0,'',0,0,0,0,'',0,0,0,0,0),
(74,1,74,1.00,'2025-02-19',1,0,'',0,0,0,0,'',0,0,0,0,0),
(75,1,75,1.00,'2025-02-19',1,0,'',0,0,0,0,'',0,0,0,0,0),
(76,1,76,1.00,'2025-02-19',1,0,'',0,0,0,0,'',0,0,0,0,0),
(77,1,77,1.00,'2025-02-19',1,0,'',0,0,0,0,'',0,0,0,0,0),
(78,1,78,1.00,'2025-02-19',1,0,'',0,0,0,0,'',0,0,0,0,0),
(79,1,79,1.00,'2025-02-19',1,0,'',0,0,0,0,'',0,0,0,0,0),
(80,1,80,1.00,'2025-02-19',1,0,'',0,0,0,0,'',0,0,0,0,0),
(81,1,81,1.00,'2025-02-19',1,0,'',0,0,0,0,'',0,0,0,0,0),
(82,1,82,1.00,'2025-02-19',1,0,'',0,0,0,0,'',0,0,0,0,0),
(83,1,83,1.00,'2025-02-19',1,0,'',0,0,0,0,'',0,0,0,0,0),
(84,1,84,1.00,'2025-02-19',1,0,'',0,0,0,0,'',0,0,0,0,0),
(85,1,85,1.00,'2025-02-19',1,0,'',0,0,0,0,'',0,0,0,0,0),
(86,1,86,1.00,'2025-02-19',1,0,'',0,0,0,0,'',0,0,0,0,0),
(87,1,87,1.00,'2025-02-19',1,0,'',0,0,0,0,'',0,0,0,0,0),
(88,1,88,1.00,'2025-02-19',1,0,'',0,0,0,0,'',0,0,0,0,0),
(89,1,89,1.00,'2025-02-19',1,0,'',0,0,0,0,'',0,0,0,0,0),
(90,1,90,1.00,'2025-02-19',1,0,'',0,0,0,0,'',0,0,0,0,0),
(91,1,91,1.00,'2025-02-19',1,0,'',0,0,0,0,'',0,0,0,0,0),
(92,1,92,1.00,'2025-02-19',1,0,'',0,0,0,0,'',0,0,0,0,0),
(93,1,93,1.00,'2025-02-19',1,0,'',0,0,0,0,'',0,0,0,0,0),
(94,1,94,1.00,'2025-02-19',1,0,'',0,0,0,0,'',0,0,0,0,0),
(95,1,95,1.00,'2025-02-19',1,0,'',0,0,0,0,'',0,0,0,0,0),
(96,1,96,1.00,'2025-02-19',1,0,'',0,0,0,0,'',0,0,0,0,0),
(97,1,97,1.00,'2025-02-19',1,0,'',0,0,0,0,'',0,0,0,0,0),
(98,1,98,1.00,'2025-02-19',1,0,'',0,0,0,0,'',0,0,0,0,0),
(99,1,99,1.00,'2025-02-19',1,0,'',0,0,0,0,'',0,0,0,0,0),
(100,1,100,1.00,'2025-02-19',1,0,'',0,0,0,0,'',0,0,0,0,0),
(101,1,101,1.00,'2025-02-19',1,0,'',0,0,0,0,'',0,0,0,0,0),
(102,1,102,1.00,'2025-02-19',1,0,'',0,0,0,0,'',0,0,0,0,0),
(103,1,103,1.00,'2025-02-19',1,0,'',0,0,0,0,'',0,0,0,0,0),
(104,1,104,1.00,'2025-02-19',1,0,'',0,0,0,0,'',0,0,0,0,0),
(105,1,105,1.00,'2025-02-19',1,0,'',0,0,0,0,'',0,0,0,0,0),
(106,1,106,1.00,'2025-02-19',1,0,'',0,0,0,0,'',0,0,0,0,0),
(107,1,107,1.00,'2025-02-19',1,0,'',0,0,0,0,'',0,0,0,0,0),
(108,1,108,1.00,'2025-02-19',1,0,'',0,0,0,0,'',0,0,0,0,0),
(109,1,109,1.00,'2025-02-19',1,0,'',0,0,0,0,'',0,0,0,0,0),
(110,1,110,1.00,'2025-02-19',1,0,'',0,0,0,0,'',0,0,0,0,0),
(111,1,111,1.00,'2025-02-19',1,0,'',0,0,0,0,'',0,0,0,0,0),
(112,1,112,1.00,'2025-02-19',1,0,'',0,0,0,0,'',0,0,0,0,0),
(113,1,113,1.00,'2025-02-19',1,0,'',0,0,0,0,'',0,0,0,0,0),
(114,1,114,1.00,'2025-02-19',1,0,'',0,0,0,0,'',0,0,0,0,0),
(115,1,115,1.00,'2025-02-19',1,0,'',0,0,0,0,'',0,0,0,0,0),
(116,1,116,1.00,'2025-02-19',1,0,'',0,0,0,0,'',0,0,0,0,0),
(117,1,117,1.00,'2025-02-19',1,0,'',0,0,0,0,'',0,0,0,0,0),
(118,1,118,1.00,'2025-02-19',1,0,'',0,0,0,0,'',0,0,0,0,0),
(119,1,119,1.00,'2025-02-19',1,0,'',0,0,0,0,'',0,0,0,0,0),
(120,1,120,1.00,'2025-02-19',1,0,'',0,0,0,0,'',0,0,0,0,0),
(121,1,121,1.00,'2025-02-19',1,0,'',0,0,0,0,'',0,0,0,0,0),
(122,1,122,1.00,'2025-02-19',1,0,'',0,0,0,0,'',0,0,0,0,0),
(123,1,123,1.00,'2025-02-19',1,0,'',0,0,0,0,'',0,0,0,0,0),
(124,1,124,1.00,'2025-02-19',1,0,'',0,0,0,0,'',0,0,0,0,0),
(125,1,125,1.00,'2025-02-19',1,0,'',0,0,0,0,'',0,0,0,0,0),
(126,1,126,1.00,'2025-02-19',1,0,'',0,0,0,0,'',0,0,0,0,0),
(127,1,127,1.00,'2025-02-19',1,0,'',0,0,0,0,'',0,0,0,0,0),
(128,1,128,1.00,'2025-02-19',1,0,'',0,0,0,0,'',0,0,0,0,0),
(129,1,129,1.00,'2025-02-19',1,0,'',0,0,0,0,'',0,0,0,0,0),
(130,1,130,1.00,'2025-02-19',1,0,'',0,0,0,0,'',0,0,0,0,0),
(131,1,131,1.00,'2025-03-03',1,0,'0013101',0,0,0,0,'',0,0,0,0,0),
(132,1,132,1.00,'2025-03-03',1,0,'0013201',0,0,0,0,'',0,0,0,0,0),
(133,1,133,1.00,'2025-03-03',1,0,'0013301',0,0,0,0,'',0,0,0,0,0),
(134,1,134,1.00,'2025-03-03',1,0,'0013401',0,0,0,0,'',0,0,0,0,0),
(135,1,135,1.00,'2025-03-03',1,0,'0013501',0,0,0,0,'',0,0,0,0,0),
(136,1,136,1.00,'2025-03-03',1,0,'0013601',0,0,0,0,'',0,0,0,0,0),
(137,1,137,1.00,'2025-03-03',1,0,'0013701',0,0,0,0,'',0,0,0,0,0),
(138,1,138,1.00,'2025-03-03',1,0,'0013801',0,0,0,0,'',0,0,0,0,0),
(139,1,139,1.00,'2025-03-03',1,0,'0013901',0,0,0,0,'',0,0,0,0,0),
(140,1,140,1.00,'2025-03-03',1,0,'0014001',0,0,0,0,'',0,0,0,0,0),
(141,1,141,1.00,'2025-03-03',1,0,'0014101',0,0,0,0,'',0,0,0,0,0),
(142,1,142,1.00,'2025-03-03',1,0,'0014201',0,0,0,0,'',0,0,0,0,0),
(143,1,143,1.00,'2025-03-03',1,0,'0014301',0,0,0,0,'',0,0,0,0,0),
(144,1,144,1.00,'2025-03-03',1,0,'0014401',0,0,0,0,'',0,0,0,0,0),
(145,1,145,1.00,'2025-03-03',1,0,'0014501',0,0,0,0,'',0,0,0,0,0),
(146,1,146,1.00,'2025-03-03',1,0,'0014601',0,0,0,0,'',0,0,0,0,0),
(147,1,147,1.00,'2025-03-03',1,0,'0014701',0,0,0,0,'',0,0,0,0,0),
(148,1,148,1.00,'2025-02-19',1,0,'',0,0,0,0,'',0,0,0,0,0),
(149,1,149,1.00,'2025-02-19',1,0,'',0,0,0,0,'',0,0,0,0,0),
(150,1,150,1.00,'2025-02-19',1,0,'',0,0,0,0,'',0,0,0,0,0),
(151,1,151,1.00,'2025-02-19',1,0,'',0,0,0,0,'',0,0,0,0,0),
(152,1,152,1.00,'2025-02-19',1,0,'',0,0,0,0,'',0,0,0,0,0),
(153,1,153,1.00,'2025-02-19',1,0,'',0,0,0,0,'',0,0,0,0,0),
(154,1,154,1.00,'2025-02-19',1,0,'',0,0,0,0,'',0,0,0,0,0),
(155,1,155,1.00,'2025-02-23',1,0,'0015501',0,0,0,0,'',0,0,0,0,0),
(156,1,156,1.00,'2025-02-23',1,0,'0015601',0,0,0,0,'',0,0,0,0,0),
(157,1,157,1.00,'2025-02-23',1,0,'0015701',0,0,0,0,'',0,0,0,0,0),
(158,1,158,1.00,'2025-02-23',1,0,'0015801',0,0,0,0,'',0,0,0,0,0),
(159,1,159,1.00,'2025-02-23',1,0,'0015901',0,0,0,0,'',0,0,0,0,0),
(160,1,160,1.00,'2025-02-23',1,0,'0016001',0,0,0,0,'',0,0,0,0,0),
(161,1,161,1.00,'2025-02-23',1,0,'0016101',0,0,0,0,'',0,0,0,0,0),
(162,1,162,1.00,'2025-02-23',1,0,'0016201',0,0,0,0,'',0,0,0,0,0),
(163,1,163,1.00,'2025-02-23',1,0,'0016301',0,0,0,0,'',0,0,0,0,0),
(164,1,164,1.00,'2025-02-23',1,0,'0016401',0,0,0,0,'',0,0,0,0,0),
(165,1,165,1.00,'2025-02-24',1,0,'0016501',0,0,0,0,'',0,0,0,0,0),
(166,1,166,1.00,'2025-02-24',1,0,'0016601',0,0,0,0,'',0,0,0,0,0),
(167,1,167,1.00,'2025-02-24',1,0,'0016701',0,0,0,0,'',0,0,0,0,0),
(168,1,168,1.00,'2025-02-24',1,0,'0016801',0,0,0,0,'',0,0,0,0,0),
(169,1,169,1.00,'2025-03-03',1,0,'0016901',0,0,0,0,'',0,0,0,0,0),
(170,1,170,1.00,'2025-03-03',1,0,'0017001',0,0,0,0,'',0,0,0,0,0),
(171,1,171,1.00,'2025-03-03',1,0,'0017101',0,0,0,0,'',0,0,0,0,0),
(172,1,172,1.00,'2025-02-24',1,0,'0017201',0,0,0,0,'',0,0,0,0,0),
(173,1,173,1.00,'2025-02-24',1,0,'0017301',0,0,0,0,'',0,0,0,0,0),
(174,1,174,1.00,'2025-02-24',1,0,'0017401',0,0,0,0,'',0,0,0,0,0),
(175,1,175,1.00,'2025-02-24',1,0,'0017501',0,0,0,0,'',0,0,0,0,0),
(176,1,176,1.00,'2025-02-24',1,0,'0017601',0,0,0,0,'',0,0,0,0,0),
(177,1,177,1.00,'2025-02-24',1,0,'0017701',0,0,0,0,'',0,0,0,0,0),
(178,1,178,1.00,'2025-02-24',1,0,'0017801',0,0,0,0,'',0,0,0,0,0),
(179,1,179,1.00,'2025-02-24',1,0,'0017901',0,0,0,0,'',0,0,0,0,0),
(180,1,180,1.00,'2025-02-24',1,0,'0018001',0,0,0,0,'',0,0,0,0,0),
(181,1,181,1.00,'2025-02-24',1,0,'0018101',0,0,0,0,'',0,0,0,0,0),
(182,1,182,1.00,'2025-02-24',1,0,'0018201',0,0,0,0,'',0,0,0,0,0),
(183,1,183,1.00,'2025-02-24',1,0,'0018301',0,0,0,0,'',0,0,0,0,0),
(184,1,184,1.00,'2025-02-24',1,0,'0018401',0,0,0,0,'',0,0,0,0,0),
(185,1,185,1.00,'2025-02-24',1,0,'0018501',0,0,0,0,'',0,0,0,0,0),
(186,1,186,1.00,'2025-02-24',1,0,'0018601',0,0,0,0,'',0,0,0,0,0),
(187,1,187,1.00,'2025-02-24',1,0,'0018701',0,0,0,0,'',0,0,0,0,0),
(188,1,188,1.00,'2025-02-24',1,0,'0018801',0,0,0,0,'',0,0,0,0,0),
(189,1,189,1.00,'2025-02-24',1,0,'0018901',0,0,0,0,'',0,0,0,0,0),
(190,1,190,1.00,'2025-02-24',1,0,'0019001',0,0,0,0,'',0,0,0,0,0),
(191,1,191,1.00,'2025-02-24',1,0,'0019101',0,0,0,0,'',0,0,0,0,0),
(192,1,192,1.00,'2025-02-24',1,0,'0019201',0,0,0,0,'',0,0,0,0,0),
(193,1,193,1.00,'2025-02-25',1,0,'0019301',0,0,0,0,'',0,0,0,0,0),
(194,1,194,1.00,'2025-02-25',1,0,'0019401',0,0,0,0,'',0,0,0,0,0),
(195,1,195,1.00,'2025-02-25',1,0,'0019501',0,0,0,0,'',0,0,0,0,0),
(196,1,196,1.00,'2025-02-25',1,0,'0019601',0,0,0,0,'',0,0,0,0,0),
(197,1,197,1.00,'2025-02-25',1,0,'0019701',0,0,0,0,'',0,0,0,0,0),
(198,1,198,1.00,'2025-02-25',1,0,'0019801',0,0,0,0,'',0,0,0,0,0),
(199,1,199,1.00,'2025-02-25',1,0,'0019901',0,0,0,0,'',0,0,0,0,0),
(200,1,200,1.00,'2025-02-25',1,0,'0020001',0,0,0,0,'',0,0,0,0,0),
(201,1,201,1.00,'2025-02-25',1,0,'0020101',0,0,0,0,'',0,0,0,0,0),
(202,1,202,1.00,'2025-02-25',1,0,'0020201',0,0,0,0,'',0,0,0,0,0),
(203,1,203,1.00,'2025-02-25',1,0,'0020301',0,0,0,0,'',0,0,0,0,0),
(204,1,204,1.00,'2025-02-25',1,0,'0020401',0,0,0,0,'',0,0,0,0,0),
(205,1,205,1.00,'2025-02-25',1,0,'0020501',0,0,0,0,'',0,0,0,0,0),
(206,1,206,1.00,'2025-02-25',1,0,'0020601',0,0,0,0,'',0,0,0,0,0),
(207,1,207,1.00,'2025-02-25',1,0,'0020701',0,0,0,0,'',0,0,0,0,0),
(208,1,208,1.00,'2025-02-25',1,0,'0020801',0,0,0,0,'',0,0,0,0,0),
(209,1,209,1.00,'2025-02-25',1,0,'0020901',0,0,0,0,'',0,0,0,0,0),
(210,1,210,1.00,'2025-02-25',1,0,'0021001',0,0,0,0,'',0,0,0,0,0),
(211,1,211,1.00,'2025-02-25',1,0,'0021101',0,0,0,0,'',0,0,0,0,0),
(212,1,212,1.00,'2025-04-05',1,0,'0021201',0,0,0,0,'',0,0,0,0,0),
(213,1,213,1.00,'2025-04-05',1,0,'0021301',0,0,0,0,'',0,0,0,0,0),
(214,1,214,1.00,'2025-04-05',1,0,'0021401',0,0,0,0,'',0,0,0,0,0),
(215,1,215,1.00,'2025-04-05',1,0,'0021501',0,0,0,0,'',0,0,0,0,0),
(216,1,216,1.00,'2025-04-05',1,0,'0021601',0,0,0,0,'',0,0,0,0,0),
(217,1,217,1.00,'2025-04-05',1,0,'0021701',0,0,0,0,'',0,0,0,0,0),
(218,1,218,1.00,'2025-04-05',1,0,'0021801',0,0,0,0,'',0,0,0,0,0),
(219,1,219,1.00,'2025-03-03',1,0,'0021901',0,0,0,0,'',0,0,0,0,0),
(220,1,220,1.00,'2025-03-03',1,0,'0022001',0,0,0,0,'',0,0,0,0,0),
(221,1,221,1.00,'2025-03-05',1,0,'0022101',0,0,0,0,'',0,0,0,0,0),
(222,1,222,1.00,'2025-03-05',1,0,'0022201',0,0,0,0,'',0,0,0,0,0),
(223,1,223,1.00,'2025-03-11',1,0,'0022301',0,0,0,0,'',0,0,0,0,0),
(224,1,224,1.00,'2025-03-11',1,0,'0022401',0,0,0,0,'',0,0,0,0,0),
(225,1,225,1.00,'2025-03-11',1,0,'0022501',0,0,0,0,'',0,0,0,0,0),
(226,1,226,1.00,'2025-03-13',1,0,'0022601',0,0,0,0,'',0,0,0,0,0),
(227,1,227,1.00,'2025-03-13',1,0,'0022701',0,0,0,0,'',0,0,0,0,0),
(228,1,228,1.00,'2025-04-07',1,0,'0022801',0,0,0,0,'',0,0,0,0,0),
(229,1,229,1.00,'2025-04-09',1,0,'0022901',0,0,0,0,'',0,0,0,0,0),
(230,1,230,1.00,'2025-04-09',1,0,'0023001',0,0,0,0,'',0,0,0,0,0),
(231,1,231,1.00,'2025-04-09',1,0,'0023101',0,0,0,0,'',0,0,0,0,0),
(232,1,232,1.00,'2025-04-17',1,0,'0023201',0,0,0,0,'',0,0,0,0,0),
(233,1,233,1.00,'2025-04-17',1,0,'0023301',0,0,0,0,'',0,0,0,0,0),
(234,1,234,1.00,'2025-04-17',1,0,'0023401',0,0,0,0,'',0,0,0,0,0),
(235,1,235,1.00,'2025-04-20',1,0,'0023501',0,0,0,0,'',0,0,0,0,0),
(236,1,236,1.00,'2025-04-24',1,0,'0023601',0,0,0,0,'',0,0,0,0,0),
(237,1,237,1.00,'2025-04-24',1,0,'0023701',0,0,0,0,'',0,0,0,0,0),
(238,1,238,1.00,'2025-04-24',1,0,'0023801',0,0,0,0,'',0,0,0,0,0),
(239,1,239,1.00,'2025-04-24',1,0,'0023901',0,0,0,0,'',0,0,0,0,0),
(240,1,240,1.00,'2025-04-24',1,0,'0024001',0,0,0,0,'',0,0,0,0,0),
(241,1,241,1.00,'2025-04-28',1,0,'0024101',0,0,0,0,'',0,0,0,0,0),
(242,1,242,1.00,'2025-05-10',1,0,'0024201',0,0,0,0,'',0,0,0,0,0),
(243,1,243,1.00,'2025-05-18',1,0,'0024301',0,0,0,0,'',0,0,0,0,0),
(244,1,244,1.00,'2025-05-18',1,0,'0024401',0,0,0,0,'',0,0,0,0,0),
(245,1,245,1.00,'2025-05-18',1,0,'0024501',0,0,0,0,'',0,0,0,0,0),
(246,1,246,1.00,'2025-05-18',1,0,'0024601',0,0,0,0,'',0,0,0,0,0),
(247,1,247,1.00,'2025-05-18',1,0,'0024701',0,0,0,0,'',0,0,0,0,0),
(248,1,248,1.00,'2025-05-18',1,0,'0024801',0,0,0,0,'',0,0,0,0,0),
(249,1,249,1.00,'2025-05-18',1,0,'0024901',0,0,0,0,'',0,0,0,0,0),
(250,1,250,1.00,'2025-05-18',1,0,'0025001',0,0,0,0,'',0,0,0,0,0),
(251,1,251,1.00,'2025-06-16',1,0,'0025101',0,0,0,0,'',0,0,0,0,0),
(252,1,252,1.00,'2025-08-14',1,0,'0025201',0,0,0,0,'',0,0,0,0,0),
(253,1,253,1.00,'2025-10-08',1,0,'0025301',0,0,0,0,'',0,0,0,0,0),
(254,1,254,1.00,'2025-10-16',1,0,'0025401',0,0,0,0,'',0,0,0,0,0),
(255,1,255,1.00,'2025-10-22',1,0,'0025501',0,0,0,0,'',0,0,0,0,0),
(256,1,256,1.00,'2025-10-29',1,0,'0025601',0,0,0,0,'',0,0,0,0,0),
(257,1,257,1.00,'2025-12-20',1,0,'0025701',0,0,0,0,'',0,0,0,0,0),
(258,1,258,1.00,'2026-04-11',1,0,'0025801',0,0,0,0,'',0,0,0,0,0),
(259,1,259,1.00,'2026-04-11',1,0,'0025901',0,0,0,0,'',0,0,0,0,0),
(260,1,260,1.00,'2026-04-11',1,0,'0026001',0,0,0,0,'',0,0,0,0,0),
(261,1,261,1.00,'2026-04-11',1,0,'0026101',0,0,0,0,'',0,0,0,0,0),
(262,1,262,1.00,'2026-04-11',1,0,'0026201',0,0,0,0,'',0,0,0,0,0),
(263,1,263,1.00,'2026-04-11',1,0,'0026301',0,0,0,0,'',0,0,0,0,0),
(264,1,264,1.00,'2026-04-11',1,0,'0026401',0,0,0,0,'',0,0,0,0,0),
(265,1,265,1.00,'2026-04-11',1,0,'0026501',0,0,0,0,'',0,0,0,0,0),
(266,1,266,1.00,'2026-04-11',1,0,'0026601',0,0,0,0,'',0,0,0,0,0),
(267,1,267,1.00,'2026-04-11',1,0,'0026701',0,0,0,0,'',0,0,0,0,0),
(268,1,268,1.00,'2026-04-11',1,0,'0026801',0,0,0,0,'',0,0,0,0,0),
(269,1,269,1.00,'2026-04-11',1,0,'0026901',0,0,0,0,'',0,0,0,0,0),
(270,1,270,1.00,'2026-04-11',1,0,'0027001',0,0,0,0,'',0,0,0,0,0),
(271,1,271,1.00,'2026-04-11',1,0,'0027101',0,0,0,0,'',0,0,0,0,0),
(272,1,272,1.00,'2026-04-11',1,0,'0027201',0,0,0,0,'',0,0,0,0,0),
(273,1,273,1.00,'2026-04-11',1,0,'0027301',0,0,0,0,'',0,0,0,0,0),
(274,1,274,1.00,'2026-04-11',1,0,'0027401',0,0,0,0,'',0,0,0,0,0),
(275,1,275,1.00,'2026-04-11',1,0,'0027501',0,0,0,0,'',0,0,0,0,0),
(276,1,276,1.00,'2026-04-11',1,0,'0027601',0,0,0,0,'',0,0,0,0,0),
(277,1,277,1.00,'2026-04-11',1,0,'0027701',0,0,0,0,'',0,0,0,0,0),
(278,1,278,1.00,'2026-04-11',1,0,'0027801',0,0,0,0,'',0,0,0,0,0),
(279,1,279,1.00,'2026-04-11',1,0,'0027901',0,0,0,0,'',0,0,0,0,0),
(280,1,280,1.00,'2026-04-11',1,0,'0028001',0,0,0,0,'',0,0,0,0,0),
(281,1,281,1.00,'2026-04-12',1,0,'0028101',0,0,0,0,'',0,0,0,0,0),
(282,1,282,1.00,'2026-04-12',1,0,'0028201',0,0,0,0,'',0,0,0,0,0),
(283,1,283,1.00,'2026-04-12',1,0,'0028301',0,0,0,0,'',0,0,0,0,0),
(284,1,284,1.00,'2026-04-12',1,0,'0028401',0,0,0,0,'',0,0,0,0,0),
(285,1,285,1.00,'2026-04-12',1,0,'0028501',0,0,0,0,'',0,0,0,0,0),
(286,1,286,1.00,'2026-04-12',1,0,'0028601',0,0,0,0,'',0,0,0,0,0),
(287,1,287,1.00,'2026-04-12',1,0,'0028701',0,0,0,0,'',0,0,0,0,0),
(288,1,288,1.00,'2026-04-12',1,0,'0028801',0,0,0,0,'',0,0,0,0,0),
(289,1,289,1.00,'2026-04-13',1,0,'0028901',0,0,0,0,'',0,0,0,0,0);

--
-- Table structure for table `project`
--

CREATE TABLE `project` (
  `id` int(11) NOT NULL AUTO_INCREMENT,
  `name` varchar(255) NOT NULL,
  `totalcontract` decimal(10,2) NOT NULL,
  `image` varchar(255) DEFAULT NULL,
  `detail` text NOT NULL,
  `clientid` int(11) NOT NULL,
  `costcenterid` int(11) NOT NULL,
  `treeid` int(11) NOT NULL,
  `treeproid` int(11) NOT NULL,
  `entryid` int(11) NOT NULL,
  `sysdate` date NOT NULL,
  `del` int(11) NOT NULL DEFAULT 0,
  `finish` int(11) DEFAULT 0 COMMENT '0: not finish 1: finish',
  `projectkindid` int(11) NOT NULL DEFAULT 0,
  `bannerdesigned` int(11) NOT NULL DEFAULT 0,
  `projectsuit` int(11) NOT NULL DEFAULT 0,
  `addeddate` date NOT NULL,
  `expirydate` date NOT NULL,
  `owner_name` varchar(255) DEFAULT NULL,
  `business_type` tinyint(4) DEFAULT 0,
  `supervision_type` tinyint(4) DEFAULT 0,
  `supervision_amount` decimal(10,2) NOT NULL,
  `projectstageids` varchar(255) DEFAULT '0',
  `userid` int(11) NOT NULL DEFAULT 0,
  `projectstagesdata` tinyint(4) DEFAULT 2,
  `projecttimetableitems` tinyint(4) DEFAULT 2,
  `expenses` tinyint(4) DEFAULT 2,
  `income` tinyint(4) DEFAULT 2,
  `showpdf` tinyint(4) DEFAULT NULL,
  `filepdf` varchar(255) DEFAULT NULL,
  PRIMARY KEY (`id`)
) ENGINE=InnoDB DEFAULT CHARSET=latin1 COLLATE=latin1_swedish_ci;

--
-- Dumping data for table `project`
--


--
-- Table structure for table `projectexchmaterial`
--

CREATE TABLE `projectexchmaterial` (
  `id` int(11) NOT NULL AUTO_INCREMENT,
  `serilno` varchar(255) NOT NULL,
  `projectid` int(11) NOT NULL,
  `storeid` int(11) NOT NULL,
  `projdate` date NOT NULL,
  `sysdate` date NOT NULL,
  `totalnum` varchar(255) NOT NULL,
  `totalbuyprice` varchar(255) NOT NULL,
  `entryid` int(11) NOT NULL,
  `userid` int(11) NOT NULL DEFAULT 0,
  PRIMARY KEY (`id`)
) ENGINE=InnoDB DEFAULT CHARSET=latin1 COLLATE=latin1_swedish_ci;

--
-- Dumping data for table `projectexchmaterial`
--


--
-- Table structure for table `projectexchmaterialdetail`
--

CREATE TABLE `projectexchmaterialdetail` (
  `id` int(11) NOT NULL AUTO_INCREMENT,
  `projectexchid` int(11) NOT NULL,
  `productid` int(11) NOT NULL,
  `pronumber` int(11) NOT NULL,
  `probuyprice` int(11) NOT NULL,
  `expensestypeid` int(11) NOT NULL,
  PRIMARY KEY (`id`)
) ENGINE=InnoDB DEFAULT CHARSET=latin1 COLLATE=latin1_swedish_ci;

--
-- Dumping data for table `projectexchmaterialdetail`
--


--
-- Table structure for table `projectexchmaterialdetailreturn`
--

CREATE TABLE `projectexchmaterialdetailreturn` (
  `id` int(11) NOT NULL AUTO_INCREMENT,
  `projectexchid` int(11) NOT NULL,
  `productid` int(11) NOT NULL,
  `pronumber` int(11) NOT NULL,
  `probuyprice` int(11) NOT NULL,
  PRIMARY KEY (`id`)
) ENGINE=InnoDB DEFAULT CHARSET=latin1 COLLATE=latin1_swedish_ci;

--
-- Dumping data for table `projectexchmaterialdetailreturn`
--


--
-- Table structure for table `projectexchmaterialreturn`
--

CREATE TABLE `projectexchmaterialreturn` (
  `id` int(11) NOT NULL AUTO_INCREMENT,
  `serilno` varchar(255) NOT NULL,
  `projectid` int(11) NOT NULL,
  `storeid` int(11) NOT NULL,
  `projdate` date NOT NULL,
  `sysdate` date NOT NULL,
  `totalnum` varchar(255) NOT NULL,
  `totalbuyprice` varchar(255) NOT NULL,
  `entryid` int(11) NOT NULL,
  `userid` int(11) NOT NULL DEFAULT 0,
  PRIMARY KEY (`id`)
) ENGINE=InnoDB DEFAULT CHARSET=latin1 COLLATE=latin1_swedish_ci;

--
-- Dumping data for table `projectexchmaterialreturn`
--


--
-- Table structure for table `projectkind`
--

CREATE TABLE `projectkind` (
  `projectkindid` int(11) NOT NULL AUTO_INCREMENT,
  `projectkindname` varchar(256) DEFAULT NULL,
  `projectkinddate` datetime NOT NULL,
  `userid` int(11) NOT NULL,
  `conditions` int(1) NOT NULL,
  `projectkindcomment` text CHARACTER SET utf8mb4 COLLATE utf8mb4_unicode_ci DEFAULT NULL,
  PRIMARY KEY (`projectkindid`)
) ENGINE=InnoDB DEFAULT CHARSET=utf8mb3 COLLATE=utf8mb3_general_ci;

--
-- Dumping data for table `projectkind`
--


--
-- Table structure for table `properties`
--

CREATE TABLE `properties` (
  `propertyid` int(11) NOT NULL AUTO_INCREMENT,
  `propertyname` varchar(255) NOT NULL,
  `propertyparent` int(11) NOT NULL,
  `propertydefault` int(11) NOT NULL DEFAULT 0,
  `propertyurl` varchar(255) NOT NULL,
  PRIMARY KEY (`propertyid`)
) ENGINE=InnoDB AUTO_INCREMENT=588 DEFAULT CHARSET=utf8mb3 COLLATE=utf8mb3_general_ci;

--
-- Dumping data for table `properties`
--

INSERT INTO `properties` VALUES
(1,'خصائص عامه',0,1,''),
(2,'القائمه',1,1,'menuurController.php'),
(3,'اعدادات المنتج',1,1,'productsettingController.php'),
(4,'مجموعات المستخدمين',1,1,'usergroupController.php'),
(5,'المستخدمين',1,1,'userController.php'),
(6,'شركات الشحن',1,1,'shippercompaniesController.php'),
(7,'بوليصه الشحن',1,1,'policyController.php'),
(8,'راس المال',1,1,'capitalController.php'),
(9,'الشركاء',1,1,''),
(10,'الشركاء',9,1,'partnerController.php'),
(11,'مسحوبات الشركاء',9,1,'partnerwithdrawalController.php'),
(12,'الأصول الثابتة',1,1,'assetController.php'),
(13,'انواع الاصول الثابتة',1,1,'assetTypeController.php'),
(14,'العملاء',1,1,''),
(15,'اداره العملاء',14,1,'clientController.php'),
(16,'ايصال سداد عميل',14,1,'clientPayedDeptController.php'),
(17,'معالجه حساب عميل',14,1,'clientDeficitController.php'),
(18,'تقرير مديونيه العميل',14,1,'clientReportsController.php'),
(19,'الموردين',1,1,''),
(23,'اداره الموردين',19,1,'supplierController.php'),
(24,'سداد ديون مورد',19,1,'supplierPayedDeptController.php'),
(25,'معالجه عجز مورد',19,1,'supplierDeficitController.php'),
(26,'تقرير الدÙعات لمورد',19,1,'supplierReportsController.php'),
(27,'تقرير مديونيه مورد',19,1,'supplierReportsController.php'),
(28,'نقل قاعده البيانات',1,1,'transferdatabaseController.php'),
(29,'نسخه احتياطيه',1,1,'backupController.php'),
(30,'ارشÙه',1,1,'archiveController.php'),
(31,'اداره الÙواتير',0,1,''),
(32,'الÙاتوره',31,1,'billsettingsController.php'),
(33,'Ùاتوره مشتريات',31,1,''),
(34,'اضاÙه Ùاتوره شراء',33,1,'buyBillController.php'),
(35,'عرض مردودات المشتريات',33,1,'returnBuyBillController.php'),
(36,'عرض Ùواتير المشتريات والمردودات',33,1,'buyAndReturnBillController.php'),
(37,'Ùاتوره المبيعات',31,1,''),
(38,'اضاÙه Ùاتوره مبيعات',37,1,'sellbillController.php'),
(39,'عرض مردودات المبيعات',37,1,'returnsellbillController.php'),
(40,'عرض المبيعات والمردودات',37,1,'sellbillandruternController.php'),
(41,'المنتجات',0,1,''),
(42,'تصنيÙات المنتجات',41,1,'productCatController.php'),
(43,'المنتجات',41,1,'productController.php'),
(44,'طباعه السيريال',43,1,'printbillserailController.php'),
(45,'وحدات القياس',41,1,'unitController.php'),
(46,'قطع الغيار',41,1,'sparePartController.php'),
(47,'الصيانه',0,1,''),
(48,'استلام منتج',47,1,'productRecieveController.php'),
(49,'المصروÙات والايرادات',0,1,''),
(50,'الخزن',49,1,''),
(51,'الخزن',50,1,'saveController.php'),
(52,'التحويل بين الخزن',50,1,'transfermoneyController.php'),
(53,'معالجه عجز  خزنه',50,1,'settlementsaveController.php'),
(54,'اداره البنوك',49,1,''),
(55,'البنوك',54,1,'bankController.php'),
(56,'حسابات البنوك',54,1,'bankaccountController.php'),
(57,'الشيكات',49,1,''),
(58,'الايداعات',57,1,'depositcheckController.php'),
(59,'المسحوبات',57,1,'checkwithdrawalController.php'),
(60,'الكمبيالات',49,1,'kempialaController.php'),
(61,'انواع المصروÙات',49,1,'expensesTypeController.php'),
(62,'المصروÙات',49,1,'expensesController.php'),
(63,'المخازن',0,1,''),
(64,'المخازن',63,1,'storeController.php'),
(65,'التحويل بين المخازن',63,1,'storemovementController.php'),
(66,'تسوية مخزن',63,1,'settlementstoreController.php'),
(67,'التقارير',0,1,''),
(68,'تقرير يوميه الخزنه',67,1,'savedailyController.php'),
(69,'رصيد المخازن',67,1,'storedetailController.php'),
(70,'تقرير حركه المخازن',67,1,'storereportController.php'),
(71,'تقرير ارباح مده',67,1,'profitreportController.php'),
(72,'تقرير حسابات مجمعة',67,1,'balancereportController.php'),
(73,'تقرير المنتجات بالمخزن اقل من الحد الأدنى',67,1,'productlimitreportController.php'),
(74,'تقرير مبيعات مبسط',67,1,'productsellsreportController.php'),
(75,'تقرير حركه المستخدمين',67,1,'movementmanageController.php'),
(76,'تقرير الأصناÙ بكل الأسعار ',67,1,'productReportsController.php'),
(77,'تقرير الأصناÙ شراء ',67,1,'productReportsController.php'),
(78,'تقرير ارباح تصنيÙ',67,1,'profitproductcatController.php'),
(79,'تقرير ارباح منتج',67,1,'profitproductController.php'),
(80,'تقرير باركود لصنÙ',67,1,'productserailreportController.php'),
(82,'إعادة الجرد',41,1,'inventoryController.php'),
(83,'تحويل نقدي',49,1,'cashTransferController.php'),
(84,'تقرير المصروÙات',67,1,'expensesReportController.php'),
(85,'إعدادات البرنامج',1,1,'programsettingsController.php'),
(87,'تقرير عملاء ومنتجات',67,1,'clientsAndProductsReportController.php'),
(89,'تقرير Ùواتير المبيعات',37,1,'sellBillReportsController.php'),
(90,'تقرير مردودات المبيعات',37,1,'ReturnSellBillReportsController.php'),
(91,'تقرير الموردين',67,1,'supplierReportsController.php'),
(92,'تقرير عملاء مÙصل',67,1,'clientReportsController.php?do=all'),
(93,'التحويل بين اكثر من مخزن',63,1,'otherstoremovementController.php'),
(96,'اداره الموظÙين',0,1,''),
(97,'الموظÙين',96,1,'employeeController.php'),
(98,'الحواÙز او الخصومات',96,1,'employeePersonalController.php'),
(99,'المرتبات',96,1,'salaryReportController.php'),
(100,'تقرير نسبه بائع',31,1,'userratereportController.php'),
(105,'طباعه الباركود لمخزن او تصنيÙ ',41,1,'storeparcodeController.php'),
(123,'الاشعارات',67,1,'noticesController.php'),
(124,'الشيكات المؤجله ',57,0,'datedCheckedController.php'),
(125,'تقرير حركه منتج ',67,1,'productmovmentController.php'),
(126,'التصنيع',0,1,''),
(127,'معادلات الانتاج',126,1,'productionRateController.php'),
(128,'مراكز الانتاج',126,1,'workstationController.php'),
(129,'اعداد العمليات',126,1,'settingOperationController.php'),
(130,'اعداد المراحل',126,1,'stageController.php'),
(131,'امر انتاج',126,1,'productionOrderController.php'),
(133,'الشركات - المناطق',14,1,'clientareaController.php'),
(134,'تقرير يوميه يوم',67,1,'cashflowsController.php'),
(135,' تقرير ربحيه الÙواتير',67,1,'invoicesearningsreportController.php'),
(136,'كارت صنÙ',67,1,'productcardController.php'),
(137,'كشÙ حساب مورد',67,1,'supplierReportsnewController.php'),
(138,'كشÙ حساب عميل',67,1,'clientReportsnewController.php'),
(139,'تقرير العملاء بالمناطق/ الشركات',67,1,'clientReportsbyareaController.php'),
(140,'انواع الايرادات',49,1,'incomeTypeController.php'),
(141,'الايرادات',49,1,'incomeController.php'),
(142,'تقرير Ùواتير المشتريات',33,1,'buyBillreportController.php'),
(143,'تقرير Ùواتير مردودات المشتريات',33,1,'returnBillreportController.php'),
(144,'تقرير قائمة اسعار البضاعة',67,1,'storedetailpriceController.php'),
(145,'تقرير المشتريات',67,1,'productBuyreportController.php'),
(146,'المنتجات الراكدة Ùى التصنيÙات',67,1,'catsellrateReportController.php'),
(147,'المركز المالى',67,1,'FinancialPositionController.php'),
(148,'تقرير المبيعات والمردودات',37,1,'sellBillReportsController.php?do=sellandreturnreport'),
(149,'مراكز التكلÙه',1,1,'costcenterController.php'),
(150,'حسابات',0,1,''),
(151,'دليل الحسابات',150,1,'accountstree.php'),
(152,'قيد يومية',150,1,'dailyentry.php'),
(153,'دÙتر الأستاذ العام',150,1,'generalledger.php'),
(154,'دÙتر الأستاذ المساعد',150,1,'assistantledger.php'),
(155,'ميزان المراجعة',150,1,'trialbalance.php'),
(156,'تقرير المتاجرة',150,1,'tradingreport.php'),
(157,'تقرير الأرباح و الخسائر',150,1,'profitandlossreport.php'),
(158,'الميزانية العمومية',150,1,'thebalancesheet.php'),
(159,'تقرير حقوق الملكية',150,1,'propertyrightsreport.php'),
(160,'عروض الاسعار',0,1,'priceoffersController.php'),
(161,'عروض الاسعار',160,1,'priceoffersController.php'),
(162,'بصريات',0,1,'#'),
(163,'الورش',162,1,'workshop.php'),
(164,'Ùواتير',162,1,'bills.php'),
(165,'النقل',162,0,'workshoptransport.php'),
(166,'العملاء',0,0,''),
(167,'إدارة العملاء',166,0,'clientController.php'),
(168,'إيصال سداد عميل',166,0,'clientPayedDeptController.php'),
(169,'معالجه حساب عميل',166,0,'clientDeficitController.php'),
(170,'تقرير مديونية العميل',166,0,'clientReportsController.php'),
(171,'تقرير مبيعات عميل',166,0,'clientReportsController.php?do=clientShowforsellonly'),
(172,'الشركات - المناطق',166,0,'clientareaController.php'),
(173,'المشروعات',0,0,''),
(174,'المشروعات',173,0,'projectController.php'),
(175,'عمليات على المشروع',173,0,''),
(176,'صرÙ مواد',175,0,'projectoperationController.php'),
(177,'مرتجع مواد',175,0,'projectoperationControllerreturn.php'),
(178,'صرÙ مصروÙ',175,0,'expenseexchange.php'),
(179,'تقارير المشروعات',173,0,'projectReportController.php'),
(180,'إدارة مراكز التكلÙة',149,0,'costcenterController.php'),
(181,'تقرير مراكز التكلÙة',149,0,'costcenterReportController.php'),
(182,'شركات التأمين',1,0,'insurancecompany.php'),
(183,'تقارير المبيعات',0,0,''),
(187,'العهد',0,0,''),
(188,'إدارة العهد',187,0,'bind.php'),
(189,'تسوية العهد',187,0,'bindsettlement.php'),
(190,'تقرير العهد',187,0,'bindsettlement.php?do=showreport'),
(191,'العيادات',162,0,'rb_clinics.php'),
(192,'الاستقبال',162,0,'rb_kashf.php'),
(193,'الكشÙ',162,0,'rb_doc_kashf.php'),
(194,'الÙروع',1,0,'branchesController.php'),
(195,'طباعة قيد يومية',152,1,'propertiesController.php'),
(196,'قيد يومية مجمع',150,0,'dailyentrymany.php'),
(197,'ايصالات قبض',198,0,'clientreceiptController.php'),
(198,'إيصالات',0,0,''),
(199,'إيصالات دÙع',198,0,'supPayController.php'),
(200,'تقارير التأمين',183,1,'reports.php'),
(201,'تقارير',96,0,''),
(202,'تقرير الموظÙين',201,0,'employeereport.php'),
(203,'مسيرات الراتب',96,0,'marchSalaReport.php'),
(205,'مرتجعات Ùواتير ',162,1,'billsreturn.php'),
(206,'تقرير الدخول',201,0,'presenceReport.php'),
(207,'تقرير مبيعات',67,0,'salesreport.php'),
(208,'تقرير Ùواتير المبيعات',67,0,'salesreportbills.php'),
(209,'تقرير الشبكات',183,0,'networkreport.php'),
(210,'الايجارات',0,0,'rents.php'),
(211,'منتجات',210,0,'rentproducts.php'),
(212,'Ùاتوره ايجار',210,0,'rentbill.php'),
(213,'تقارير',210,1,'reports'),
(214,'تاريخ المنتج',213,1,'rentproduct_history.php'),
(215,'تقرير المتاخرات',213,1,'rentdelays.php'),
(216,'تقرير غير مؤجر',213,0,'rentava.php'),
(217,'متاح عند تاريخ',213,0,'rentproduct_ava.php'),
(218,'تقرير مؤجر من الخارج',213,0,'rentproduct_out.php'),
(219,'تقرير المؤجر Ùى يوم',213,0,'rentproduct_rented.php'),
(220,'تقرير تسليم Ùى يوم',213,0,'rentproduct_delivered.php'),
(221,'بحث عام الصيانة',67,0,'generalSearch.php'),
(227,'تقرير مجمع لطرق الدÙع ',183,1,'reports.php?do=paymethod'),
(228,'شبكات الدÙع',1,1,'paymentnetworks.php'),
(231,'طلب منتج من مخزن أخر',162,1,'productrequest.php'),
(232,'اضاÙة منتج بمقاسات او الوان',43,1,'productController.php?do=addoptic'),
(233,'اضاÙة منتجات من اكسل',43,1,'productController.php?do=uploadexcel'),
(234,'طلبات اخري من الÙروع ',162,1,'otherrequests.php'),
(235,'ارسال بريد الكترونى بالنواقص',41,1,'productmail.php'),
(243,'تقرير بدون مقابل',67,0,'freesales.php'),
(244,'اضاÙة 2',164,1,'bills.php?do=addview2'),
(250,'تقرير عملاء بالمنتجات',67,1,'clientsWithProductsReport.php'),
(252,'تقرير مبيعات بالخصومات المÙصلة',67,1,'saleswithdetaileddiscount.php'),
(253,'تقرير ترتيب العملاء بصاÙى المبيعات',67,1,'orderClientsWithSelles.php'),
(256,'اذن تحميل بين المخازن',63,1,'storetransferrequestController.php'),
(257,'اذن ارتجاع بين المخازن',63,1,'storeAskedRefluxController.php'),
(258,'تقرير عملاء بدون Ùواتير',67,1,'clientsWithoutBills.php'),
(259,'المحاÙظات',166,1,'governmentController.php'),
(260,'تقرير مديونيات عملاء مجمع',67,1,'clientdebt.php'),
(261,'تقرير بمدÙوعات العملاء مجمع',67,1,'clientpayments.php'),
(262,'تقرير مبيعات بالمناطق',67,1,'sellingReportByArea.php'),
(263,'المحاÙظات',14,1,'governmentController.php'),
(264,'تقرير سائق',162,1,'driveropticreport.php'),
(265,'تقرير نسب الخصومات',67,1,'disountreport.php'),
(266,'المقاسات',1,1,'sizecalculator.php'),
(267,'Ùاتورة شراء',162,1,'bills.php?do=buybill'),
(268,'تقرير مشتريات مورد',67,1,'buyreport.php'),
(269,'تقرير مبيعات بنوع السعر',67,1,'sellreportpricetype.php'),
(274,'تقرير يومية الخزنة بالبصريات',67,1,'savedailyController.php?do=showdailywithoptic'),
(275,'تقرير سداد ديون عميل بصاريات',14,1,'clientPayedDeptReportController.php'),
(278,'السداد على Ùاتورة بصريات للعميل',166,1,'clientPayedDeptBillsController.php'),
(279,'تقرير حركة المخازن مÙصل',67,1,'salesNumbersReport.php'),
(280,'تقرير حركة المخازن مÙصل',201,0,'salesNumbersReport.php'),
(281,'تقرير السداد على Ùاتوره للعميل',67,0,'clientPayedDeptBillsController.php?do=show'),
(282,'تقرير ربحية عميل',67,0,'clientProfitsController.php'),
(283,'تقرير ربحيه مخزن',67,0,'storeProfiteController.php?do=all'),
(284,'تقرير العملاء',67,0,'clientReportsController.php?do=all'),
(285,'تقرير ميزانية مدة',67,0,'balancereportController.php'),
(286,'تقرير مبيعات منتج لعميل',67,0,'clientsAndsellProductsReportController.php'),
(287,'تقرير البضاعه بكل الاسعار',67,0,'storedetailpriceController.php'),
(288,'تقرير موردين ومنتجات',67,0,'suppliersAndProductsReportController.php?do=all'),
(289,'التدÙقات النقديه',67,0,'cashflowsController.php'),
(290,'تقرير التصنيÙات الرئيسيه',67,0,'productsellsreportController.php?do=showmain'),
(291,'تقرير صلاحية صنÙ',67,0,'productserailreportController.php'),
(292,'صاÙى تحويلات المخزن',67,0,'netStoreTransfer.php'),
(293,'المطاعم',0,0,''),
(294,'الصالات',293,0,'restauranthall.php'),
(295,'الطاولات',293,0,'restauranttable.php'),
(296,'Ùاتورة',293,0,'sellbillController.php?do=addresBill'),
(297,'تالÙ مواد تشغيل',63,0,'restaurantRawDestruction.php'),
(298,'تقرير شامل للÙواتير',67,1,'allReportsOnOne.php'),
(299,'طباعة المطبخ',293,0,'restaurantKitchenPrinter.php'),
(300,'السداد على Ùاتورة بصريات للعميل',14,1,'clientPayedDeptBillsController.php'),
(301,'تقرير القيمة المضاÙة',67,0,'salesreportbillsvat.php'),
(302,'تقرير التصنيÙات الشامل',67,0,'fullCategoryReport.php'),
(303,'تقرير الأوردرات',293,0,'ordersreport.php'),
(304,'معالجة خصومات قاعدة البيانات',293,0,'resetdiscount.php'),
(305,'حركة حساب',54,0,'bankAccountOpController.php'),
(307,'تصنيع',0,0,''),
(308,'معادلة الإنتاج',307,0,'productionEquationController.php'),
(309,'أمر شغل',307,0,'taskOrderController.php'),
(310,'أمر إنتاج',307,0,'productionExecutionController.php'),
(311,'إعدادات التصنيع المبسط',307,0,'simpleManufactureSettingsController.php'),
(312,'أوردرات الدليÙرى',293,0,'orderstatusreport.php'),
(313,'تقرير أوردرات سائق',293,0,'orderdeliveryreport.php'),
(314,'تقرير التكلÙة',307,1,'productionExecutionReportController.php'),
(315,'تقرير التكلÙة مجمع',307,1,'productionExecutionCombinedReportController.php'),
(316,'تقرير صلاحية منتج',67,0,'productserailreportController.php?do=showvalidity'),
(317,'تقارير*',0,0,''),
(318,'تقرير ارباح عمومية *',317,0,'quickprofitreports.php'),
(319,'تقرير ارباح يوم *',317,0,'quickprofitreports.php?do=day'),
(320,'تقرير ارباح محزن باليوم *',317,0,'quickprofitreports.php?do=storeday'),
(321,'تقرير ارباح منتج باليوم *',317,0,'quickprofitreports.php?do=productday'),
(322,'تقرير ارباح تصنيÙ باليوم *',317,0,'quickprofitreports.php?do=catday'),
(323,'تقرير ارباح التصنيÙات باليوم *',317,0,'quickprofitreports.php?do=allcatday'),
(324,'تقرير ارباح عميل باليوم *',317,0,'quickprofitreports.php?do=clientday'),
(325,'الطابعات',293,0,'restaurantprinters.php'),
(326,'تقرير مبيعات عملاء بالمنتج',67,0,'salesreportofclientsbyproduct.php'),
(327,'اعادة جرد بالباركود',41,0,'inventorybybarcodeController.php'),
(328,'عرض الÙواتير مجمع',67,0,'salesreportbills.php?do=showbills'),
(329,'عرض الÙواتير مجمع',37,0,'salesreportbills.php?do=showbills'),
(330,'الوان و مقاسات',41,0,'sizecolorController.php'),
(331,'تقارير',166,0,''),
(332,'تقرير عملاء ومنتجات',331,0,'clientsAndProductsReportController.php'),
(333,'تقرير عميل مÙصل',331,0,'clientReportsController.php?do=all'),
(334,'كشÙ حساب عميل',331,0,'clientReportsnewController.php?do=clientShowbure'),
(335,'تقارير العملاء بالمناطق / الشركات',331,0,'clientReportsbyareaController.php'),
(336,'تقرير عملاء بالمنتجات',331,0,'clientsWithProductsReport.php'),
(337,'تقرير ترتيب العملاء بصاÙى المبيعات',331,0,'orderClientsWithSelles.php'),
(338,'تقريرالعملاء بدون Ùواتير',331,0,'clientsWithoutBills.php'),
(339,'تقرير مديونيات عملاء مجمع',331,0,'clientdebt.php'),
(340,'تقرير بمدÙوعات العملاء مجمع',331,0,'clientpayments.php'),
(341,'تقرير سداد ديون عميل بصريات',331,0,'clientPayedDeptReportController.php'),
(342,'تقرير ربحية عميل',331,0,'clientProfitsController.php'),
(343,'تقرير مديونيه العميل',331,0,'clientReportsController.php?do=show'),
(344,'تقرير معالجه حساب عميل',331,0,'clientDeficitController.php?do=show'),
(345,'تقرير مبيعات عميل ',331,0,'clientReportsController.php?do=clientShowforsellonly'),
(346,'تقرير عملاء ومنتجات',360,1,'clientsAndProductsReportController.php'),
(347,'تقرير عميل مÙصل',360,1,'clientReportsController.php?do=all'),
(348,'كشÙ حساب عميل',360,1,'clientReportsnewController.php?do=clientShowbure'),
(349,'تقارير العملاء بالمناطق / الشركات',360,1,'clientReportsbyareaController.php'),
(350,'تقرير عملاء بالمنتجات',360,1,'clientsWithProductsReport.php'),
(351,'تقرير ترتيب العملاء بصاÙى المبيعات',360,1,'orderClientsWithSelles.php'),
(352,'تقريرالعملاء بدون Ùواتير',360,1,'clientsWithoutBills.php'),
(353,'تقرير مديونيات عملاء مجمع',360,1,'clientdebt.php'),
(354,'تقرير بمدÙوعات العملاء مجمع',360,1,'clientpayments.php'),
(355,'تقرير سداد ديون عميل بصاريات',360,1,'clientPayedDeptReportController.php'),
(356,'تقرير ربحية عميل',360,1,'clientProfitsController.php'),
(357,'تقرير مديونيه العميل',360,1,'clientReportsController.php?do=show'),
(358,'تقرير معالجه حساب عميل',360,1,'clientDeficitController.php?do=show'),
(359,'تقرير مبيعات عميل',360,1,'clientReportsController.php?do=clientShowforsellonly'),
(360,'تقارير',14,0,''),
(361,'تقارير',19,0,'supplierReportsController.php?do=all'),
(362,'كشÙ حساب مورد',361,1,'supplierReportsnewController.php'),
(363,'تقرير مشتريات مورد',361,0,'buyreport.php'),
(364,'تقرير موردين ومنتجات',361,0,'suppliersAndProductsReportController.php?do=all'),
(365,'تقارير',41,0,''),
(366,'تقرير المنتجات بالمخزن اقل من الحد الأدنى',365,0,'productlimitreportController.php'),
(367,'تقرير الأصناÙ بكل الأسعار',365,0,'productReportsController.php?do=reportWithAllPrices'),
(368,'تقرير الأصناÙ شراء',365,0,'productReportsController.php?do=reportWithBuyPrice'),
(369,'تقرير أرباح صنÙ',365,0,'profitproductcatController.php'),
(370,'تقرير أرباح منتج',365,0,'profitproductController.php'),
(371,'تقرير منتج بالباركود',365,0,'productserailreportController.php?do=show'),
(372,'تقرير حركه منتج',365,0,'productmovmentController.php'),
(373,'تقرير قائمة اسعار البضاعة',365,0,'storedetailpriceController.php'),
(374,'تقرير التصنيÙات الرئيسية',365,0,'productsellsreportController.php?do=showmain'),
(375,'تقرير كارت الصنÙ',365,0,'productcardController.php'),
(376,'تقرير مشتريات منتج',365,0,'productBuyreportController.php'),
(377,'تقرير المنتجات الراكدة Ùى التصنيÙات',365,0,'catsellrateReportController.php'),
(378,'تقرير عملاء ومنتجات',365,0,'clientsAndProductsReportController.php'),
(379,'تقرير عملاء بالمنتجات',365,0,'clientsWithProductsReport.php'),
(380,'تقرير موردين ومنتجات',365,0,'suppliersAndProductsReportController.php?do=all'),
(381,'تقارير',63,0,''),
(382,'رصيد المخازن',381,0,'storedetailController.php'),
(383,'تقرير حركة المخازن',381,0,'storereportController.php'),
(384,'تقرير ربحيه مخزن',381,0,'storeProfiteController.php?do=all'),
(385,'صاÙى تحويلات المخزن',381,0,'netStoreTransfer.php'),
(386,'تقرير حركة المخازن مÙصل',381,0,'salesNumbersReport.php'),
(387,'تقرير المنتجات بالمخزن اقل من الحد الأدنى',381,0,'productlimitreportController.php'),
(388,'تقارير',50,0,''),
(389,'تقرير يومية الخزنة',388,0,'savedailyController.php'),
(390,'تقرير يومية الخزنة',388,0,'savedailyController.php?do=show2'),
(391,'تقرير يوميه يوم',388,0,'cashflowsController.php'),
(392,'تقرير حسابات مجمعة',388,0,'balancereportController.php'),
(393,'تقارير',31,0,''),
(394,'تقرير Ùواتير المشتريات',393,0,'buyBillreportController.php?do=show'),
(395,'تقرير Ùواتير مردودات المشتريات',393,0,'returnBillreportController.php?do=show'),
(396,'تقرير Ùواتير المبيعات',393,0,'sellBillReportsController.php?do=show'),
(397,'تقرير Ùواتير مردودات المبيعات',393,0,'ReturnSellBillReportsController.php?do=show'),
(398,'تقرير المبيعات و المردود',393,0,'sellBillReportsController.php?do=sellandreturnreport'),
(399,'تقرير نسب بائع ',393,0,'userratereportController.php?do=show'),
(400,'تقرير شامل للÙواتير',393,0,'allReportsOnOne.php'),
(401,'اعدادات المتجر اون لاين',1,0,'onlinestoresetting.php'),
(402,'تقارير عامة',0,0,''),
(403,'تقرير حركه المستخدمين',402,0,'movementmanageController.php'),
(404,'تقرير المصروÙات',49,0,'expensesReportController.php'),
(405,'تقرير بدون مقابل',402,0,'freesales.php'),
(406,'تقرير نسب الخصومات',402,0,'disountreport.php'),
(407,'تقرير ميزانيه مده',402,0,'balancereportController.php'),
(408,'تقرير القيمه المضاÙه',402,0,'salesreportbillsvat.php'),
(409,'تقرير التصنيÙات الشامله',402,0,'fullCategoryReport.php'),
(410,'تقرير ارباح مدة',402,0,'profitreportController.php'),
(411,'تقرير ارباح الÙواتير Ùى مده',402,0,'invoicesearningsreportController.php'),
(412,'تقرير مديونيات عملاء مجمع بالترتيب الأبجدي',14,0,'orderedClientController.php'),
(413,'تقييم المخازن بكل الاسعار',63,0,'storeEvaluationAtAllPrices.php'),
(414,'نوع العميل',1,1,'typeClientController.php'),
(417,'تقرير نسب بائعين',67,0,'usersratesreportsController.php'),
(418,'عرض العملاء بالنوع',14,0,'clientController.php?do=showByType'),
(419,'قائمة الدخل عن مدة',67,0,'incomeStatmentForPeriod.php'),
(420,'تقرير مدÙوعات عملاء بالمناطق',67,0,'clientReportsbyareaNewController.php'),
(421,'طباعه باركود مÙصل',41,0,'productController.php?do=showbarcodedetailed'),
(422,'اعدادات GT4',1,1,'gt4setting.php'),
(423,'تقرير النقدى والاجل',67,0,'report.php'),
(424,'اضاÙة اقساط للعميل',14,1,'premiumController.php'),
(425,'تقرير اقساط عملاء',14,0,'premiumReportController.php'),
(426,'تقرير الاقساط المؤجله للعملاء',14,0,'premiumReportDelayController.php'),
(427,'تقرير جميع اقساط العملاء',14,0,'allpremiumReportController.php'),
(428,'اقساط',14,0,'premiumautomaticController.php'),
(429,'متابعة العملاء',14,0,'comentclientController.php'),
(430,'مراجعة الÙواتير',393,0,'salesreportbills.php?do=reviewbills'),
(431,'تقرير العملاء بنوع العميل / المناطق',67,1,'clientReportsbyareabytypeClientController.php'),
(432,'ديون العملاء بعد المراجعة',14,0,'clientdebtmessdiscoverer.php'),
(433,'رصيد المخازن مقاسات والوان',381,0,'storedetailController.php?do=showsizeandcolor'),
(434,'استعلام المخازن',67,1,'storeinquiriesreportController.php'),
(436,'تست للحسابات',1,1,'automationtest.php'),
(437,'تقرير مديونيات العملاء',67,0,'debtclientController.php'),
(438,'Ùواتير معلقه',31,0,'sellbillController.php?do=showoffers'),
(439,'الÙايده',1,1,'FaidaController.php'),
(440,'تقرير تنزيلات اون لاين',67,1,'onlineDownloadsController.php'),
(441,'حضور موظÙ',201,1,'employeeAttendance.php?do=attendanceReport'),
(442,'نوع المورد',1,1,'typeSupplierController.php'),
(443,'انظمة الحضور',96,0,'employeeAttendanceSystems.php'),
(444,'مجموعات الموظÙين',96,0,'employeegroups.php'),
(445,'مجموعات الموظÙين الÙرعية',96,0,'employeesubgroups.php'),
(446,'تقÙيل يوم',96,0,'employeeendday.php'),
(447,'احصائيات تصنيÙات المنتجات',365,0,'catandproductstatistics.php?do=cat'),
(448,'احصائيات المنتجات',365,0,'catandproductstatistics.php?do=pro'),
(449,'تقرير المدير للÙايده',1,0,'FaidaDireController.php'),
(450,'Ùرن عيش',0,0,''),
(451,'Ùاتورة الصرÙ',450,0,'tamweenbill.php'),
(452,'صرÙ التموين',450,0,'tamweenda3mstatus.php?do=showtamween'),
(453,'يومية بالعدد Ùى Ùترة معينة',450,0,'tamweenreports.php'),
(454,'كشÙ حساب عميل باعداد العيش Ùى Ùترة',450,0,'tamweenreports.php?do=clientda3minperiod'),
(455,'تقرير بواقى',450,0,'tamweenreports.php?do=clientremain'),
(456,'تقرير Ùواتير الحجز',393,0,'salesreportbills.php?do=billReservation'),
(457,'Ùرق العيش',450,0,'tamweenda3mstatus.php'),
(458,'نسب الخصومات على الÙواتير',31,0,'sellbillController.php?do=discountcontrol'),
(459,'تقرير سيريلات لم تباع',67,0,'buyBillreportController.php?do=notSoldSerials'),
(460,'تقرير تصنيÙات المصروÙات',49,0,'expensesReportController.php?do=showByType'),
(461,'البلاي ستيشن',293,0,'restaurantplaystation.php'),
(462,'حجز البلاي ستيشن',293,0,'restaurantplaystationpaly.php'),
(463,'تقرير نسبة المناديب على التحصيلات',67,0,'clientPayedDeptController.php?do=mandobreport'),
(464,'باقات البلاي ستيشن',293,0,'playStationCardController.php'),
(465,'معالجة حساب بنكى',54,0,'bankAccountDeficitController.php'),
(466,'تقرير مشروعات مÙصل',173,0,'projectReportControllerdetail.php'),
(467,'تقرير صرÙ مواد ومرتجع مواد',173,0,'projectReportControllerdetail2.php'),
(468,'احصائيات',0,0,''),
(469,'احصائيات *',468,0,'chartserp.php'),
(470,'احصائيات عميل',468,0,'chartserp.php?do=chartsclients'),
(471,'احصائيات المنتجات',468,0,'chartserp.php?do=chartsproducts'),
(472,'احصائيات المبيعات',468,0,'chartserp.php?do=chartssellbill'),
(473,'احصائيات التصنيÙات',468,0,'chartserp.php?do=chartscategories'),
(474,'ادارة الاستلام',47,0,'billreceiptController.php'),
(475,'ادارة الÙحص',47,0,'checkReportController.php?do=all'),
(476,'ادارة الصيانة الخارجية',47,0,'externalMaintenanceGoReport.php?do=all'),
(477,'خواص المراحل',47,0,'stagepropertyController.php'),
(478,'ايصال استلام',47,0,'receiptController.php'),
(479,'ادارة التسليم',47,0,'deleveryReportController.php?do=all'),
(480,'الارشيÙ',47,0,'maintennanceArchiveController.php?do=all'),
(481,'انواع معالجة حساب بنكى',54,0,'bankAccountDeficitKindController.php'),
(482,'تقرير مخزون',67,0,'stockReportsController.php'),
(483,'تقرير عميل و مورد',67,0,'reportClientAndSupplier.php'),
(484,'التحويل بين الشركاء',9,0,'partnerTransferBetweenController.php'),
(485,'انواع معالجه عجز',50,0,'settlementKindSaveController.php'),
(486,'تقرير الاقساط مجمع',14,0,'premiumReportNewController.php'),
(487,'يومية البلاى ستيشن',293,0,'restaurantplaystation.php?do=dayReport'),
(488,'انواع المشروعات',173,0,'projectKindController.php'),
(489,'تصنيÙات المطاعم',293,0,'cateResturantController.php'),
(490,'السداد على Ùاتورة بيع للعميل',14,1,'clientPayedDeptSellBillsController.php'),
(491,'نظام المتدربين',0,0,'نظام المتدربين'),
(492,'المتدربين',491,0,'studentController.php'),
(493,'تخصصات المتدربين',491,0,'studentSubjectsController.php'),
(494,'اضاÙة المتدربين للتخصصات',491,0,'studentsAddSubject.php'),
(495,'حضور المتدربين',491,0,'studentAbsence.php'),
(496,'الاختبارات',491,0,'studentsExamsController.php'),
(497,'انظمة الدÙع',491,0,'studentsPaymentSystems.php'),
(498,'الدÙع',491,0,'studentsPay.php'),
(499,'اعدادات النظام',491,0,'studentSettings.php'),
(500,'تقارير النظام',491,0,'studentsReports.php'),
(501,'تقرير المتدربين',491,0,'studentsReportdetails.php?do=students'),
(502,'تقرير تخصصات المتدربين',491,0,'studentsReportdetails.php?do=studentsubjects'),
(503,'تقرير الاختبارات',491,0,'studentsReportdetails.php?do=studentsexams'),
(504,'تقرير الدÙع',491,0,'studentsReportdetails.php?do=studentspays'),
(505,'تقرير الحضور',491,0,'studentsReportdetails.php?do=studentabsences'),
(506,'تقرير مبيعات السيارات',67,0,'autoSalesReport.php'),
(507,'العملات',1,0,'currencyController.php'),
(508,'قائمة الدخل',67,0,'incomelist.php'),
(509,'التحويل بين البنوك',54,0,'transferBtweenBankAccounts.php'),
(510,'اوامر الشراء',31,0,'buyBillController.php?do=showoffers'),
(511,'نظام الصيانه',0,1,'نظام الصيانه'),
(512,'العملاء',511,0,'maintenanceclients.php'),
(513,'الموردين',511,0,'maintenancesuppliers.php'),
(514,'المنتجات.',511,0,'maintenanceproducts.php'),
(515,'الضمانات',511,0,'maintenances.php'),
(516,'ارسال الضمانات',511,0,'maintenancesends.php'),
(517,'استلام الضمانات',511,0,'maintenancereceipts.php'),
(518,'التسليم للعميل',511,0,'maintenancedeliverys.php'),
(519,'تقرير اجمالى العمليات عن مده',67,0,'operationstotalreport.php'),
(520,'تقرير مديونية Ùواتير العملاء بالمناطق',67,0,'reportprovinces.php'),
(521,'تقرير عرض استهلاك معين لطلب النواقص',67,0,'salesreport.php?do=consumption'),
(522,'شرح البسيط',1,1,'youtubeController.php'),
(523,'تقرير الموردين بالنوع',361,0,'typesupplierReportController.php'),
(524,'تقرير الموظÙين اليومي',201,0,'employeedailyreport.php'),
(525,'تقرير الغائبين',201,0,'absentReportController.php'),
(526,'اظهار المنتج بالاسم',41,0,'productbycodename.php'),
(527,'قائمة الدخل',150,1,'profitandlossreport.php?do=incomeList'),
(528,'الÙواتير المحÙوظة',31,1,'billTemplateController.php'),
(529,'الÙواتير الالكترونيه',37,1,'electronicinvoice.php'),
(530,'الحد الادنى للمنتجات Ùى المخازن',63,0,'productstore.php'),
(531,'اعادة جرد تاريخ الصلاحية',381,0,'inventoryexpirationController.php'),
(532,'العطلات',96,0,'employeeHolidays.php'),
(533,'علامة مرتبطه',14,0,'associatedtag.php'),
(534,'نظام المهام',1,0,'نظام المهام'),
(535,'إعدادات المهام',534,1,'tasksSettings.php'),
(536,'انواع المهام',534,1,'taskstypes.php'),
(537,'المهمات',534,1,'tasksController.php'),
(538,'عمليات الÙواتير',31,1,'billoperationsControl.php'),
(539,'مشاريع خارجيه',0,1,'مشاريع خارجيه'),
(540,'اضاÙة منÙذين للمشروع',539,0,'executors.php'),
(541,'تقرير ارباح Ùواتير',539,0,'executorsreport.php'),
(542,'تقرير المنÙذين',539,0,'executorsuserreport.php'),
(543,'مركز تدريب',0,1,'مركز تدريب'),
(544,'دورة تدريبية',543,0,'trainingcourse.php'),
(545,'اضاÙة متدرب للدوره',543,0,'addtraineecourse.php'),
(546,'تقرير الدورة التدريبية',543,0,'coursereport.php'),
(547,'تقرير اعادة مدة الطلب',67,0,'orderperiodreport.php'),
(548,'تصنيع مبسط',307,0,'productionOutController.php'),
(549,'نظام العقارات والوحدات',0,1,'نظام العقارات والوحدات'),
(550,'العقارات والوحدات',549,0,'realestateunits.php'),
(551,'الصيانة ',549,0,'expensesController.php'),
(552,'الايجارات من الملاك',549,0,'realestateunitsowners.php'),
(553,'تأجير الوحدات للمستأجرين',549,0,'realestateunitsrenters.php'),
(554,'تنبيهات العقارات والوحدات',549,0,'realestateunitsalertsrents.php'),
(555,'تنبيهات القطع الÙارغه',549,0,'realestateunitsalertsemptys.php'),
(556,'تقرير العقارات والوحدات',549,0,'realestateunitsreports.php'),
(557,'الدÙعات والتحصيلات المتاخره',549,0,'realestatepayments.php'),
(558,'تقرير متوسط ​​الايرادات',549,0,'realestateaveragerevenue.php'),
(559,'نوع السياره',41,0,'vehicletype.php'),
(560,'الشركه المنتجه للصنÙ',41,0,'companyproduces.php'),
(561,'القيد الاÙتتاحى',150,0,'dailyentry.php?do=openingentry'),
(562,'تقرير عملاء و مصروÙات',67,0,'clientsexpensereport.php'),
(563,'تصنيع خارجى',307,0,'productionOutManyController.php'),
(564,'تقرير تصنيÙات مبيعات ومردود',293,0,'salesreturnsratingsreport.php'),
(565,'ميزان المراجعة الشهرى',150,0,'monthlytrialbalance.php'),
(566,'تقرير مشتريات بدون مقابل',67,0,'freebuys.php'),
(567,'تسكين المخازن',63,0,'storeHousingController.php'),
(568,'طلب مرتجع بضاعه',63,0,'mechandiseReturnRequest.php'),
(569,'مطابقة حساب العميل',166,0,'customerAccountMatching.php'),
(570,'مدينون الشجرة (حسابات مÙتوحة)',150,1,'supplierControllerOpen.php'),
(571,'موظÙ او طبيب',150,1,'employeedoctorController.php'),
(572,'التحويل من حساب عميل إلى عميل آخر',14,1,'transferclientccountsController.php'),
(573,'الارصدة الاÙتتاحية',150,1,'dailyentry.php?do=openingbalance'),
(574,'طرق المعرÙة',1,1,'knownWaysController.php'),
(575,'تقرير طرق المعرÙة',393,1,'knownwaysreportController.php'),
(576,'سداد ديون مورد مجمع من اكسل',19,1,'supplierPayedDeptController.php?do=addexcel'),
(577,'تحصيلات مجمعة بالاكسل',16,1,'clientPayedDeptController.php?do=addexcel'),
(578,'تقرير Ùواتير مÙصلة لمورد',19,1,'supplierReportsController.php?do=supplierShowforbuyonly'),
(579,'عملاء المشروعات',173,0,'projectclientsController.php'),
(580,'مراحل المشروع',173,0,'projectstagesController.php'),
(581,'بيانات مراحل المشروع',173,0,'projectstagesdataController.php'),
(582,'التقرير اليومى للمشروع',173,0,'projectdailyreportController.php'),
(583,'طلبات الخامات للمشروع',173,0,'projectmaterialController.php'),
(584,'تقرير حساب المشروعات',173,0,'projectsaccountreport.php'),
(585,'تقرير مبيعات من بضاعة مورد',67,1,'supplierSalesReportController.php'),
(586,'تقرير تدÙق النقدية بالخزنة',67,1,'cashSaveFlowController.php'),
(587,'تقرير مبيعات مجمع مخازن او تصنيÙات',67,0,'salesreportcatstore.php');

--
-- Table structure for table `quickprofitclient`
--

CREATE TABLE `quickprofitclient` (
  `id` int(11) NOT NULL AUTO_INCREMENT,
  `clientId` int(11) NOT NULL,
  `theDate` date NOT NULL,
  `sellVal` decimal(15,2) NOT NULL,
  `sellCostBuyPrice` decimal(15,2) NOT NULL,
  `sellCostLastBuyPrice` decimal(15,2) NOT NULL,
  `sellCostMeanBuyPrice` decimal(15,2) NOT NULL,
  `sellCostLastBuyPricewithDiscount` decimal(15,2) NOT NULL,
  `sellCostMeanBuyPricewithDiscount` decimal(15,2) NOT NULL,
  `sellCostOverAllAveragePrice` decimal(15,2) NOT NULL,
  `returnSellVal` decimal(15,2) NOT NULL,
  `returnSellCostBuyPrice` decimal(15,2) NOT NULL,
  `returnSellCostLastBuyPrice` decimal(15,2) NOT NULL,
  `returnSellCostMeanBuyPrice` decimal(15,2) NOT NULL,
  `returnSellCostLastBuyPricewithDiscount` decimal(15,2) NOT NULL,
  `returnSellCostMeanBuyPricewithDiscount` decimal(15,2) NOT NULL,
  `returnSellCostOverAllAveragePrice` decimal(15,2) NOT NULL,
  `debtLimit` decimal(10,2) NOT NULL DEFAULT 0.00,
  `sellCostLastBuyPricewithTax` decimal(15,2) NOT NULL,
  `sellCostMeanBuyPricewithTax` decimal(15,2) NOT NULL,
  `returnSellCostLastBuyPricewithTax` decimal(15,2) NOT NULL,
  `returnSellCostMeanBuyPricewithTax` decimal(15,2) NOT NULL,
  PRIMARY KEY (`id`),
  UNIQUE KEY `uq_quickprofitclient` (`clientId`,`theDate`)
) ENGINE=InnoDB DEFAULT CHARSET=latin1 COLLATE=latin1_swedish_ci;

--
-- Dumping data for table `quickprofitclient`
--


--
-- Table structure for table `quickprofitday`
--

CREATE TABLE `quickprofitday` (
  `id` int(11) NOT NULL AUTO_INCREMENT,
  `theDate` date NOT NULL,
  `sellVal` decimal(15,2) NOT NULL,
  `sellCostBuyPrice` decimal(15,2) NOT NULL,
  `sellCostLastBuyPrice` decimal(15,2) NOT NULL,
  `sellCostMeanBuyPrice` decimal(15,2) NOT NULL,
  `sellCostLastBuyPricewithDiscount` decimal(15,2) NOT NULL,
  `sellCostMeanBuyPricewithDiscount` decimal(15,2) NOT NULL,
  `sellCostOverAllAveragePrice` decimal(15,2) NOT NULL,
  `returnSellVal` decimal(15,2) NOT NULL,
  `returnSellCostBuyPrice` decimal(15,2) NOT NULL,
  `returnSellCostLastBuyPrice` decimal(15,2) NOT NULL,
  `returnSellCostMeanBuyPrice` decimal(15,2) NOT NULL,
  `returnSellCostLastBuyPricewithDiscount` decimal(15,2) NOT NULL,
  `returnSellCostMeanBuyPricewithDiscount` decimal(15,2) NOT NULL,
  `returnSellCostOverAllAveragePrice` decimal(15,2) NOT NULL,
  `sellCostLastBuyPricewithTax` decimal(15,2) NOT NULL,
  `sellCostMeanBuyPricewithTax` decimal(15,2) NOT NULL,
  `returnSellCostLastBuyPricewithTax` decimal(15,2) NOT NULL,
  `returnSellCostMeanBuyPricewithTax` decimal(15,2) NOT NULL,
  PRIMARY KEY (`id`),
  UNIQUE KEY `theDate` (`theDate`)
) ENGINE=InnoDB DEFAULT CHARSET=latin1 COLLATE=latin1_swedish_ci;

--
-- Dumping data for table `quickprofitday`
--


--
-- Table structure for table `quickprofitgeneral`
--

CREATE TABLE `quickprofitgeneral` (
  `id` int(11) NOT NULL AUTO_INCREMENT,
  `netSellVal` decimal(15,2) NOT NULL,
  `netSellCostBuyPrice` decimal(15,2) NOT NULL,
  `netSellCostLastBuyPrice` decimal(15,2) NOT NULL,
  `netSellCostMeanBuyPrice` decimal(15,2) NOT NULL,
  `netSellCostLastBuyPricewithDiscount` decimal(15,2) NOT NULL,
  `netSellCostMeanBuyPricewithDiscount` decimal(15,2) NOT NULL,
  `netSellCostOverAllAveragePrice` decimal(15,2) NOT NULL,
  `netSellCostLastBuyPricewithTax` decimal(15,2) NOT NULL,
  `netSellCostMeanBuyPricewithTax` decimal(15,2) NOT NULL,
  PRIMARY KEY (`id`)
) ENGINE=InnoDB DEFAULT CHARSET=latin1 COLLATE=latin1_swedish_ci;

--
-- Dumping data for table `quickprofitgeneral`
--


--
-- Table structure for table `quickprofitproduct`
--

CREATE TABLE `quickprofitproduct` (
  `id` int(11) NOT NULL AUTO_INCREMENT,
  `productId` int(11) NOT NULL,
  `theDate` date NOT NULL,
  `sellVal` decimal(15,2) NOT NULL,
  `sellCostBuyPrice` decimal(15,2) NOT NULL,
  `sellCostLastBuyPrice` decimal(15,2) NOT NULL,
  `sellCostMeanBuyPrice` decimal(15,2) NOT NULL,
  `sellCostLastBuyPricewithDiscount` decimal(15,2) NOT NULL,
  `sellCostMeanBuyPricewithDiscount` decimal(15,2) NOT NULL,
  `sellCostOverAllAveragePrice` decimal(15,2) NOT NULL,
  `returnSellVal` decimal(15,2) NOT NULL,
  `returnSellCostBuyPrice` decimal(15,2) NOT NULL,
  `returnSellCostLastBuyPrice` decimal(15,2) NOT NULL,
  `returnSellCostMeanBuyPrice` decimal(15,2) NOT NULL,
  `returnSellCostLastBuyPricewithDiscount` decimal(15,2) NOT NULL,
  `returnSellCostMeanBuyPricewithDiscount` decimal(15,2) NOT NULL,
  `returnSellCostOverAllAveragePrice` decimal(15,2) NOT NULL,
  `netQuantity` decimal(10,2) NOT NULL,
  `netQuantityRet` decimal(10,2) NOT NULL,
  `sellCostLastBuyPricewithTax` decimal(15,2) NOT NULL,
  `sellCostMeanBuyPricewithTax` decimal(15,2) NOT NULL,
  `returnSellCostLastBuyPricewithTax` decimal(15,2) NOT NULL,
  `returnSellCostMeanBuyPricewithTax` decimal(15,2) NOT NULL,
  PRIMARY KEY (`id`),
  UNIQUE KEY `uq_quickprofitproduct` (`productId`,`theDate`)
) ENGINE=InnoDB DEFAULT CHARSET=latin1 COLLATE=latin1_swedish_ci;

--
-- Dumping data for table `quickprofitproduct`
--


--
-- Table structure for table `quickprofitstore`
--

CREATE TABLE `quickprofitstore` (
  `id` int(11) NOT NULL AUTO_INCREMENT,
  `storeId` int(11) NOT NULL,
  `theDate` date NOT NULL,
  `sellVal` decimal(15,2) NOT NULL,
  `sellCostBuyPrice` decimal(15,2) NOT NULL,
  `sellCostLastBuyPrice` decimal(15,2) NOT NULL,
  `sellCostMeanBuyPrice` decimal(15,2) NOT NULL,
  `sellCostLastBuyPricewithDiscount` decimal(15,2) NOT NULL,
  `sellCostMeanBuyPricewithDiscount` decimal(15,2) NOT NULL,
  `sellCostOverAllAveragePrice` decimal(15,2) NOT NULL,
  `returnSellVal` decimal(15,2) NOT NULL,
  `returnSellCostBuyPrice` decimal(15,2) NOT NULL,
  `returnSellCostLastBuyPrice` decimal(15,2) NOT NULL,
  `returnSellCostMeanBuyPrice` decimal(15,2) NOT NULL,
  `returnSellCostLastBuyPricewithDiscount` decimal(15,2) NOT NULL,
  `returnSellCostMeanBuyPricewithDiscount` decimal(15,2) NOT NULL,
  `returnSellCostOverAllAveragePrice` decimal(15,2) NOT NULL,
  `sellCostLastBuyPricewithTax` decimal(15,2) NOT NULL,
  `sellCostMeanBuyPricewithTax` decimal(15,2) NOT NULL,
  `returnSellCostLastBuyPricewithTax` decimal(15,2) NOT NULL,
  `returnSellCostMeanBuyPricewithTax` decimal(15,2) NOT NULL,
  PRIMARY KEY (`id`),
  UNIQUE KEY `uq_quickprofitstore` (`storeId`,`theDate`)
) ENGINE=InnoDB DEFAULT CHARSET=latin1 COLLATE=latin1_swedish_ci;

--
